{"id":20655,"date":"2023-08-09T20:38:54","date_gmt":"2023-08-09T18:38:54","guid":{"rendered":"http:\/\/ecotechnology.wp.local\/termine\/austrian-world-summit-climate-kirtag\/"},"modified":"2023-08-09T20:38:54","modified_gmt":"2023-08-09T18:38:54","slug":"austrian-world-summit-climate-kirtag","status":"publish","type":"termine","link":"https:\/\/www.ecotechnology.at\/en\/termine\/austrian-world-summit-climate-kirtag\/","title":{"rendered":"AUSTRIAN WORLD SUMMIT &#8211; CLIMATE KIRTAG"},"content":{"rendered":"<p>&#8220;Weniger reden &#8211; mehr Action!&#8221; Seit dem Start des AUSTRIAN WORLD SUMMIT im Jahr 2017 hat Arnold Schwarzenegger seine Energie darauf konzentriert, m\u00f6glichst viele Menschen f\u00fcr aktiven Klimaschutz zu begeistern. Daher wird nach der Jahreskonferenz AUSTRIAN WORLD SUMMIT der Climate Kirtag, und die Outdoor-Umwelt-Rallye, wieder stattfinden. Mehr als 10.000 Menschen nahmen letztes Jahr an dieser Veranstaltung teil, h\u00f6rten ber\u00fchmten \u00f6sterreichischen Musikern zu und wurden \u00fcber Klimaschutzfragen informiert. Am 17. September wird der Wiener Heldenplatz wieder zum Messegel\u00e4nde f\u00fcr Klimaschutz. Der Climate Kirtag findet von 13.30 bis 21.00 Uhr mit freiem Eintritt f\u00fcr alle statt. Gegen 17 Uhr k\u00f6nnen Sie Arnold Schwarzenegger und seine besonderen G\u00e4ste und Musiker live auf der B\u00fchne sehen. An den vielen verschiedenen Kirtag-St\u00e4nden finden Sie zahlreiche Informationen zu Klimaschutzfragen, -l\u00f6sungen und -projekten. Auch kulinarisch wird f\u00fcr Ihren Durst und Hunger gesorgt.<\/p>\n","protected":false},"template":"","termin_category":[],"cmcal_calendar":[],"class_list":["post-20655","termine","type-termine","status-publish","hentry"],"acf":[],"yoast_head":"<!-- This site is optimized with the Yoast SEO plugin v26.9 - https:\/\/yoast.com\/product\/yoast-seo-wordpress\/ -->\n<title>AUSTRIAN WORLD SUMMIT - CLIMATE KIRTAG - ecotechnology<\/title>\n<meta name=\"robots\" content=\"index, follow, max-snippet:-1, max-image-preview:large, max-video-preview:-1\" \/>\n<link rel=\"canonical\" href=\"https:\/\/www.ecotechnology.at\/en\/termine\/austrian-world-summit-climate-kirtag\/\" \/>\n<meta property=\"og:locale\" content=\"en_US\" \/>\n<meta property=\"og:type\" content=\"article\" \/>\n<meta property=\"og:title\" content=\"AUSTRIAN WORLD SUMMIT - CLIMATE KIRTAG - ecotechnology\" \/>\n<meta property=\"og:description\" content=\"&#8220;Weniger reden &#8211; mehr Action!&#8221; Seit dem Start des AUSTRIAN WORLD SUMMIT im Jahr 2017 hat Arnold Schwarzenegger seine Energie darauf konzentriert, m\u00f6glichst viele Menschen f\u00fcr aktiven Klimaschutz zu begeistern. Daher wird nach der Jahreskonferenz AUSTRIAN WORLD SUMMIT der Climate Kirtag, und die Outdoor-Umwelt-Rallye, wieder stattfinden. Mehr als 10.000 Menschen nahmen letztes Jahr an dieser [&hellip;]\" \/>\n<meta property=\"og:url\" content=\"https:\/\/www.ecotechnology.at\/en\/termine\/austrian-world-summit-climate-kirtag\/\" \/>\n<meta property=\"og:site_name\" content=\"ecotechnology\" \/>\n<meta name=\"twitter:card\" content=\"summary_large_image\" \/>\n<meta name=\"twitter:label1\" content=\"Est. reading time\" \/>\n\t<meta name=\"twitter:data1\" content=\"1 minute\" \/>\n<script type=\"application\/ld+json\" class=\"yoast-schema-graph\">{\"@context\":\"https:\/\/schema.org\",\"@graph\":[{\"@type\":\"WebPage\",\"@id\":\"https:\/\/www.ecotechnology.at\/en\/termine\/austrian-world-summit-climate-kirtag\/\",\"url\":\"https:\/\/www.ecotechnology.at\/en\/termine\/austrian-world-summit-climate-kirtag\/\",\"name\":\"AUSTRIAN WORLD SUMMIT - CLIMATE KIRTAG - ecotechnology\",\"isPartOf\":{\"@id\":\"https:\/\/www.ecotechnology.at\/en\/#website\"},\"datePublished\":\"2023-08-09T18:38:54+00:00\",\"breadcrumb\":{\"@id\":\"https:\/\/www.ecotechnology.at\/en\/termine\/austrian-world-summit-climate-kirtag\/#breadcrumb\"},\"inLanguage\":\"en-US\",\"potentialAction\":[{\"@type\":\"ReadAction\",\"target\":[\"https:\/\/www.ecotechnology.at\/en\/termine\/austrian-world-summit-climate-kirtag\/\"]}]},{\"@type\":\"BreadcrumbList\",\"@id\":\"https:\/\/www.ecotechnology.at\/en\/termine\/austrian-world-summit-climate-kirtag\/#breadcrumb\",\"itemListElement\":[{\"@type\":\"ListItem\",\"position\":1,\"name\":\"Home\",\"item\":\"https:\/\/www.ecotechnology.at\/en\/\"},{\"@type\":\"ListItem\",\"position\":2,\"name\":\"Termine\",\"item\":\"https:\/\/www.ecotechnology.at\/en\/termine\/\"},{\"@type\":\"ListItem\",\"position\":3,\"name\":\"AUSTRIAN WORLD SUMMIT &#8211; CLIMATE KIRTAG\"}]},{\"@type\":\"WebSite\",\"@id\":\"https:\/\/www.ecotechnology.at\/en\/#website\",\"url\":\"https:\/\/www.ecotechnology.at\/en\/\",\"name\":\"ecotechnology\",\"description\":\"\",\"publisher\":{\"@id\":\"https:\/\/www.ecotechnology.at\/en\/#organization\"},\"potentialAction\":[{\"@type\":\"SearchAction\",\"target\":{\"@type\":\"EntryPoint\",\"urlTemplate\":\"https:\/\/www.ecotechnology.at\/en\/?s={search_term_string}\"},\"query-input\":{\"@type\":\"PropertyValueSpecification\",\"valueRequired\":true,\"valueName\":\"search_term_string\"}}],\"inLanguage\":\"en-US\"},{\"@type\":\"Organization\",\"@id\":\"https:\/\/www.ecotechnology.at\/en\/#organization\",\"name\":\"ecotechnology\",\"url\":\"https:\/\/www.ecotechnology.at\/en\/\",\"logo\":{\"@type\":\"ImageObject\",\"inLanguage\":\"en-US\",\"@id\":\"https:\/\/www.ecotechnology.at\/en\/#\/schema\/logo\/image\/\",\"url\":\"https:\/\/www.ecotechnology.at\/wp-content\/uploads\/2023\/04\/ecolinks_logo_0.png\",\"contentUrl\":\"https:\/\/www.ecotechnology.at\/wp-content\/uploads\/2023\/04\/ecolinks_logo_0.png\",\"width\":336,\"height\":128,\"caption\":\"ecotechnology\"},\"image\":{\"@id\":\"https:\/\/www.ecotechnology.at\/en\/#\/schema\/logo\/image\/\"}}]}<\/script>\n<!-- \/ Yoast SEO plugin. -->","yoast_head_json":{"title":"AUSTRIAN WORLD SUMMIT - CLIMATE KIRTAG - ecotechnology","robots":{"index":"index","follow":"follow","max-snippet":"max-snippet:-1","max-image-preview":"max-image-preview:large","max-video-preview":"max-video-preview:-1"},"canonical":"https:\/\/www.ecotechnology.at\/en\/termine\/austrian-world-summit-climate-kirtag\/","og_locale":"en_US","og_type":"article","og_title":"AUSTRIAN WORLD SUMMIT - CLIMATE KIRTAG - ecotechnology","og_description":"&#8220;Weniger reden &#8211; mehr Action!&#8221; Seit dem Start des AUSTRIAN WORLD SUMMIT im Jahr 2017 hat Arnold Schwarzenegger seine Energie darauf konzentriert, m\u00f6glichst viele Menschen f\u00fcr aktiven Klimaschutz zu begeistern. Daher wird nach der Jahreskonferenz AUSTRIAN WORLD SUMMIT der Climate Kirtag, und die Outdoor-Umwelt-Rallye, wieder stattfinden. Mehr als 10.000 Menschen nahmen letztes Jahr an dieser [&hellip;]","og_url":"https:\/\/www.ecotechnology.at\/en\/termine\/austrian-world-summit-climate-kirtag\/","og_site_name":"ecotechnology","twitter_card":"summary_large_image","twitter_misc":{"Est. reading time":"1 minute"},"schema":{"@context":"https:\/\/schema.org","@graph":[{"@type":"WebPage","@id":"https:\/\/www.ecotechnology.at\/en\/termine\/austrian-world-summit-climate-kirtag\/","url":"https:\/\/www.ecotechnology.at\/en\/termine\/austrian-world-summit-climate-kirtag\/","name":"AUSTRIAN WORLD SUMMIT - CLIMATE KIRTAG - ecotechnology","isPartOf":{"@id":"https:\/\/www.ecotechnology.at\/en\/#website"},"datePublished":"2023-08-09T18:38:54+00:00","breadcrumb":{"@id":"https:\/\/www.ecotechnology.at\/en\/termine\/austrian-world-summit-climate-kirtag\/#breadcrumb"},"inLanguage":"en-US","potentialAction":[{"@type":"ReadAction","target":["https:\/\/www.ecotechnology.at\/en\/termine\/austrian-world-summit-climate-kirtag\/"]}]},{"@type":"BreadcrumbList","@id":"https:\/\/www.ecotechnology.at\/en\/termine\/austrian-world-summit-climate-kirtag\/#breadcrumb","itemListElement":[{"@type":"ListItem","position":1,"name":"Home","item":"https:\/\/www.ecotechnology.at\/en\/"},{"@type":"ListItem","position":2,"name":"Termine","item":"https:\/\/www.ecotechnology.at\/en\/termine\/"},{"@type":"ListItem","position":3,"name":"AUSTRIAN WORLD SUMMIT &#8211; CLIMATE KIRTAG"}]},{"@type":"WebSite","@id":"https:\/\/www.ecotechnology.at\/en\/#website","url":"https:\/\/www.ecotechnology.at\/en\/","name":"ecotechnology","description":"","publisher":{"@id":"https:\/\/www.ecotechnology.at\/en\/#organization"},"potentialAction":[{"@type":"SearchAction","target":{"@type":"EntryPoint","urlTemplate":"https:\/\/www.ecotechnology.at\/en\/?s={search_term_string}"},"query-input":{"@type":"PropertyValueSpecification","valueRequired":true,"valueName":"search_term_string"}}],"inLanguage":"en-US"},{"@type":"Organization","@id":"https:\/\/www.ecotechnology.at\/en\/#organization","name":"ecotechnology","url":"https:\/\/www.ecotechnology.at\/en\/","logo":{"@type":"ImageObject","inLanguage":"en-US","@id":"https:\/\/www.ecotechnology.at\/en\/#\/schema\/logo\/image\/","url":"https:\/\/www.ecotechnology.at\/wp-content\/uploads\/2023\/04\/ecolinks_logo_0.png","contentUrl":"https:\/\/www.ecotechnology.at\/wp-content\/uploads\/2023\/04\/ecolinks_logo_0.png","width":336,"height":128,"caption":"ecotechnology"},"image":{"@id":"https:\/\/www.ecotechnology.at\/en\/#\/schema\/logo\/image\/"}}]}},"_links":{"self":[{"href":"https:\/\/www.ecotechnology.at\/en\/wp-json\/wp\/v2\/termine\/20655","targetHints":{"allow":["GET"]}}],"collection":[{"href":"https:\/\/www.ecotechnology.at\/en\/wp-json\/wp\/v2\/termine"}],"about":[{"href":"https:\/\/www.ecotechnology.at\/en\/wp-json\/wp\/v2\/types\/termine"}],"version-history":[{"count":0,"href":"https:\/\/www.ecotechnology.at\/en\/wp-json\/wp\/v2\/termine\/20655\/revisions"}],"wp:attachment":[{"href":"https:\/\/www.ecotechnology.at\/en\/wp-json\/wp\/v2\/media?parent=20655"}],"wp:term":[{"taxonomy":"termin_category","embeddable":true,"href":"https:\/\/www.ecotechnology.at\/en\/wp-json\/wp\/v2\/termin_category?post=20655"},{"taxonomy":"cmcal_calendar","embeddable":true,"href":"https:\/\/www.ecotechnology.at\/en\/wp-json\/wp\/v2\/cmcal_calendar?post=20655"}],"curies":[{"name":"wp","href":"https:\/\/api.w.org\/{rel}","templated":true}]}}

<p>&#8220;Weniger reden &#8211; mehr Action!&#8221; Seit dem Start des AUSTRIAN WORLD SUMMIT im Jahr 2017 hat Arnold Schwarzenegger seine Energie darauf konzentriert, möglichst viele Menschen für aktiven Klimaschutz zu begeistern. Daher wird nach der Jahreskonferenz AUSTRIAN WORLD SUMMIT der Climate Kirtag, und die Outdoor-Umwelt-Rallye, wieder stattfinden. Mehr als 10.000 Menschen nahmen letztes Jahr an dieser Veranstaltung teil, hörten berühmten österreichischen Musikern zu und wurden über Klimaschutzfragen informiert. Am 17. September wird der Wiener Heldenplatz wieder zum Messegelände für Klimaschutz. Der Climate Kirtag findet von 13.30 bis 21.00 Uhr mit freiem Eintritt für alle statt. Gegen 17 Uhr können Sie Arnold Schwarzenegger und seine besonderen Gäste und Musiker live auf der Bühne sehen. An den vielen verschiedenen Kirtag-Ständen finden Sie zahlreiche Informationen zu Klimaschutzfragen, -lösungen und -projekten. Auch kulinarisch wird für Ihren Durst und Hunger gesorgt.</p>

<!-- This site is optimized with the Yoast SEO plugin v26.9 - https://yoast.com/product/yoast-seo-wordpress/ -->
<title>AUSTRIAN WORLD SUMMIT - CLIMATE KIRTAG - ecotechnology</title>
<meta name="robots" content="index, follow, max-snippet:-1, max-image-preview:large, max-video-preview:-1" />
<link rel="canonical" href="https://www.ecotechnology.at/en/termine/austrian-world-summit-climate-kirtag/" />
<meta property="og:locale" content="en_US" />
<meta property="og:type" content="article" />
<meta property="og:title" content="AUSTRIAN WORLD SUMMIT - CLIMATE KIRTAG - ecotechnology" />
<meta property="og:description" content="&#8220;Weniger reden &#8211; mehr Action!&#8221; Seit dem Start des AUSTRIAN WORLD SUMMIT im Jahr 2017 hat Arnold Schwarzenegger seine Energie darauf konzentriert, möglichst viele Menschen für aktiven Klimaschutz zu begeistern. Daher wird nach der Jahreskonferenz AUSTRIAN WORLD SUMMIT der Climate Kirtag, und die Outdoor-Umwelt-Rallye, wieder stattfinden. Mehr als 10.000 Menschen nahmen letztes Jahr an dieser [&hellip;]" />
<meta property="og:url" content="https://www.ecotechnology.at/en/termine/austrian-world-summit-climate-kirtag/" />
<meta property="og:site_name" content="ecotechnology" />
<meta name="twitter:card" content="summary_large_image" />
<meta name="twitter:label1" content="Est. reading time" />
	<meta name="twitter:data1" content="1 minute" />
<script type="application/ld+json" class="yoast-schema-graph">{"@context":"https://schema.org","@graph":[{"@type":"WebPage","@id":"https://www.ecotechnology.at/en/termine/austrian-world-summit-climate-kirtag/","url":"https://www.ecotechnology.at/en/termine/austrian-world-summit-climate-kirtag/","name":"AUSTRIAN WORLD SUMMIT - CLIMATE KIRTAG - ecotechnology","isPartOf":{"@id":"https://www.ecotechnology.at/en/#website"},"datePublished":"2023-08-09T18:38:54+00:00","breadcrumb":{"@id":"https://www.ecotechnology.at/en/termine/austrian-world-summit-climate-kirtag/#breadcrumb"},"inLanguage":"en-US","potentialAction":[{"@type":"ReadAction","target":["https://www.ecotechnology.at/en/termine/austrian-world-summit-climate-kirtag/"]}]},{"@type":"BreadcrumbList","@id":"https://www.ecotechnology.at/en/termine/austrian-world-summit-climate-kirtag/#breadcrumb","itemListElement":[{"@type":"ListItem","position":1,"name":"Home","item":"https://www.ecotechnology.at/en/"},{"@type":"ListItem","position":2,"name":"Termine","item":"https://www.ecotechnology.at/en/termine/"},{"@type":"ListItem","position":3,"name":"AUSTRIAN WORLD SUMMIT &#8211; CLIMATE KIRTAG"}]},{"@type":"WebSite","@id":"https://www.ecotechnology.at/en/#website","url":"https://www.ecotechnology.at/en/","name":"ecotechnology","description":"","publisher":{"@id":"https://www.ecotechnology.at/en/#organization"},"potentialAction":[{"@type":"SearchAction","target":{"@type":"EntryPoint","urlTemplate":"https://www.ecotechnology.at/en/?s={search_term_string}"},"query-input":{"@type":"PropertyValueSpecification","valueRequired":true,"valueName":"search_term_string"}}],"inLanguage":"en-US"},{"@type":"Organization","@id":"https://www.ecotechnology.at/en/#organization","name":"ecotechnology","url":"https://www.ecotechnology.at/en/","logo":{"@type":"ImageObject","inLanguage":"en-US","@id":"https://www.ecotechnology.at/en/#/schema/logo/image/","url":"https://www.ecotechnology.at/wp-content/uploads/2023/04/ecolinks_logo_0.png","contentUrl":"https://www.ecotechnology.at/wp-content/uploads/2023/04/ecolinks_logo_0.png","width":336,"height":128,"caption":"ecotechnology"},"image":{"@id":"https://www.ecotechnology.at/en/#/schema/logo/image/"}}]}</script>
<!-- / Yoast SEO plugin. -->

&#8220;Weniger reden &#8211; mehr Action!&#8221; Seit dem Start des AUSTRIAN WORLD SUMMIT im Jahr 2017 hat Arnold Schwarzenegger seine Energie darauf konzentriert, möglichst viele Menschen für aktiven Klimaschutz zu begeistern. Daher wird nach der Jahreskonferenz AUSTRIAN WORLD SUMMIT der Climate Kirtag, und die Outdoor-Umwelt-Rallye, wieder stattfinden. Mehr als 10.000 Menschen nahmen letztes Jahr an dieser [&hellip;]
