{"id":20517,"date":"2023-08-09T20:37:45","date_gmt":"2023-08-09T18:37:45","guid":{"rendered":"http:\/\/ecotechnology.wp.local\/termine\/dialogveranstaltung-mut-zur-nachhaltigkeit\/"},"modified":"2023-08-09T20:37:45","modified_gmt":"2023-08-09T18:37:45","slug":"dialogveranstaltung-mut-zur-nachhaltigkeit","status":"publish","type":"termine","link":"https:\/\/www.ecotechnology.at\/en\/termine\/dialogveranstaltung-mut-zur-nachhaltigkeit\/","title":{"rendered":"Dialogveranstaltung &#8211; Mut zur Nachhaltigkeit"},"content":{"rendered":"<p>Die Reihe \u201eMut zur Nachhaltigkeit&#8221; widmet sich 2019 den globalen Nachhaltigkeitszielen. Expertinnen und Experten stellen aktuelle Herausforderungen vor und diskutieren innovative Wege und M\u00f6glichkeiten einer nachhaltigen Transformation der Gesellschaft. Das tun sie im Dialog mit VertreterInnen aus Wissenschaft, Praxis und dem Publikum.<\/p>\n<p>Will \u00d6sterreich die Pariser Klimaziele erreichen, ist bereits bis 2030 eine starke Reduktion der Treibhausgasemissionen notwendig. Nur so ist es m\u00f6glich, dass \u00d6sterreich bis 2050 weitgehend klimaneutral werden kann. Stellt der Nationale Energie- und Klimaplan, der bis Ende 2019 an die EU \u00fcbermittelt werden muss, die richtigen Weichen? Reichen die Ma\u00dfnahmen aus, um die notwendige Transformation von Wirtschaft und Gesellschaft zu bewirken?<\/p>\n<p>Nach einem Impulsvortrag&nbsp; des Klimaexperten Mathias Kirchner, diskutiert Josef Hackl vom Umweltbundesamt, diese und weitere Fragen mit:<\/p>\n<p>Florian Maringer (Gesch\u00e4ftsf\u00fchrer Dachverband Erneuerbare Energie \u00d6sterreich)<\/p>\n<p>Henriette Spyra (Chief Scientific Officer, Umweltbundesamt)<\/p>\n<p>J\u00fcrgen Schneider (Sektionschef Bundesministerium f\u00fcr Nachhaltigkeit und Tourismus, angefragt) und<\/p>\n<p>Mathias Kirchner (Universit\u00e4t f\u00fcr Bodenkultur)<\/p>\n","protected":false},"template":"","termin_category":[],"cmcal_calendar":[],"class_list":["post-20517","termine","type-termine","status-publish","hentry"],"acf":[],"yoast_head":"<!-- This site is optimized with the Yoast SEO plugin v26.9 - https:\/\/yoast.com\/product\/yoast-seo-wordpress\/ -->\n<title>Dialogveranstaltung - Mut zur Nachhaltigkeit - ecotechnology<\/title>\n<meta name=\"robots\" content=\"index, follow, max-snippet:-1, max-image-preview:large, max-video-preview:-1\" \/>\n<link rel=\"canonical\" href=\"https:\/\/www.ecotechnology.at\/en\/termine\/dialogveranstaltung-mut-zur-nachhaltigkeit\/\" \/>\n<meta property=\"og:locale\" content=\"en_US\" \/>\n<meta property=\"og:type\" content=\"article\" \/>\n<meta property=\"og:title\" content=\"Dialogveranstaltung - Mut zur Nachhaltigkeit - ecotechnology\" \/>\n<meta property=\"og:description\" content=\"Die Reihe \u201eMut zur Nachhaltigkeit&#8221; widmet sich 2019 den globalen Nachhaltigkeitszielen. Expertinnen und Experten stellen aktuelle Herausforderungen vor und diskutieren innovative Wege und M\u00f6glichkeiten einer nachhaltigen Transformation der Gesellschaft. Das tun sie im Dialog mit VertreterInnen aus Wissenschaft, Praxis und dem Publikum. Will \u00d6sterreich die Pariser Klimaziele erreichen, ist bereits bis 2030 eine starke Reduktion [&hellip;]\" \/>\n<meta property=\"og:url\" content=\"https:\/\/www.ecotechnology.at\/en\/termine\/dialogveranstaltung-mut-zur-nachhaltigkeit\/\" \/>\n<meta property=\"og:site_name\" content=\"ecotechnology\" \/>\n<meta name=\"twitter:card\" content=\"summary_large_image\" \/>\n<meta name=\"twitter:label1\" content=\"Est. reading time\" \/>\n\t<meta name=\"twitter:data1\" content=\"1 minute\" \/>\n<script type=\"application\/ld+json\" class=\"yoast-schema-graph\">{\"@context\":\"https:\/\/schema.org\",\"@graph\":[{\"@type\":\"WebPage\",\"@id\":\"https:\/\/www.ecotechnology.at\/en\/termine\/dialogveranstaltung-mut-zur-nachhaltigkeit\/\",\"url\":\"https:\/\/www.ecotechnology.at\/en\/termine\/dialogveranstaltung-mut-zur-nachhaltigkeit\/\",\"name\":\"Dialogveranstaltung - Mut zur Nachhaltigkeit - ecotechnology\",\"isPartOf\":{\"@id\":\"https:\/\/www.ecotechnology.at\/en\/#website\"},\"datePublished\":\"2023-08-09T18:37:45+00:00\",\"breadcrumb\":{\"@id\":\"https:\/\/www.ecotechnology.at\/en\/termine\/dialogveranstaltung-mut-zur-nachhaltigkeit\/#breadcrumb\"},\"inLanguage\":\"en-US\",\"potentialAction\":[{\"@type\":\"ReadAction\",\"target\":[\"https:\/\/www.ecotechnology.at\/en\/termine\/dialogveranstaltung-mut-zur-nachhaltigkeit\/\"]}]},{\"@type\":\"BreadcrumbList\",\"@id\":\"https:\/\/www.ecotechnology.at\/en\/termine\/dialogveranstaltung-mut-zur-nachhaltigkeit\/#breadcrumb\",\"itemListElement\":[{\"@type\":\"ListItem\",\"position\":1,\"name\":\"Home\",\"item\":\"https:\/\/www.ecotechnology.at\/en\/\"},{\"@type\":\"ListItem\",\"position\":2,\"name\":\"Termine\",\"item\":\"https:\/\/www.ecotechnology.at\/en\/termine\/\"},{\"@type\":\"ListItem\",\"position\":3,\"name\":\"Dialogveranstaltung &#8211; Mut zur Nachhaltigkeit\"}]},{\"@type\":\"WebSite\",\"@id\":\"https:\/\/www.ecotechnology.at\/en\/#website\",\"url\":\"https:\/\/www.ecotechnology.at\/en\/\",\"name\":\"ecotechnology\",\"description\":\"\",\"publisher\":{\"@id\":\"https:\/\/www.ecotechnology.at\/en\/#organization\"},\"potentialAction\":[{\"@type\":\"SearchAction\",\"target\":{\"@type\":\"EntryPoint\",\"urlTemplate\":\"https:\/\/www.ecotechnology.at\/en\/?s={search_term_string}\"},\"query-input\":{\"@type\":\"PropertyValueSpecification\",\"valueRequired\":true,\"valueName\":\"search_term_string\"}}],\"inLanguage\":\"en-US\"},{\"@type\":\"Organization\",\"@id\":\"https:\/\/www.ecotechnology.at\/en\/#organization\",\"name\":\"ecotechnology\",\"url\":\"https:\/\/www.ecotechnology.at\/en\/\",\"logo\":{\"@type\":\"ImageObject\",\"inLanguage\":\"en-US\",\"@id\":\"https:\/\/www.ecotechnology.at\/en\/#\/schema\/logo\/image\/\",\"url\":\"https:\/\/www.ecotechnology.at\/wp-content\/uploads\/2023\/04\/ecolinks_logo_0.png\",\"contentUrl\":\"https:\/\/www.ecotechnology.at\/wp-content\/uploads\/2023\/04\/ecolinks_logo_0.png\",\"width\":336,\"height\":128,\"caption\":\"ecotechnology\"},\"image\":{\"@id\":\"https:\/\/www.ecotechnology.at\/en\/#\/schema\/logo\/image\/\"}}]}<\/script>\n<!-- \/ Yoast SEO plugin. -->","yoast_head_json":{"title":"Dialogveranstaltung - Mut zur Nachhaltigkeit - ecotechnology","robots":{"index":"index","follow":"follow","max-snippet":"max-snippet:-1","max-image-preview":"max-image-preview:large","max-video-preview":"max-video-preview:-1"},"canonical":"https:\/\/www.ecotechnology.at\/en\/termine\/dialogveranstaltung-mut-zur-nachhaltigkeit\/","og_locale":"en_US","og_type":"article","og_title":"Dialogveranstaltung - Mut zur Nachhaltigkeit - ecotechnology","og_description":"Die Reihe \u201eMut zur Nachhaltigkeit&#8221; widmet sich 2019 den globalen Nachhaltigkeitszielen. Expertinnen und Experten stellen aktuelle Herausforderungen vor und diskutieren innovative Wege und M\u00f6glichkeiten einer nachhaltigen Transformation der Gesellschaft. Das tun sie im Dialog mit VertreterInnen aus Wissenschaft, Praxis und dem Publikum. Will \u00d6sterreich die Pariser Klimaziele erreichen, ist bereits bis 2030 eine starke Reduktion [&hellip;]","og_url":"https:\/\/www.ecotechnology.at\/en\/termine\/dialogveranstaltung-mut-zur-nachhaltigkeit\/","og_site_name":"ecotechnology","twitter_card":"summary_large_image","twitter_misc":{"Est. reading time":"1 minute"},"schema":{"@context":"https:\/\/schema.org","@graph":[{"@type":"WebPage","@id":"https:\/\/www.ecotechnology.at\/en\/termine\/dialogveranstaltung-mut-zur-nachhaltigkeit\/","url":"https:\/\/www.ecotechnology.at\/en\/termine\/dialogveranstaltung-mut-zur-nachhaltigkeit\/","name":"Dialogveranstaltung - Mut zur Nachhaltigkeit - ecotechnology","isPartOf":{"@id":"https:\/\/www.ecotechnology.at\/en\/#website"},"datePublished":"2023-08-09T18:37:45+00:00","breadcrumb":{"@id":"https:\/\/www.ecotechnology.at\/en\/termine\/dialogveranstaltung-mut-zur-nachhaltigkeit\/#breadcrumb"},"inLanguage":"en-US","potentialAction":[{"@type":"ReadAction","target":["https:\/\/www.ecotechnology.at\/en\/termine\/dialogveranstaltung-mut-zur-nachhaltigkeit\/"]}]},{"@type":"BreadcrumbList","@id":"https:\/\/www.ecotechnology.at\/en\/termine\/dialogveranstaltung-mut-zur-nachhaltigkeit\/#breadcrumb","itemListElement":[{"@type":"ListItem","position":1,"name":"Home","item":"https:\/\/www.ecotechnology.at\/en\/"},{"@type":"ListItem","position":2,"name":"Termine","item":"https:\/\/www.ecotechnology.at\/en\/termine\/"},{"@type":"ListItem","position":3,"name":"Dialogveranstaltung &#8211; Mut zur Nachhaltigkeit"}]},{"@type":"WebSite","@id":"https:\/\/www.ecotechnology.at\/en\/#website","url":"https:\/\/www.ecotechnology.at\/en\/","name":"ecotechnology","description":"","publisher":{"@id":"https:\/\/www.ecotechnology.at\/en\/#organization"},"potentialAction":[{"@type":"SearchAction","target":{"@type":"EntryPoint","urlTemplate":"https:\/\/www.ecotechnology.at\/en\/?s={search_term_string}"},"query-input":{"@type":"PropertyValueSpecification","valueRequired":true,"valueName":"search_term_string"}}],"inLanguage":"en-US"},{"@type":"Organization","@id":"https:\/\/www.ecotechnology.at\/en\/#organization","name":"ecotechnology","url":"https:\/\/www.ecotechnology.at\/en\/","logo":{"@type":"ImageObject","inLanguage":"en-US","@id":"https:\/\/www.ecotechnology.at\/en\/#\/schema\/logo\/image\/","url":"https:\/\/www.ecotechnology.at\/wp-content\/uploads\/2023\/04\/ecolinks_logo_0.png","contentUrl":"https:\/\/www.ecotechnology.at\/wp-content\/uploads\/2023\/04\/ecolinks_logo_0.png","width":336,"height":128,"caption":"ecotechnology"},"image":{"@id":"https:\/\/www.ecotechnology.at\/en\/#\/schema\/logo\/image\/"}}]}},"_links":{"self":[{"href":"https:\/\/www.ecotechnology.at\/en\/wp-json\/wp\/v2\/termine\/20517","targetHints":{"allow":["GET"]}}],"collection":[{"href":"https:\/\/www.ecotechnology.at\/en\/wp-json\/wp\/v2\/termine"}],"about":[{"href":"https:\/\/www.ecotechnology.at\/en\/wp-json\/wp\/v2\/types\/termine"}],"version-history":[{"count":0,"href":"https:\/\/www.ecotechnology.at\/en\/wp-json\/wp\/v2\/termine\/20517\/revisions"}],"wp:attachment":[{"href":"https:\/\/www.ecotechnology.at\/en\/wp-json\/wp\/v2\/media?parent=20517"}],"wp:term":[{"taxonomy":"termin_category","embeddable":true,"href":"https:\/\/www.ecotechnology.at\/en\/wp-json\/wp\/v2\/termin_category?post=20517"},{"taxonomy":"cmcal_calendar","embeddable":true,"href":"https:\/\/www.ecotechnology.at\/en\/wp-json\/wp\/v2\/cmcal_calendar?post=20517"}],"curies":[{"name":"wp","href":"https:\/\/api.w.org\/{rel}","templated":true}]}}

<p>Die Reihe „Mut zur Nachhaltigkeit&#8221; widmet sich 2019 den globalen Nachhaltigkeitszielen. Expertinnen und Experten stellen aktuelle Herausforderungen vor und diskutieren innovative Wege und Möglichkeiten einer nachhaltigen Transformation der Gesellschaft. Das tun sie im Dialog mit VertreterInnen aus Wissenschaft, Praxis und dem Publikum.</p>
<p>Will Österreich die Pariser Klimaziele erreichen, ist bereits bis 2030 eine starke Reduktion der Treibhausgasemissionen notwendig. Nur so ist es möglich, dass Österreich bis 2050 weitgehend klimaneutral werden kann. Stellt der Nationale Energie- und Klimaplan, der bis Ende 2019 an die EU übermittelt werden muss, die richtigen Weichen? Reichen die Maßnahmen aus, um die notwendige Transformation von Wirtschaft und Gesellschaft zu bewirken?</p>
<p>Nach einem Impulsvortrag&nbsp; des Klimaexperten Mathias Kirchner, diskutiert Josef Hackl vom Umweltbundesamt, diese und weitere Fragen mit:</p>
<p>Florian Maringer (Geschäftsführer Dachverband Erneuerbare Energie Österreich)</p>
<p>Henriette Spyra (Chief Scientific Officer, Umweltbundesamt)</p>
<p>Jürgen Schneider (Sektionschef Bundesministerium für Nachhaltigkeit und Tourismus, angefragt) und</p>
<p>Mathias Kirchner (Universität für Bodenkultur)</p>

<!-- This site is optimized with the Yoast SEO plugin v26.9 - https://yoast.com/product/yoast-seo-wordpress/ -->
<title>Dialogveranstaltung - Mut zur Nachhaltigkeit - ecotechnology</title>
<meta name="robots" content="index, follow, max-snippet:-1, max-image-preview:large, max-video-preview:-1" />
<link rel="canonical" href="https://www.ecotechnology.at/en/termine/dialogveranstaltung-mut-zur-nachhaltigkeit/" />
<meta property="og:locale" content="en_US" />
<meta property="og:type" content="article" />
<meta property="og:title" content="Dialogveranstaltung - Mut zur Nachhaltigkeit - ecotechnology" />
<meta property="og:description" content="Die Reihe „Mut zur Nachhaltigkeit&#8221; widmet sich 2019 den globalen Nachhaltigkeitszielen. Expertinnen und Experten stellen aktuelle Herausforderungen vor und diskutieren innovative Wege und Möglichkeiten einer nachhaltigen Transformation der Gesellschaft. Das tun sie im Dialog mit VertreterInnen aus Wissenschaft, Praxis und dem Publikum. Will Österreich die Pariser Klimaziele erreichen, ist bereits bis 2030 eine starke Reduktion [&hellip;]" />
<meta property="og:url" content="https://www.ecotechnology.at/en/termine/dialogveranstaltung-mut-zur-nachhaltigkeit/" />
<meta property="og:site_name" content="ecotechnology" />
<meta name="twitter:card" content="summary_large_image" />
<meta name="twitter:label1" content="Est. reading time" />
	<meta name="twitter:data1" content="1 minute" />
<script type="application/ld+json" class="yoast-schema-graph">{"@context":"https://schema.org","@graph":[{"@type":"WebPage","@id":"https://www.ecotechnology.at/en/termine/dialogveranstaltung-mut-zur-nachhaltigkeit/","url":"https://www.ecotechnology.at/en/termine/dialogveranstaltung-mut-zur-nachhaltigkeit/","name":"Dialogveranstaltung - Mut zur Nachhaltigkeit - ecotechnology","isPartOf":{"@id":"https://www.ecotechnology.at/en/#website"},"datePublished":"2023-08-09T18:37:45+00:00","breadcrumb":{"@id":"https://www.ecotechnology.at/en/termine/dialogveranstaltung-mut-zur-nachhaltigkeit/#breadcrumb"},"inLanguage":"en-US","potentialAction":[{"@type":"ReadAction","target":["https://www.ecotechnology.at/en/termine/dialogveranstaltung-mut-zur-nachhaltigkeit/"]}]},{"@type":"BreadcrumbList","@id":"https://www.ecotechnology.at/en/termine/dialogveranstaltung-mut-zur-nachhaltigkeit/#breadcrumb","itemListElement":[{"@type":"ListItem","position":1,"name":"Home","item":"https://www.ecotechnology.at/en/"},{"@type":"ListItem","position":2,"name":"Termine","item":"https://www.ecotechnology.at/en/termine/"},{"@type":"ListItem","position":3,"name":"Dialogveranstaltung &#8211; Mut zur Nachhaltigkeit"}]},{"@type":"WebSite","@id":"https://www.ecotechnology.at/en/#website","url":"https://www.ecotechnology.at/en/","name":"ecotechnology","description":"","publisher":{"@id":"https://www.ecotechnology.at/en/#organization"},"potentialAction":[{"@type":"SearchAction","target":{"@type":"EntryPoint","urlTemplate":"https://www.ecotechnology.at/en/?s={search_term_string}"},"query-input":{"@type":"PropertyValueSpecification","valueRequired":true,"valueName":"search_term_string"}}],"inLanguage":"en-US"},{"@type":"Organization","@id":"https://www.ecotechnology.at/en/#organization","name":"ecotechnology","url":"https://www.ecotechnology.at/en/","logo":{"@type":"ImageObject","inLanguage":"en-US","@id":"https://www.ecotechnology.at/en/#/schema/logo/image/","url":"https://www.ecotechnology.at/wp-content/uploads/2023/04/ecolinks_logo_0.png","contentUrl":"https://www.ecotechnology.at/wp-content/uploads/2023/04/ecolinks_logo_0.png","width":336,"height":128,"caption":"ecotechnology"},"image":{"@id":"https://www.ecotechnology.at/en/#/schema/logo/image/"}}]}</script>
<!-- / Yoast SEO plugin. -->

Die Reihe „Mut zur Nachhaltigkeit&#8221; widmet sich 2019 den globalen Nachhaltigkeitszielen. Expertinnen und Experten stellen aktuelle Herausforderungen vor und diskutieren innovative Wege und Möglichkeiten einer nachhaltigen Transformation der Gesellschaft. Das tun sie im Dialog mit VertreterInnen aus Wissenschaft, Praxis und dem Publikum. Will Österreich die Pariser Klimaziele erreichen, ist bereits bis 2030 eine starke Reduktion [&hellip;]
