{"id":20487,"date":"2023-08-09T20:37:38","date_gmt":"2023-08-09T18:37:38","guid":{"rendered":"http:\/\/ecotechnology.wp.local\/termine\/5th-international-composites-conference-icc-zur-composites-europe\/"},"modified":"2023-08-09T20:37:38","modified_gmt":"2023-08-09T18:37:38","slug":"5th-international-composites-conference-icc-zur-composites-europe","status":"publish","type":"termine","link":"https:\/\/www.ecotechnology.at\/en\/termine\/5th-international-composites-conference-icc-zur-composites-europe\/","title":{"rendered":"5th International Composites Conference (ICC) zur COMPOSITES EUROPE"},"content":{"rendered":"<p>Von den Material-Anforderungen in der \u201eNew Mobility\u201c und im Bausektor \u00fcber die Fortschritte in der Serienfertigung von Composites-Bauteilen bis zu neuen M\u00e4rkten: Die International Composites Conference 2019 tr\u00e4gt frische Impulse f\u00fcr Innovationen in den Markt. Vom 10. bis 12. September bringt das Branchentreffen Verarbeiter und Anwender von faserverst\u00e4rkten Kunststoffen aus ganz Europa in Stuttgart zusammen. Neu: In diesem Jahr findet die Konferenz zeitgleich zur Fachmesse COMPOSITES EUROPE statt. Auch thematisch r\u00fccken das Vortragsprogramm, das die Wirtschaftsvereinigung Composites Germany gestaltet, und die Messe dichter zusammen.&nbsp;<\/p>\n","protected":false},"template":"","termin_category":[],"cmcal_calendar":[],"class_list":["post-20487","termine","type-termine","status-publish","hentry"],"acf":[],"yoast_head":"<!-- This site is optimized with the Yoast SEO plugin v26.9 - https:\/\/yoast.com\/product\/yoast-seo-wordpress\/ -->\n<title>5th International Composites Conference (ICC) zur COMPOSITES EUROPE - ecotechnology<\/title>\n<meta name=\"robots\" content=\"index, follow, max-snippet:-1, max-image-preview:large, max-video-preview:-1\" \/>\n<link rel=\"canonical\" href=\"https:\/\/www.ecotechnology.at\/en\/termine\/5th-international-composites-conference-icc-zur-composites-europe\/\" \/>\n<meta property=\"og:locale\" content=\"en_US\" \/>\n<meta property=\"og:type\" content=\"article\" \/>\n<meta property=\"og:title\" content=\"5th International Composites Conference (ICC) zur COMPOSITES EUROPE - ecotechnology\" \/>\n<meta property=\"og:description\" content=\"Von den Material-Anforderungen in der \u201eNew Mobility\u201c und im Bausektor \u00fcber die Fortschritte in der Serienfertigung von Composites-Bauteilen bis zu neuen M\u00e4rkten: Die International Composites Conference 2019 tr\u00e4gt frische Impulse f\u00fcr Innovationen in den Markt. Vom 10. bis 12. September bringt das Branchentreffen Verarbeiter und Anwender von faserverst\u00e4rkten Kunststoffen aus ganz Europa in Stuttgart zusammen. [&hellip;]\" \/>\n<meta property=\"og:url\" content=\"https:\/\/www.ecotechnology.at\/en\/termine\/5th-international-composites-conference-icc-zur-composites-europe\/\" \/>\n<meta property=\"og:site_name\" content=\"ecotechnology\" \/>\n<meta name=\"twitter:card\" content=\"summary_large_image\" \/>\n<script type=\"application\/ld+json\" class=\"yoast-schema-graph\">{\"@context\":\"https:\/\/schema.org\",\"@graph\":[{\"@type\":\"WebPage\",\"@id\":\"https:\/\/www.ecotechnology.at\/en\/termine\/5th-international-composites-conference-icc-zur-composites-europe\/\",\"url\":\"https:\/\/www.ecotechnology.at\/en\/termine\/5th-international-composites-conference-icc-zur-composites-europe\/\",\"name\":\"5th International Composites Conference (ICC) zur COMPOSITES EUROPE - ecotechnology\",\"isPartOf\":{\"@id\":\"https:\/\/www.ecotechnology.at\/en\/#website\"},\"datePublished\":\"2023-08-09T18:37:38+00:00\",\"breadcrumb\":{\"@id\":\"https:\/\/www.ecotechnology.at\/en\/termine\/5th-international-composites-conference-icc-zur-composites-europe\/#breadcrumb\"},\"inLanguage\":\"en-US\",\"potentialAction\":[{\"@type\":\"ReadAction\",\"target\":[\"https:\/\/www.ecotechnology.at\/en\/termine\/5th-international-composites-conference-icc-zur-composites-europe\/\"]}]},{\"@type\":\"BreadcrumbList\",\"@id\":\"https:\/\/www.ecotechnology.at\/en\/termine\/5th-international-composites-conference-icc-zur-composites-europe\/#breadcrumb\",\"itemListElement\":[{\"@type\":\"ListItem\",\"position\":1,\"name\":\"Home\",\"item\":\"https:\/\/www.ecotechnology.at\/en\/\"},{\"@type\":\"ListItem\",\"position\":2,\"name\":\"Termine\",\"item\":\"https:\/\/www.ecotechnology.at\/en\/termine\/\"},{\"@type\":\"ListItem\",\"position\":3,\"name\":\"5th International Composites Conference (ICC) zur COMPOSITES EUROPE\"}]},{\"@type\":\"WebSite\",\"@id\":\"https:\/\/www.ecotechnology.at\/en\/#website\",\"url\":\"https:\/\/www.ecotechnology.at\/en\/\",\"name\":\"ecotechnology\",\"description\":\"\",\"publisher\":{\"@id\":\"https:\/\/www.ecotechnology.at\/en\/#organization\"},\"potentialAction\":[{\"@type\":\"SearchAction\",\"target\":{\"@type\":\"EntryPoint\",\"urlTemplate\":\"https:\/\/www.ecotechnology.at\/en\/?s={search_term_string}\"},\"query-input\":{\"@type\":\"PropertyValueSpecification\",\"valueRequired\":true,\"valueName\":\"search_term_string\"}}],\"inLanguage\":\"en-US\"},{\"@type\":\"Organization\",\"@id\":\"https:\/\/www.ecotechnology.at\/en\/#organization\",\"name\":\"ecotechnology\",\"url\":\"https:\/\/www.ecotechnology.at\/en\/\",\"logo\":{\"@type\":\"ImageObject\",\"inLanguage\":\"en-US\",\"@id\":\"https:\/\/www.ecotechnology.at\/en\/#\/schema\/logo\/image\/\",\"url\":\"https:\/\/www.ecotechnology.at\/wp-content\/uploads\/2023\/04\/ecolinks_logo_0.png\",\"contentUrl\":\"https:\/\/www.ecotechnology.at\/wp-content\/uploads\/2023\/04\/ecolinks_logo_0.png\",\"width\":336,\"height\":128,\"caption\":\"ecotechnology\"},\"image\":{\"@id\":\"https:\/\/www.ecotechnology.at\/en\/#\/schema\/logo\/image\/\"}}]}<\/script>\n<!-- \/ Yoast SEO plugin. -->","yoast_head_json":{"title":"5th International Composites Conference (ICC) zur COMPOSITES EUROPE - ecotechnology","robots":{"index":"index","follow":"follow","max-snippet":"max-snippet:-1","max-image-preview":"max-image-preview:large","max-video-preview":"max-video-preview:-1"},"canonical":"https:\/\/www.ecotechnology.at\/en\/termine\/5th-international-composites-conference-icc-zur-composites-europe\/","og_locale":"en_US","og_type":"article","og_title":"5th International Composites Conference (ICC) zur COMPOSITES EUROPE - ecotechnology","og_description":"Von den Material-Anforderungen in der \u201eNew Mobility\u201c und im Bausektor \u00fcber die Fortschritte in der Serienfertigung von Composites-Bauteilen bis zu neuen M\u00e4rkten: Die International Composites Conference 2019 tr\u00e4gt frische Impulse f\u00fcr Innovationen in den Markt. Vom 10. bis 12. September bringt das Branchentreffen Verarbeiter und Anwender von faserverst\u00e4rkten Kunststoffen aus ganz Europa in Stuttgart zusammen. [&hellip;]","og_url":"https:\/\/www.ecotechnology.at\/en\/termine\/5th-international-composites-conference-icc-zur-composites-europe\/","og_site_name":"ecotechnology","twitter_card":"summary_large_image","schema":{"@context":"https:\/\/schema.org","@graph":[{"@type":"WebPage","@id":"https:\/\/www.ecotechnology.at\/en\/termine\/5th-international-composites-conference-icc-zur-composites-europe\/","url":"https:\/\/www.ecotechnology.at\/en\/termine\/5th-international-composites-conference-icc-zur-composites-europe\/","name":"5th International Composites Conference (ICC) zur COMPOSITES EUROPE - ecotechnology","isPartOf":{"@id":"https:\/\/www.ecotechnology.at\/en\/#website"},"datePublished":"2023-08-09T18:37:38+00:00","breadcrumb":{"@id":"https:\/\/www.ecotechnology.at\/en\/termine\/5th-international-composites-conference-icc-zur-composites-europe\/#breadcrumb"},"inLanguage":"en-US","potentialAction":[{"@type":"ReadAction","target":["https:\/\/www.ecotechnology.at\/en\/termine\/5th-international-composites-conference-icc-zur-composites-europe\/"]}]},{"@type":"BreadcrumbList","@id":"https:\/\/www.ecotechnology.at\/en\/termine\/5th-international-composites-conference-icc-zur-composites-europe\/#breadcrumb","itemListElement":[{"@type":"ListItem","position":1,"name":"Home","item":"https:\/\/www.ecotechnology.at\/en\/"},{"@type":"ListItem","position":2,"name":"Termine","item":"https:\/\/www.ecotechnology.at\/en\/termine\/"},{"@type":"ListItem","position":3,"name":"5th International Composites Conference (ICC) zur COMPOSITES EUROPE"}]},{"@type":"WebSite","@id":"https:\/\/www.ecotechnology.at\/en\/#website","url":"https:\/\/www.ecotechnology.at\/en\/","name":"ecotechnology","description":"","publisher":{"@id":"https:\/\/www.ecotechnology.at\/en\/#organization"},"potentialAction":[{"@type":"SearchAction","target":{"@type":"EntryPoint","urlTemplate":"https:\/\/www.ecotechnology.at\/en\/?s={search_term_string}"},"query-input":{"@type":"PropertyValueSpecification","valueRequired":true,"valueName":"search_term_string"}}],"inLanguage":"en-US"},{"@type":"Organization","@id":"https:\/\/www.ecotechnology.at\/en\/#organization","name":"ecotechnology","url":"https:\/\/www.ecotechnology.at\/en\/","logo":{"@type":"ImageObject","inLanguage":"en-US","@id":"https:\/\/www.ecotechnology.at\/en\/#\/schema\/logo\/image\/","url":"https:\/\/www.ecotechnology.at\/wp-content\/uploads\/2023\/04\/ecolinks_logo_0.png","contentUrl":"https:\/\/www.ecotechnology.at\/wp-content\/uploads\/2023\/04\/ecolinks_logo_0.png","width":336,"height":128,"caption":"ecotechnology"},"image":{"@id":"https:\/\/www.ecotechnology.at\/en\/#\/schema\/logo\/image\/"}}]}},"_links":{"self":[{"href":"https:\/\/www.ecotechnology.at\/en\/wp-json\/wp\/v2\/termine\/20487","targetHints":{"allow":["GET"]}}],"collection":[{"href":"https:\/\/www.ecotechnology.at\/en\/wp-json\/wp\/v2\/termine"}],"about":[{"href":"https:\/\/www.ecotechnology.at\/en\/wp-json\/wp\/v2\/types\/termine"}],"version-history":[{"count":0,"href":"https:\/\/www.ecotechnology.at\/en\/wp-json\/wp\/v2\/termine\/20487\/revisions"}],"wp:attachment":[{"href":"https:\/\/www.ecotechnology.at\/en\/wp-json\/wp\/v2\/media?parent=20487"}],"wp:term":[{"taxonomy":"termin_category","embeddable":true,"href":"https:\/\/www.ecotechnology.at\/en\/wp-json\/wp\/v2\/termin_category?post=20487"},{"taxonomy":"cmcal_calendar","embeddable":true,"href":"https:\/\/www.ecotechnology.at\/en\/wp-json\/wp\/v2\/cmcal_calendar?post=20487"}],"curies":[{"name":"wp","href":"https:\/\/api.w.org\/{rel}","templated":true}]}}

<p>Von den Material-Anforderungen in der „New Mobility“ und im Bausektor über die Fortschritte in der Serienfertigung von Composites-Bauteilen bis zu neuen Märkten: Die International Composites Conference 2019 trägt frische Impulse für Innovationen in den Markt. Vom 10. bis 12. September bringt das Branchentreffen Verarbeiter und Anwender von faserverstärkten Kunststoffen aus ganz Europa in Stuttgart zusammen. Neu: In diesem Jahr findet die Konferenz zeitgleich zur Fachmesse COMPOSITES EUROPE statt. Auch thematisch rücken das Vortragsprogramm, das die Wirtschaftsvereinigung Composites Germany gestaltet, und die Messe dichter zusammen.&nbsp;</p>

<!-- This site is optimized with the Yoast SEO plugin v26.9 - https://yoast.com/product/yoast-seo-wordpress/ -->
<title>5th International Composites Conference (ICC) zur COMPOSITES EUROPE - ecotechnology</title>
<meta name="robots" content="index, follow, max-snippet:-1, max-image-preview:large, max-video-preview:-1" />
<link rel="canonical" href="https://www.ecotechnology.at/en/termine/5th-international-composites-conference-icc-zur-composites-europe/" />
<meta property="og:locale" content="en_US" />
<meta property="og:type" content="article" />
<meta property="og:title" content="5th International Composites Conference (ICC) zur COMPOSITES EUROPE - ecotechnology" />
<meta property="og:description" content="Von den Material-Anforderungen in der „New Mobility“ und im Bausektor über die Fortschritte in der Serienfertigung von Composites-Bauteilen bis zu neuen Märkten: Die International Composites Conference 2019 trägt frische Impulse für Innovationen in den Markt. Vom 10. bis 12. September bringt das Branchentreffen Verarbeiter und Anwender von faserverstärkten Kunststoffen aus ganz Europa in Stuttgart zusammen. [&hellip;]" />
<meta property="og:url" content="https://www.ecotechnology.at/en/termine/5th-international-composites-conference-icc-zur-composites-europe/" />
<meta property="og:site_name" content="ecotechnology" />
<meta name="twitter:card" content="summary_large_image" />
<script type="application/ld+json" class="yoast-schema-graph">{"@context":"https://schema.org","@graph":[{"@type":"WebPage","@id":"https://www.ecotechnology.at/en/termine/5th-international-composites-conference-icc-zur-composites-europe/","url":"https://www.ecotechnology.at/en/termine/5th-international-composites-conference-icc-zur-composites-europe/","name":"5th International Composites Conference (ICC) zur COMPOSITES EUROPE - ecotechnology","isPartOf":{"@id":"https://www.ecotechnology.at/en/#website"},"datePublished":"2023-08-09T18:37:38+00:00","breadcrumb":{"@id":"https://www.ecotechnology.at/en/termine/5th-international-composites-conference-icc-zur-composites-europe/#breadcrumb"},"inLanguage":"en-US","potentialAction":[{"@type":"ReadAction","target":["https://www.ecotechnology.at/en/termine/5th-international-composites-conference-icc-zur-composites-europe/"]}]},{"@type":"BreadcrumbList","@id":"https://www.ecotechnology.at/en/termine/5th-international-composites-conference-icc-zur-composites-europe/#breadcrumb","itemListElement":[{"@type":"ListItem","position":1,"name":"Home","item":"https://www.ecotechnology.at/en/"},{"@type":"ListItem","position":2,"name":"Termine","item":"https://www.ecotechnology.at/en/termine/"},{"@type":"ListItem","position":3,"name":"5th International Composites Conference (ICC) zur COMPOSITES EUROPE"}]},{"@type":"WebSite","@id":"https://www.ecotechnology.at/en/#website","url":"https://www.ecotechnology.at/en/","name":"ecotechnology","description":"","publisher":{"@id":"https://www.ecotechnology.at/en/#organization"},"potentialAction":[{"@type":"SearchAction","target":{"@type":"EntryPoint","urlTemplate":"https://www.ecotechnology.at/en/?s={search_term_string}"},"query-input":{"@type":"PropertyValueSpecification","valueRequired":true,"valueName":"search_term_string"}}],"inLanguage":"en-US"},{"@type":"Organization","@id":"https://www.ecotechnology.at/en/#organization","name":"ecotechnology","url":"https://www.ecotechnology.at/en/","logo":{"@type":"ImageObject","inLanguage":"en-US","@id":"https://www.ecotechnology.at/en/#/schema/logo/image/","url":"https://www.ecotechnology.at/wp-content/uploads/2023/04/ecolinks_logo_0.png","contentUrl":"https://www.ecotechnology.at/wp-content/uploads/2023/04/ecolinks_logo_0.png","width":336,"height":128,"caption":"ecotechnology"},"image":{"@id":"https://www.ecotechnology.at/en/#/schema/logo/image/"}}]}</script>
<!-- / Yoast SEO plugin. -->

Von den Material-Anforderungen in der „New Mobility“ und im Bausektor über die Fortschritte in der Serienfertigung von Composites-Bauteilen bis zu neuen Märkten: Die International Composites Conference 2019 trägt frische Impulse für Innovationen in den Markt. Vom 10. bis 12. September bringt das Branchentreffen Verarbeiter und Anwender von faserverstärkten Kunststoffen aus ganz Europa in Stuttgart zusammen. [&hellip;]
