{"id":20482,"date":"2023-08-09T20:37:37","date_gmt":"2023-08-09T18:37:37","guid":{"rendered":"http:\/\/ecotechnology.wp.local\/termine\/forum-umweltbildung-bne-sommerakademie-2019\/"},"modified":"2023-08-09T20:37:37","modified_gmt":"2023-08-09T18:37:37","slug":"forum-umweltbildung-bne-sommerakademie-2019","status":"publish","type":"termine","link":"https:\/\/www.ecotechnology.at\/en\/termine\/forum-umweltbildung-bne-sommerakademie-2019\/","title":{"rendered":"Forum Umweltbildung &#8211; BNE Sommerakademie 2019"},"content":{"rendered":"<p>Die BNE-Sommerakademie findet heuer vom 19. bis 22. August unter dem Titel \u201eDer Unterschied bist DU! Best\u00e4rken, beteiligen, mitwirken. F\u00fcr eine nachhaltige Welt.\u201c statt.&nbsp;<\/p>\n<p>Im Zuge der viert\u00e4gigen Fortbildungsveranstaltung vom 19. bis 22. August werden die Teilnehmerinnen und Teilnehmer in ihrem Engagement in Bezug auf die UN-Agenda 2030 mit den 17 Nachhaltigkeitszielen (SDGs), Klimaschutz sowie Bildung f\u00fcr nachhaltige Entwicklung (BNE) best\u00e4rkt und mit Werkzeugen ausgestattet, um gesellschaftliche und \u00f6kologische Ver\u00e4nderung positiv mitzugestalten. Es geht nicht darum s\u00e4mtliche Probleme dieser Welt zu l\u00f6sen, sondern im Bewusstsein \u00fcber die eigenen F\u00e4higkeiten und Potenziale zu handeln. Durch vielf\u00e4ltige Methoden und den Austausch in der Gruppe gewinnen die Teilnehmerinnen und Teilnehmer Klarheit dar\u00fcber, wie diese Ver\u00e4nderung gelingen kann.<\/p>\n","protected":false},"template":"","termin_category":[],"cmcal_calendar":[],"class_list":["post-20482","termine","type-termine","status-publish","hentry"],"acf":[],"yoast_head":"<!-- This site is optimized with the Yoast SEO plugin v26.9 - https:\/\/yoast.com\/product\/yoast-seo-wordpress\/ -->\n<title>Forum Umweltbildung - BNE Sommerakademie 2019 - ecotechnology<\/title>\n<meta name=\"robots\" content=\"index, follow, max-snippet:-1, max-image-preview:large, max-video-preview:-1\" \/>\n<link rel=\"canonical\" href=\"https:\/\/www.ecotechnology.at\/en\/termine\/forum-umweltbildung-bne-sommerakademie-2019\/\" \/>\n<meta property=\"og:locale\" content=\"en_US\" \/>\n<meta property=\"og:type\" content=\"article\" \/>\n<meta property=\"og:title\" content=\"Forum Umweltbildung - BNE Sommerakademie 2019 - ecotechnology\" \/>\n<meta property=\"og:description\" content=\"Die BNE-Sommerakademie findet heuer vom 19. bis 22. August unter dem Titel \u201eDer Unterschied bist DU! Best\u00e4rken, beteiligen, mitwirken. F\u00fcr eine nachhaltige Welt.\u201c statt.&nbsp; Im Zuge der viert\u00e4gigen Fortbildungsveranstaltung vom 19. bis 22. August werden die Teilnehmerinnen und Teilnehmer in ihrem Engagement in Bezug auf die UN-Agenda 2030 mit den 17 Nachhaltigkeitszielen (SDGs), Klimaschutz sowie [&hellip;]\" \/>\n<meta property=\"og:url\" content=\"https:\/\/www.ecotechnology.at\/en\/termine\/forum-umweltbildung-bne-sommerakademie-2019\/\" \/>\n<meta property=\"og:site_name\" content=\"ecotechnology\" \/>\n<meta name=\"twitter:card\" content=\"summary_large_image\" \/>\n<meta name=\"twitter:label1\" content=\"Est. reading time\" \/>\n\t<meta name=\"twitter:data1\" content=\"1 minute\" \/>\n<script type=\"application\/ld+json\" class=\"yoast-schema-graph\">{\"@context\":\"https:\/\/schema.org\",\"@graph\":[{\"@type\":\"WebPage\",\"@id\":\"https:\/\/www.ecotechnology.at\/en\/termine\/forum-umweltbildung-bne-sommerakademie-2019\/\",\"url\":\"https:\/\/www.ecotechnology.at\/en\/termine\/forum-umweltbildung-bne-sommerakademie-2019\/\",\"name\":\"Forum Umweltbildung - BNE Sommerakademie 2019 - ecotechnology\",\"isPartOf\":{\"@id\":\"https:\/\/www.ecotechnology.at\/en\/#website\"},\"datePublished\":\"2023-08-09T18:37:37+00:00\",\"breadcrumb\":{\"@id\":\"https:\/\/www.ecotechnology.at\/en\/termine\/forum-umweltbildung-bne-sommerakademie-2019\/#breadcrumb\"},\"inLanguage\":\"en-US\",\"potentialAction\":[{\"@type\":\"ReadAction\",\"target\":[\"https:\/\/www.ecotechnology.at\/en\/termine\/forum-umweltbildung-bne-sommerakademie-2019\/\"]}]},{\"@type\":\"BreadcrumbList\",\"@id\":\"https:\/\/www.ecotechnology.at\/en\/termine\/forum-umweltbildung-bne-sommerakademie-2019\/#breadcrumb\",\"itemListElement\":[{\"@type\":\"ListItem\",\"position\":1,\"name\":\"Home\",\"item\":\"https:\/\/www.ecotechnology.at\/en\/\"},{\"@type\":\"ListItem\",\"position\":2,\"name\":\"Termine\",\"item\":\"https:\/\/www.ecotechnology.at\/en\/termine\/\"},{\"@type\":\"ListItem\",\"position\":3,\"name\":\"Forum Umweltbildung &#8211; BNE Sommerakademie 2019\"}]},{\"@type\":\"WebSite\",\"@id\":\"https:\/\/www.ecotechnology.at\/en\/#website\",\"url\":\"https:\/\/www.ecotechnology.at\/en\/\",\"name\":\"ecotechnology\",\"description\":\"\",\"publisher\":{\"@id\":\"https:\/\/www.ecotechnology.at\/en\/#organization\"},\"potentialAction\":[{\"@type\":\"SearchAction\",\"target\":{\"@type\":\"EntryPoint\",\"urlTemplate\":\"https:\/\/www.ecotechnology.at\/en\/?s={search_term_string}\"},\"query-input\":{\"@type\":\"PropertyValueSpecification\",\"valueRequired\":true,\"valueName\":\"search_term_string\"}}],\"inLanguage\":\"en-US\"},{\"@type\":\"Organization\",\"@id\":\"https:\/\/www.ecotechnology.at\/en\/#organization\",\"name\":\"ecotechnology\",\"url\":\"https:\/\/www.ecotechnology.at\/en\/\",\"logo\":{\"@type\":\"ImageObject\",\"inLanguage\":\"en-US\",\"@id\":\"https:\/\/www.ecotechnology.at\/en\/#\/schema\/logo\/image\/\",\"url\":\"https:\/\/www.ecotechnology.at\/wp-content\/uploads\/2023\/04\/ecolinks_logo_0.png\",\"contentUrl\":\"https:\/\/www.ecotechnology.at\/wp-content\/uploads\/2023\/04\/ecolinks_logo_0.png\",\"width\":336,\"height\":128,\"caption\":\"ecotechnology\"},\"image\":{\"@id\":\"https:\/\/www.ecotechnology.at\/en\/#\/schema\/logo\/image\/\"}}]}<\/script>\n<!-- \/ Yoast SEO plugin. -->","yoast_head_json":{"title":"Forum Umweltbildung - BNE Sommerakademie 2019 - ecotechnology","robots":{"index":"index","follow":"follow","max-snippet":"max-snippet:-1","max-image-preview":"max-image-preview:large","max-video-preview":"max-video-preview:-1"},"canonical":"https:\/\/www.ecotechnology.at\/en\/termine\/forum-umweltbildung-bne-sommerakademie-2019\/","og_locale":"en_US","og_type":"article","og_title":"Forum Umweltbildung - BNE Sommerakademie 2019 - ecotechnology","og_description":"Die BNE-Sommerakademie findet heuer vom 19. bis 22. August unter dem Titel \u201eDer Unterschied bist DU! Best\u00e4rken, beteiligen, mitwirken. F\u00fcr eine nachhaltige Welt.\u201c statt.&nbsp; Im Zuge der viert\u00e4gigen Fortbildungsveranstaltung vom 19. bis 22. August werden die Teilnehmerinnen und Teilnehmer in ihrem Engagement in Bezug auf die UN-Agenda 2030 mit den 17 Nachhaltigkeitszielen (SDGs), Klimaschutz sowie [&hellip;]","og_url":"https:\/\/www.ecotechnology.at\/en\/termine\/forum-umweltbildung-bne-sommerakademie-2019\/","og_site_name":"ecotechnology","twitter_card":"summary_large_image","twitter_misc":{"Est. reading time":"1 minute"},"schema":{"@context":"https:\/\/schema.org","@graph":[{"@type":"WebPage","@id":"https:\/\/www.ecotechnology.at\/en\/termine\/forum-umweltbildung-bne-sommerakademie-2019\/","url":"https:\/\/www.ecotechnology.at\/en\/termine\/forum-umweltbildung-bne-sommerakademie-2019\/","name":"Forum Umweltbildung - BNE Sommerakademie 2019 - ecotechnology","isPartOf":{"@id":"https:\/\/www.ecotechnology.at\/en\/#website"},"datePublished":"2023-08-09T18:37:37+00:00","breadcrumb":{"@id":"https:\/\/www.ecotechnology.at\/en\/termine\/forum-umweltbildung-bne-sommerakademie-2019\/#breadcrumb"},"inLanguage":"en-US","potentialAction":[{"@type":"ReadAction","target":["https:\/\/www.ecotechnology.at\/en\/termine\/forum-umweltbildung-bne-sommerakademie-2019\/"]}]},{"@type":"BreadcrumbList","@id":"https:\/\/www.ecotechnology.at\/en\/termine\/forum-umweltbildung-bne-sommerakademie-2019\/#breadcrumb","itemListElement":[{"@type":"ListItem","position":1,"name":"Home","item":"https:\/\/www.ecotechnology.at\/en\/"},{"@type":"ListItem","position":2,"name":"Termine","item":"https:\/\/www.ecotechnology.at\/en\/termine\/"},{"@type":"ListItem","position":3,"name":"Forum Umweltbildung &#8211; BNE Sommerakademie 2019"}]},{"@type":"WebSite","@id":"https:\/\/www.ecotechnology.at\/en\/#website","url":"https:\/\/www.ecotechnology.at\/en\/","name":"ecotechnology","description":"","publisher":{"@id":"https:\/\/www.ecotechnology.at\/en\/#organization"},"potentialAction":[{"@type":"SearchAction","target":{"@type":"EntryPoint","urlTemplate":"https:\/\/www.ecotechnology.at\/en\/?s={search_term_string}"},"query-input":{"@type":"PropertyValueSpecification","valueRequired":true,"valueName":"search_term_string"}}],"inLanguage":"en-US"},{"@type":"Organization","@id":"https:\/\/www.ecotechnology.at\/en\/#organization","name":"ecotechnology","url":"https:\/\/www.ecotechnology.at\/en\/","logo":{"@type":"ImageObject","inLanguage":"en-US","@id":"https:\/\/www.ecotechnology.at\/en\/#\/schema\/logo\/image\/","url":"https:\/\/www.ecotechnology.at\/wp-content\/uploads\/2023\/04\/ecolinks_logo_0.png","contentUrl":"https:\/\/www.ecotechnology.at\/wp-content\/uploads\/2023\/04\/ecolinks_logo_0.png","width":336,"height":128,"caption":"ecotechnology"},"image":{"@id":"https:\/\/www.ecotechnology.at\/en\/#\/schema\/logo\/image\/"}}]}},"_links":{"self":[{"href":"https:\/\/www.ecotechnology.at\/en\/wp-json\/wp\/v2\/termine\/20482","targetHints":{"allow":["GET"]}}],"collection":[{"href":"https:\/\/www.ecotechnology.at\/en\/wp-json\/wp\/v2\/termine"}],"about":[{"href":"https:\/\/www.ecotechnology.at\/en\/wp-json\/wp\/v2\/types\/termine"}],"version-history":[{"count":0,"href":"https:\/\/www.ecotechnology.at\/en\/wp-json\/wp\/v2\/termine\/20482\/revisions"}],"wp:attachment":[{"href":"https:\/\/www.ecotechnology.at\/en\/wp-json\/wp\/v2\/media?parent=20482"}],"wp:term":[{"taxonomy":"termin_category","embeddable":true,"href":"https:\/\/www.ecotechnology.at\/en\/wp-json\/wp\/v2\/termin_category?post=20482"},{"taxonomy":"cmcal_calendar","embeddable":true,"href":"https:\/\/www.ecotechnology.at\/en\/wp-json\/wp\/v2\/cmcal_calendar?post=20482"}],"curies":[{"name":"wp","href":"https:\/\/api.w.org\/{rel}","templated":true}]}}

<p>Die BNE-Sommerakademie findet heuer vom 19. bis 22. August unter dem Titel „Der Unterschied bist DU! Bestärken, beteiligen, mitwirken. Für eine nachhaltige Welt.“ statt.&nbsp;</p>
<p>Im Zuge der viertägigen Fortbildungsveranstaltung vom 19. bis 22. August werden die Teilnehmerinnen und Teilnehmer in ihrem Engagement in Bezug auf die UN-Agenda 2030 mit den 17 Nachhaltigkeitszielen (SDGs), Klimaschutz sowie Bildung für nachhaltige Entwicklung (BNE) bestärkt und mit Werkzeugen ausgestattet, um gesellschaftliche und ökologische Veränderung positiv mitzugestalten. Es geht nicht darum sämtliche Probleme dieser Welt zu lösen, sondern im Bewusstsein über die eigenen Fähigkeiten und Potenziale zu handeln. Durch vielfältige Methoden und den Austausch in der Gruppe gewinnen die Teilnehmerinnen und Teilnehmer Klarheit darüber, wie diese Veränderung gelingen kann.</p>

<!-- This site is optimized with the Yoast SEO plugin v26.9 - https://yoast.com/product/yoast-seo-wordpress/ -->
<title>Forum Umweltbildung - BNE Sommerakademie 2019 - ecotechnology</title>
<meta name="robots" content="index, follow, max-snippet:-1, max-image-preview:large, max-video-preview:-1" />
<link rel="canonical" href="https://www.ecotechnology.at/en/termine/forum-umweltbildung-bne-sommerakademie-2019/" />
<meta property="og:locale" content="en_US" />
<meta property="og:type" content="article" />
<meta property="og:title" content="Forum Umweltbildung - BNE Sommerakademie 2019 - ecotechnology" />
<meta property="og:description" content="Die BNE-Sommerakademie findet heuer vom 19. bis 22. August unter dem Titel „Der Unterschied bist DU! Bestärken, beteiligen, mitwirken. Für eine nachhaltige Welt.“ statt.&nbsp; Im Zuge der viertägigen Fortbildungsveranstaltung vom 19. bis 22. August werden die Teilnehmerinnen und Teilnehmer in ihrem Engagement in Bezug auf die UN-Agenda 2030 mit den 17 Nachhaltigkeitszielen (SDGs), Klimaschutz sowie [&hellip;]" />
<meta property="og:url" content="https://www.ecotechnology.at/en/termine/forum-umweltbildung-bne-sommerakademie-2019/" />
<meta property="og:site_name" content="ecotechnology" />
<meta name="twitter:card" content="summary_large_image" />
<meta name="twitter:label1" content="Est. reading time" />
	<meta name="twitter:data1" content="1 minute" />
<script type="application/ld+json" class="yoast-schema-graph">{"@context":"https://schema.org","@graph":[{"@type":"WebPage","@id":"https://www.ecotechnology.at/en/termine/forum-umweltbildung-bne-sommerakademie-2019/","url":"https://www.ecotechnology.at/en/termine/forum-umweltbildung-bne-sommerakademie-2019/","name":"Forum Umweltbildung - BNE Sommerakademie 2019 - ecotechnology","isPartOf":{"@id":"https://www.ecotechnology.at/en/#website"},"datePublished":"2023-08-09T18:37:37+00:00","breadcrumb":{"@id":"https://www.ecotechnology.at/en/termine/forum-umweltbildung-bne-sommerakademie-2019/#breadcrumb"},"inLanguage":"en-US","potentialAction":[{"@type":"ReadAction","target":["https://www.ecotechnology.at/en/termine/forum-umweltbildung-bne-sommerakademie-2019/"]}]},{"@type":"BreadcrumbList","@id":"https://www.ecotechnology.at/en/termine/forum-umweltbildung-bne-sommerakademie-2019/#breadcrumb","itemListElement":[{"@type":"ListItem","position":1,"name":"Home","item":"https://www.ecotechnology.at/en/"},{"@type":"ListItem","position":2,"name":"Termine","item":"https://www.ecotechnology.at/en/termine/"},{"@type":"ListItem","position":3,"name":"Forum Umweltbildung &#8211; BNE Sommerakademie 2019"}]},{"@type":"WebSite","@id":"https://www.ecotechnology.at/en/#website","url":"https://www.ecotechnology.at/en/","name":"ecotechnology","description":"","publisher":{"@id":"https://www.ecotechnology.at/en/#organization"},"potentialAction":[{"@type":"SearchAction","target":{"@type":"EntryPoint","urlTemplate":"https://www.ecotechnology.at/en/?s={search_term_string}"},"query-input":{"@type":"PropertyValueSpecification","valueRequired":true,"valueName":"search_term_string"}}],"inLanguage":"en-US"},{"@type":"Organization","@id":"https://www.ecotechnology.at/en/#organization","name":"ecotechnology","url":"https://www.ecotechnology.at/en/","logo":{"@type":"ImageObject","inLanguage":"en-US","@id":"https://www.ecotechnology.at/en/#/schema/logo/image/","url":"https://www.ecotechnology.at/wp-content/uploads/2023/04/ecolinks_logo_0.png","contentUrl":"https://www.ecotechnology.at/wp-content/uploads/2023/04/ecolinks_logo_0.png","width":336,"height":128,"caption":"ecotechnology"},"image":{"@id":"https://www.ecotechnology.at/en/#/schema/logo/image/"}}]}</script>
<!-- / Yoast SEO plugin. -->

Die BNE-Sommerakademie findet heuer vom 19. bis 22. August unter dem Titel „Der Unterschied bist DU! Bestärken, beteiligen, mitwirken. Für eine nachhaltige Welt.“ statt.&nbsp; Im Zuge der viertägigen Fortbildungsveranstaltung vom 19. bis 22. August werden die Teilnehmerinnen und Teilnehmer in ihrem Engagement in Bezug auf die UN-Agenda 2030 mit den 17 Nachhaltigkeitszielen (SDGs), Klimaschutz sowie [&hellip;]
