{"id":20386,"date":"2023-08-09T20:37:12","date_gmt":"2023-08-09T18:37:12","guid":{"rendered":"http:\/\/ecotechnology.wp.local\/termine\/messe-gebaeude-energie-technik-getec\/"},"modified":"2023-08-09T20:37:12","modified_gmt":"2023-08-09T18:37:12","slug":"messe-gebaeude-energie-technik-getec","status":"publish","type":"termine","link":"https:\/\/www.ecotechnology.at\/en\/termine\/messe-gebaeude-energie-technik-getec\/","title":{"rendered":"Messe \u201eGeb\u00e4ude.Energie.Technik\u201c (GETEC)"},"content":{"rendered":"<p>Bereits zum zw\u00f6lften Mal findet die Geb\u00e4ude.Energie.Technik (GETEC) 2019 in Freiburg statt. Vom 8. bis 10. Februar 2019 erfahren private und gewerbliche Bauherren sowie Architekten, Ingenieur-, Energieberatungsb\u00fcros und Handwerksbetriebe auf dem Freiburger Messegel\u00e4nde Neuigkeiten und Wissenswertes zum energieeffizienten Planen, Bauen und Wohnen. Hierbei nimmt die Digitalisierung eine immer bedeutendere Rolle ein. Daher widmen die Veranstalter 2019 dem hochaktuellen Thema digitalisiertes Zuhause oder \u201eSmart Home\u201c einen eigenen Ausstellungsbereich. Die Schirmherrschaft der Messe hat erneut Franz Untersteller, baden-w\u00fcrttembergischer Minister f\u00fcr Umwelt, Klima und Energiewirtschaft, \u00fcbernommen. Er ordnet die GETEC in seinem Gru\u00dfwort als f\u00fchrende Messe f\u00fcr energieeffizientes Planen, Bauen und Modernisieren im S\u00fcdwesten ein. Unter www.getec-freiburg.de sind alle Informationen rund um das Messeprogramm f\u00fcr Besucher und Aussteller verf\u00fcgbar. Parallel zur GETEC findet der 8. Kongress Energieautonome Kommunen (EAK) auf dem Freiburger Messegel\u00e4nde statt.&nbsp;<\/p>\n","protected":false},"template":"","termin_category":[],"cmcal_calendar":[],"class_list":["post-20386","termine","type-termine","status-publish","hentry"],"acf":[],"yoast_head":"<!-- This site is optimized with the Yoast SEO plugin v26.9 - https:\/\/yoast.com\/product\/yoast-seo-wordpress\/ -->\n<title>Messe \u201eGeb\u00e4ude.Energie.Technik\u201c (GETEC) - ecotechnology<\/title>\n<meta name=\"robots\" content=\"index, follow, max-snippet:-1, max-image-preview:large, max-video-preview:-1\" \/>\n<link rel=\"canonical\" href=\"https:\/\/www.ecotechnology.at\/en\/termine\/messe-gebaeude-energie-technik-getec\/\" \/>\n<meta property=\"og:locale\" content=\"en_US\" \/>\n<meta property=\"og:type\" content=\"article\" \/>\n<meta property=\"og:title\" content=\"Messe \u201eGeb\u00e4ude.Energie.Technik\u201c (GETEC) - ecotechnology\" \/>\n<meta property=\"og:description\" content=\"Bereits zum zw\u00f6lften Mal findet die Geb\u00e4ude.Energie.Technik (GETEC) 2019 in Freiburg statt. Vom 8. bis 10. Februar 2019 erfahren private und gewerbliche Bauherren sowie Architekten, Ingenieur-, Energieberatungsb\u00fcros und Handwerksbetriebe auf dem Freiburger Messegel\u00e4nde Neuigkeiten und Wissenswertes zum energieeffizienten Planen, Bauen und Wohnen. Hierbei nimmt die Digitalisierung eine immer bedeutendere Rolle ein. Daher widmen die Veranstalter [&hellip;]\" \/>\n<meta property=\"og:url\" content=\"https:\/\/www.ecotechnology.at\/en\/termine\/messe-gebaeude-energie-technik-getec\/\" \/>\n<meta property=\"og:site_name\" content=\"ecotechnology\" \/>\n<meta name=\"twitter:card\" content=\"summary_large_image\" \/>\n<meta name=\"twitter:label1\" content=\"Est. reading time\" \/>\n\t<meta name=\"twitter:data1\" content=\"1 minute\" \/>\n<script type=\"application\/ld+json\" class=\"yoast-schema-graph\">{\"@context\":\"https:\/\/schema.org\",\"@graph\":[{\"@type\":\"WebPage\",\"@id\":\"https:\/\/www.ecotechnology.at\/en\/termine\/messe-gebaeude-energie-technik-getec\/\",\"url\":\"https:\/\/www.ecotechnology.at\/en\/termine\/messe-gebaeude-energie-technik-getec\/\",\"name\":\"Messe \u201eGeb\u00e4ude.Energie.Technik\u201c (GETEC) - ecotechnology\",\"isPartOf\":{\"@id\":\"https:\/\/www.ecotechnology.at\/en\/#website\"},\"datePublished\":\"2023-08-09T18:37:12+00:00\",\"breadcrumb\":{\"@id\":\"https:\/\/www.ecotechnology.at\/en\/termine\/messe-gebaeude-energie-technik-getec\/#breadcrumb\"},\"inLanguage\":\"en-US\",\"potentialAction\":[{\"@type\":\"ReadAction\",\"target\":[\"https:\/\/www.ecotechnology.at\/en\/termine\/messe-gebaeude-energie-technik-getec\/\"]}]},{\"@type\":\"BreadcrumbList\",\"@id\":\"https:\/\/www.ecotechnology.at\/en\/termine\/messe-gebaeude-energie-technik-getec\/#breadcrumb\",\"itemListElement\":[{\"@type\":\"ListItem\",\"position\":1,\"name\":\"Home\",\"item\":\"https:\/\/www.ecotechnology.at\/en\/\"},{\"@type\":\"ListItem\",\"position\":2,\"name\":\"Termine\",\"item\":\"https:\/\/www.ecotechnology.at\/en\/termine\/\"},{\"@type\":\"ListItem\",\"position\":3,\"name\":\"Messe \u201eGeb\u00e4ude.Energie.Technik\u201c (GETEC)\"}]},{\"@type\":\"WebSite\",\"@id\":\"https:\/\/www.ecotechnology.at\/en\/#website\",\"url\":\"https:\/\/www.ecotechnology.at\/en\/\",\"name\":\"ecotechnology\",\"description\":\"\",\"publisher\":{\"@id\":\"https:\/\/www.ecotechnology.at\/en\/#organization\"},\"potentialAction\":[{\"@type\":\"SearchAction\",\"target\":{\"@type\":\"EntryPoint\",\"urlTemplate\":\"https:\/\/www.ecotechnology.at\/en\/?s={search_term_string}\"},\"query-input\":{\"@type\":\"PropertyValueSpecification\",\"valueRequired\":true,\"valueName\":\"search_term_string\"}}],\"inLanguage\":\"en-US\"},{\"@type\":\"Organization\",\"@id\":\"https:\/\/www.ecotechnology.at\/en\/#organization\",\"name\":\"ecotechnology\",\"url\":\"https:\/\/www.ecotechnology.at\/en\/\",\"logo\":{\"@type\":\"ImageObject\",\"inLanguage\":\"en-US\",\"@id\":\"https:\/\/www.ecotechnology.at\/en\/#\/schema\/logo\/image\/\",\"url\":\"https:\/\/www.ecotechnology.at\/wp-content\/uploads\/2023\/04\/ecolinks_logo_0.png\",\"contentUrl\":\"https:\/\/www.ecotechnology.at\/wp-content\/uploads\/2023\/04\/ecolinks_logo_0.png\",\"width\":336,\"height\":128,\"caption\":\"ecotechnology\"},\"image\":{\"@id\":\"https:\/\/www.ecotechnology.at\/en\/#\/schema\/logo\/image\/\"}}]}<\/script>\n<!-- \/ Yoast SEO plugin. -->","yoast_head_json":{"title":"Messe \u201eGeb\u00e4ude.Energie.Technik\u201c (GETEC) - ecotechnology","robots":{"index":"index","follow":"follow","max-snippet":"max-snippet:-1","max-image-preview":"max-image-preview:large","max-video-preview":"max-video-preview:-1"},"canonical":"https:\/\/www.ecotechnology.at\/en\/termine\/messe-gebaeude-energie-technik-getec\/","og_locale":"en_US","og_type":"article","og_title":"Messe \u201eGeb\u00e4ude.Energie.Technik\u201c (GETEC) - ecotechnology","og_description":"Bereits zum zw\u00f6lften Mal findet die Geb\u00e4ude.Energie.Technik (GETEC) 2019 in Freiburg statt. Vom 8. bis 10. Februar 2019 erfahren private und gewerbliche Bauherren sowie Architekten, Ingenieur-, Energieberatungsb\u00fcros und Handwerksbetriebe auf dem Freiburger Messegel\u00e4nde Neuigkeiten und Wissenswertes zum energieeffizienten Planen, Bauen und Wohnen. Hierbei nimmt die Digitalisierung eine immer bedeutendere Rolle ein. Daher widmen die Veranstalter [&hellip;]","og_url":"https:\/\/www.ecotechnology.at\/en\/termine\/messe-gebaeude-energie-technik-getec\/","og_site_name":"ecotechnology","twitter_card":"summary_large_image","twitter_misc":{"Est. reading time":"1 minute"},"schema":{"@context":"https:\/\/schema.org","@graph":[{"@type":"WebPage","@id":"https:\/\/www.ecotechnology.at\/en\/termine\/messe-gebaeude-energie-technik-getec\/","url":"https:\/\/www.ecotechnology.at\/en\/termine\/messe-gebaeude-energie-technik-getec\/","name":"Messe \u201eGeb\u00e4ude.Energie.Technik\u201c (GETEC) - ecotechnology","isPartOf":{"@id":"https:\/\/www.ecotechnology.at\/en\/#website"},"datePublished":"2023-08-09T18:37:12+00:00","breadcrumb":{"@id":"https:\/\/www.ecotechnology.at\/en\/termine\/messe-gebaeude-energie-technik-getec\/#breadcrumb"},"inLanguage":"en-US","potentialAction":[{"@type":"ReadAction","target":["https:\/\/www.ecotechnology.at\/en\/termine\/messe-gebaeude-energie-technik-getec\/"]}]},{"@type":"BreadcrumbList","@id":"https:\/\/www.ecotechnology.at\/en\/termine\/messe-gebaeude-energie-technik-getec\/#breadcrumb","itemListElement":[{"@type":"ListItem","position":1,"name":"Home","item":"https:\/\/www.ecotechnology.at\/en\/"},{"@type":"ListItem","position":2,"name":"Termine","item":"https:\/\/www.ecotechnology.at\/en\/termine\/"},{"@type":"ListItem","position":3,"name":"Messe \u201eGeb\u00e4ude.Energie.Technik\u201c (GETEC)"}]},{"@type":"WebSite","@id":"https:\/\/www.ecotechnology.at\/en\/#website","url":"https:\/\/www.ecotechnology.at\/en\/","name":"ecotechnology","description":"","publisher":{"@id":"https:\/\/www.ecotechnology.at\/en\/#organization"},"potentialAction":[{"@type":"SearchAction","target":{"@type":"EntryPoint","urlTemplate":"https:\/\/www.ecotechnology.at\/en\/?s={search_term_string}"},"query-input":{"@type":"PropertyValueSpecification","valueRequired":true,"valueName":"search_term_string"}}],"inLanguage":"en-US"},{"@type":"Organization","@id":"https:\/\/www.ecotechnology.at\/en\/#organization","name":"ecotechnology","url":"https:\/\/www.ecotechnology.at\/en\/","logo":{"@type":"ImageObject","inLanguage":"en-US","@id":"https:\/\/www.ecotechnology.at\/en\/#\/schema\/logo\/image\/","url":"https:\/\/www.ecotechnology.at\/wp-content\/uploads\/2023\/04\/ecolinks_logo_0.png","contentUrl":"https:\/\/www.ecotechnology.at\/wp-content\/uploads\/2023\/04\/ecolinks_logo_0.png","width":336,"height":128,"caption":"ecotechnology"},"image":{"@id":"https:\/\/www.ecotechnology.at\/en\/#\/schema\/logo\/image\/"}}]}},"_links":{"self":[{"href":"https:\/\/www.ecotechnology.at\/en\/wp-json\/wp\/v2\/termine\/20386","targetHints":{"allow":["GET"]}}],"collection":[{"href":"https:\/\/www.ecotechnology.at\/en\/wp-json\/wp\/v2\/termine"}],"about":[{"href":"https:\/\/www.ecotechnology.at\/en\/wp-json\/wp\/v2\/types\/termine"}],"version-history":[{"count":0,"href":"https:\/\/www.ecotechnology.at\/en\/wp-json\/wp\/v2\/termine\/20386\/revisions"}],"wp:attachment":[{"href":"https:\/\/www.ecotechnology.at\/en\/wp-json\/wp\/v2\/media?parent=20386"}],"wp:term":[{"taxonomy":"termin_category","embeddable":true,"href":"https:\/\/www.ecotechnology.at\/en\/wp-json\/wp\/v2\/termin_category?post=20386"},{"taxonomy":"cmcal_calendar","embeddable":true,"href":"https:\/\/www.ecotechnology.at\/en\/wp-json\/wp\/v2\/cmcal_calendar?post=20386"}],"curies":[{"name":"wp","href":"https:\/\/api.w.org\/{rel}","templated":true}]}}

Messe „Gebäude.Energie.Technik“ (GETEC)

<p>Bereits zum zwölften Mal findet die Gebäude.Energie.Technik (GETEC) 2019 in Freiburg statt. Vom 8. bis 10. Februar 2019 erfahren private und gewerbliche Bauherren sowie Architekten, Ingenieur-, Energieberatungsbüros und Handwerksbetriebe auf dem Freiburger Messegelände Neuigkeiten und Wissenswertes zum energieeffizienten Planen, Bauen und Wohnen. Hierbei nimmt die Digitalisierung eine immer bedeutendere Rolle ein. Daher widmen die Veranstalter 2019 dem hochaktuellen Thema digitalisiertes Zuhause oder „Smart Home“ einen eigenen Ausstellungsbereich. Die Schirmherrschaft der Messe hat erneut Franz Untersteller, baden-württembergischer Minister für Umwelt, Klima und Energiewirtschaft, übernommen. Er ordnet die GETEC in seinem Grußwort als führende Messe für energieeffizientes Planen, Bauen und Modernisieren im Südwesten ein. Unter www.getec-freiburg.de sind alle Informationen rund um das Messeprogramm für Besucher und Aussteller verfügbar. Parallel zur GETEC findet der 8. Kongress Energieautonome Kommunen (EAK) auf dem Freiburger Messegelände statt.&nbsp;</p>

<!-- This site is optimized with the Yoast SEO plugin v26.9 - https://yoast.com/product/yoast-seo-wordpress/ -->
<title>Messe „Gebäude.Energie.Technik“ (GETEC) - ecotechnology</title>
<meta name="robots" content="index, follow, max-snippet:-1, max-image-preview:large, max-video-preview:-1" />
<link rel="canonical" href="https://www.ecotechnology.at/en/termine/messe-gebaeude-energie-technik-getec/" />
<meta property="og:locale" content="en_US" />
<meta property="og:type" content="article" />
<meta property="og:title" content="Messe „Gebäude.Energie.Technik“ (GETEC) - ecotechnology" />
<meta property="og:description" content="Bereits zum zwölften Mal findet die Gebäude.Energie.Technik (GETEC) 2019 in Freiburg statt. Vom 8. bis 10. Februar 2019 erfahren private und gewerbliche Bauherren sowie Architekten, Ingenieur-, Energieberatungsbüros und Handwerksbetriebe auf dem Freiburger Messegelände Neuigkeiten und Wissenswertes zum energieeffizienten Planen, Bauen und Wohnen. Hierbei nimmt die Digitalisierung eine immer bedeutendere Rolle ein. Daher widmen die Veranstalter [&hellip;]" />
<meta property="og:url" content="https://www.ecotechnology.at/en/termine/messe-gebaeude-energie-technik-getec/" />
<meta property="og:site_name" content="ecotechnology" />
<meta name="twitter:card" content="summary_large_image" />
<meta name="twitter:label1" content="Est. reading time" />
	<meta name="twitter:data1" content="1 minute" />
<script type="application/ld+json" class="yoast-schema-graph">{"@context":"https://schema.org","@graph":[{"@type":"WebPage","@id":"https://www.ecotechnology.at/en/termine/messe-gebaeude-energie-technik-getec/","url":"https://www.ecotechnology.at/en/termine/messe-gebaeude-energie-technik-getec/","name":"Messe „Gebäude.Energie.Technik“ (GETEC) - ecotechnology","isPartOf":{"@id":"https://www.ecotechnology.at/en/#website"},"datePublished":"2023-08-09T18:37:12+00:00","breadcrumb":{"@id":"https://www.ecotechnology.at/en/termine/messe-gebaeude-energie-technik-getec/#breadcrumb"},"inLanguage":"en-US","potentialAction":[{"@type":"ReadAction","target":["https://www.ecotechnology.at/en/termine/messe-gebaeude-energie-technik-getec/"]}]},{"@type":"BreadcrumbList","@id":"https://www.ecotechnology.at/en/termine/messe-gebaeude-energie-technik-getec/#breadcrumb","itemListElement":[{"@type":"ListItem","position":1,"name":"Home","item":"https://www.ecotechnology.at/en/"},{"@type":"ListItem","position":2,"name":"Termine","item":"https://www.ecotechnology.at/en/termine/"},{"@type":"ListItem","position":3,"name":"Messe „Gebäude.Energie.Technik“ (GETEC)"}]},{"@type":"WebSite","@id":"https://www.ecotechnology.at/en/#website","url":"https://www.ecotechnology.at/en/","name":"ecotechnology","description":"","publisher":{"@id":"https://www.ecotechnology.at/en/#organization"},"potentialAction":[{"@type":"SearchAction","target":{"@type":"EntryPoint","urlTemplate":"https://www.ecotechnology.at/en/?s={search_term_string}"},"query-input":{"@type":"PropertyValueSpecification","valueRequired":true,"valueName":"search_term_string"}}],"inLanguage":"en-US"},{"@type":"Organization","@id":"https://www.ecotechnology.at/en/#organization","name":"ecotechnology","url":"https://www.ecotechnology.at/en/","logo":{"@type":"ImageObject","inLanguage":"en-US","@id":"https://www.ecotechnology.at/en/#/schema/logo/image/","url":"https://www.ecotechnology.at/wp-content/uploads/2023/04/ecolinks_logo_0.png","contentUrl":"https://www.ecotechnology.at/wp-content/uploads/2023/04/ecolinks_logo_0.png","width":336,"height":128,"caption":"ecotechnology"},"image":{"@id":"https://www.ecotechnology.at/en/#/schema/logo/image/"}}]}</script>
<!-- / Yoast SEO plugin. -->

Messe „Gebäude.Energie.Technik“ (GETEC) - ecotechnology

Bereits zum zwölften Mal findet die Gebäude.Energie.Technik (GETEC) 2019 in Freiburg statt. Vom 8. bis 10. Februar 2019 erfahren private und gewerbliche Bauherren sowie Architekten, Ingenieur-, Energieberatungsbüros und Handwerksbetriebe auf dem Freiburger Messegelände Neuigkeiten und Wissenswertes zum energieeffizienten Planen, Bauen und Wohnen. Hierbei nimmt die Digitalisierung eine immer bedeutendere Rolle ein. Daher widmen die Veranstalter [&hellip;]
