{"id":20330,"date":"2023-08-09T20:36:51","date_gmt":"2023-08-09T18:36:51","guid":{"rendered":"http:\/\/ecotechnology.wp.local\/termine\/konferenz-wachstum-im-wandel\/"},"modified":"2023-08-09T20:36:51","modified_gmt":"2023-08-09T18:36:51","slug":"konferenz-wachstum-im-wandel","status":"publish","type":"termine","link":"https:\/\/www.ecotechnology.at\/en\/termine\/konferenz-wachstum-im-wandel\/","title":{"rendered":"Konferenz &#8220;Wachstum im Wandel&#8221;"},"content":{"rendered":"<p>Unter dem Titel \u201eEurope\u2019s Transformation: Where People Matter\u201c findet am 14. und 15. November 2018 die 4. Internationale Wachstum im Wandel-Konferenz im Austria Center Vienna statt. Die Konferenz bildet ein breites Spektrum von Perspektiven aus Politik, Wirtschaft sowie der Zivilgesellschaft ab und l\u00e4dt dazu ein, den gesellschaftlichen Wandel mitzugestalten. Thematischer Schwerpunkt ist die Umsetzung der nachhaltigen Entwicklungsziele (SDGs) und des Pariser Klimaabkommens.<\/p>\n<p>Unter den Vortragenden sind u. a. \u00d6sterreichs Ministerin f\u00fcr Nachhaltigkeit und Tourismus, Elisabeth K\u00f6stinger, der ehemalige Generalsekret\u00e4r der Vereinten Nationen und Ko-Vorsitzender des Ban Ki-moon Centre for Global Citizens, Ban Ki-moon, die niederl\u00e4ndische Staatssekret\u00e4rin f\u00fcr Infrastruktur und Wassermanagement, Stientje van Veldhoven, der erste Vizevorsitzende der Europ\u00e4ischen Kommission, Frans Timmermans, der stv. Generaldirektor der GD Forschung und Innovation der Europ\u00e4ischen Kommission, Wolfgang Burtscher, die britische \u00d6konomin und Nachhaltigkeitsexpertin Kate Raworth, Tim Jackson, Professor f\u00fcr nachhaltige Entwicklung an der Universit\u00e4t Surrey und Autor von \u201eWohlstand ohne Wachstum\u201c, Brenda King, ehemalige Pr\u00e4sidentin des Sustainable Development Observatory, Innovationsforscherin Emma Dewberry, Hans Bruyninckx, Vorsitzender der europ\u00e4ischen Umweltagentur, Michaela Moser, Sozialforscherin und Armutsexpertin, Christoph Badelt, Leiter des \u00f6sterreichischen Instituts f\u00fcr Wirtschaftsforschung und Willibald Cernko, Chief Risk Officer der Erste Group.<\/p>\n<p>&nbsp;<\/p>\n","protected":false},"template":"","termin_category":[],"cmcal_calendar":[],"class_list":["post-20330","termine","type-termine","status-publish","hentry"],"acf":[],"yoast_head":"<!-- This site is optimized with the Yoast SEO plugin v26.9 - https:\/\/yoast.com\/product\/yoast-seo-wordpress\/ -->\n<title>Konferenz &quot;Wachstum im Wandel&quot; - ecotechnology<\/title>\n<meta name=\"robots\" content=\"index, follow, max-snippet:-1, max-image-preview:large, max-video-preview:-1\" \/>\n<link rel=\"canonical\" href=\"https:\/\/www.ecotechnology.at\/en\/termine\/konferenz-wachstum-im-wandel\/\" \/>\n<meta property=\"og:locale\" content=\"en_US\" \/>\n<meta property=\"og:type\" content=\"article\" \/>\n<meta property=\"og:title\" content=\"Konferenz &quot;Wachstum im Wandel&quot; - ecotechnology\" \/>\n<meta property=\"og:description\" content=\"Unter dem Titel \u201eEurope\u2019s Transformation: Where People Matter\u201c findet am 14. und 15. November 2018 die 4. Internationale Wachstum im Wandel-Konferenz im Austria Center Vienna statt. Die Konferenz bildet ein breites Spektrum von Perspektiven aus Politik, Wirtschaft sowie der Zivilgesellschaft ab und l\u00e4dt dazu ein, den gesellschaftlichen Wandel mitzugestalten. Thematischer Schwerpunkt ist die Umsetzung der [&hellip;]\" \/>\n<meta property=\"og:url\" content=\"https:\/\/www.ecotechnology.at\/en\/termine\/konferenz-wachstum-im-wandel\/\" \/>\n<meta property=\"og:site_name\" content=\"ecotechnology\" \/>\n<meta name=\"twitter:card\" content=\"summary_large_image\" \/>\n<meta name=\"twitter:label1\" content=\"Est. reading time\" \/>\n\t<meta name=\"twitter:data1\" content=\"1 minute\" \/>\n<script type=\"application\/ld+json\" class=\"yoast-schema-graph\">{\"@context\":\"https:\/\/schema.org\",\"@graph\":[{\"@type\":\"WebPage\",\"@id\":\"https:\/\/www.ecotechnology.at\/en\/termine\/konferenz-wachstum-im-wandel\/\",\"url\":\"https:\/\/www.ecotechnology.at\/en\/termine\/konferenz-wachstum-im-wandel\/\",\"name\":\"Konferenz \\\"Wachstum im Wandel\\\" - ecotechnology\",\"isPartOf\":{\"@id\":\"https:\/\/www.ecotechnology.at\/en\/#website\"},\"datePublished\":\"2023-08-09T18:36:51+00:00\",\"breadcrumb\":{\"@id\":\"https:\/\/www.ecotechnology.at\/en\/termine\/konferenz-wachstum-im-wandel\/#breadcrumb\"},\"inLanguage\":\"en-US\",\"potentialAction\":[{\"@type\":\"ReadAction\",\"target\":[\"https:\/\/www.ecotechnology.at\/en\/termine\/konferenz-wachstum-im-wandel\/\"]}]},{\"@type\":\"BreadcrumbList\",\"@id\":\"https:\/\/www.ecotechnology.at\/en\/termine\/konferenz-wachstum-im-wandel\/#breadcrumb\",\"itemListElement\":[{\"@type\":\"ListItem\",\"position\":1,\"name\":\"Home\",\"item\":\"https:\/\/www.ecotechnology.at\/en\/\"},{\"@type\":\"ListItem\",\"position\":2,\"name\":\"Termine\",\"item\":\"https:\/\/www.ecotechnology.at\/en\/termine\/\"},{\"@type\":\"ListItem\",\"position\":3,\"name\":\"Konferenz &#8220;Wachstum im Wandel&#8221;\"}]},{\"@type\":\"WebSite\",\"@id\":\"https:\/\/www.ecotechnology.at\/en\/#website\",\"url\":\"https:\/\/www.ecotechnology.at\/en\/\",\"name\":\"ecotechnology\",\"description\":\"\",\"publisher\":{\"@id\":\"https:\/\/www.ecotechnology.at\/en\/#organization\"},\"potentialAction\":[{\"@type\":\"SearchAction\",\"target\":{\"@type\":\"EntryPoint\",\"urlTemplate\":\"https:\/\/www.ecotechnology.at\/en\/?s={search_term_string}\"},\"query-input\":{\"@type\":\"PropertyValueSpecification\",\"valueRequired\":true,\"valueName\":\"search_term_string\"}}],\"inLanguage\":\"en-US\"},{\"@type\":\"Organization\",\"@id\":\"https:\/\/www.ecotechnology.at\/en\/#organization\",\"name\":\"ecotechnology\",\"url\":\"https:\/\/www.ecotechnology.at\/en\/\",\"logo\":{\"@type\":\"ImageObject\",\"inLanguage\":\"en-US\",\"@id\":\"https:\/\/www.ecotechnology.at\/en\/#\/schema\/logo\/image\/\",\"url\":\"https:\/\/www.ecotechnology.at\/wp-content\/uploads\/2023\/04\/ecolinks_logo_0.png\",\"contentUrl\":\"https:\/\/www.ecotechnology.at\/wp-content\/uploads\/2023\/04\/ecolinks_logo_0.png\",\"width\":336,\"height\":128,\"caption\":\"ecotechnology\"},\"image\":{\"@id\":\"https:\/\/www.ecotechnology.at\/en\/#\/schema\/logo\/image\/\"}}]}<\/script>\n<!-- \/ Yoast SEO plugin. -->","yoast_head_json":{"title":"Konferenz \"Wachstum im Wandel\" - ecotechnology","robots":{"index":"index","follow":"follow","max-snippet":"max-snippet:-1","max-image-preview":"max-image-preview:large","max-video-preview":"max-video-preview:-1"},"canonical":"https:\/\/www.ecotechnology.at\/en\/termine\/konferenz-wachstum-im-wandel\/","og_locale":"en_US","og_type":"article","og_title":"Konferenz \"Wachstum im Wandel\" - ecotechnology","og_description":"Unter dem Titel \u201eEurope\u2019s Transformation: Where People Matter\u201c findet am 14. und 15. November 2018 die 4. Internationale Wachstum im Wandel-Konferenz im Austria Center Vienna statt. Die Konferenz bildet ein breites Spektrum von Perspektiven aus Politik, Wirtschaft sowie der Zivilgesellschaft ab und l\u00e4dt dazu ein, den gesellschaftlichen Wandel mitzugestalten. Thematischer Schwerpunkt ist die Umsetzung der [&hellip;]","og_url":"https:\/\/www.ecotechnology.at\/en\/termine\/konferenz-wachstum-im-wandel\/","og_site_name":"ecotechnology","twitter_card":"summary_large_image","twitter_misc":{"Est. reading time":"1 minute"},"schema":{"@context":"https:\/\/schema.org","@graph":[{"@type":"WebPage","@id":"https:\/\/www.ecotechnology.at\/en\/termine\/konferenz-wachstum-im-wandel\/","url":"https:\/\/www.ecotechnology.at\/en\/termine\/konferenz-wachstum-im-wandel\/","name":"Konferenz \"Wachstum im Wandel\" - ecotechnology","isPartOf":{"@id":"https:\/\/www.ecotechnology.at\/en\/#website"},"datePublished":"2023-08-09T18:36:51+00:00","breadcrumb":{"@id":"https:\/\/www.ecotechnology.at\/en\/termine\/konferenz-wachstum-im-wandel\/#breadcrumb"},"inLanguage":"en-US","potentialAction":[{"@type":"ReadAction","target":["https:\/\/www.ecotechnology.at\/en\/termine\/konferenz-wachstum-im-wandel\/"]}]},{"@type":"BreadcrumbList","@id":"https:\/\/www.ecotechnology.at\/en\/termine\/konferenz-wachstum-im-wandel\/#breadcrumb","itemListElement":[{"@type":"ListItem","position":1,"name":"Home","item":"https:\/\/www.ecotechnology.at\/en\/"},{"@type":"ListItem","position":2,"name":"Termine","item":"https:\/\/www.ecotechnology.at\/en\/termine\/"},{"@type":"ListItem","position":3,"name":"Konferenz &#8220;Wachstum im Wandel&#8221;"}]},{"@type":"WebSite","@id":"https:\/\/www.ecotechnology.at\/en\/#website","url":"https:\/\/www.ecotechnology.at\/en\/","name":"ecotechnology","description":"","publisher":{"@id":"https:\/\/www.ecotechnology.at\/en\/#organization"},"potentialAction":[{"@type":"SearchAction","target":{"@type":"EntryPoint","urlTemplate":"https:\/\/www.ecotechnology.at\/en\/?s={search_term_string}"},"query-input":{"@type":"PropertyValueSpecification","valueRequired":true,"valueName":"search_term_string"}}],"inLanguage":"en-US"},{"@type":"Organization","@id":"https:\/\/www.ecotechnology.at\/en\/#organization","name":"ecotechnology","url":"https:\/\/www.ecotechnology.at\/en\/","logo":{"@type":"ImageObject","inLanguage":"en-US","@id":"https:\/\/www.ecotechnology.at\/en\/#\/schema\/logo\/image\/","url":"https:\/\/www.ecotechnology.at\/wp-content\/uploads\/2023\/04\/ecolinks_logo_0.png","contentUrl":"https:\/\/www.ecotechnology.at\/wp-content\/uploads\/2023\/04\/ecolinks_logo_0.png","width":336,"height":128,"caption":"ecotechnology"},"image":{"@id":"https:\/\/www.ecotechnology.at\/en\/#\/schema\/logo\/image\/"}}]}},"_links":{"self":[{"href":"https:\/\/www.ecotechnology.at\/en\/wp-json\/wp\/v2\/termine\/20330","targetHints":{"allow":["GET"]}}],"collection":[{"href":"https:\/\/www.ecotechnology.at\/en\/wp-json\/wp\/v2\/termine"}],"about":[{"href":"https:\/\/www.ecotechnology.at\/en\/wp-json\/wp\/v2\/types\/termine"}],"version-history":[{"count":0,"href":"https:\/\/www.ecotechnology.at\/en\/wp-json\/wp\/v2\/termine\/20330\/revisions"}],"wp:attachment":[{"href":"https:\/\/www.ecotechnology.at\/en\/wp-json\/wp\/v2\/media?parent=20330"}],"wp:term":[{"taxonomy":"termin_category","embeddable":true,"href":"https:\/\/www.ecotechnology.at\/en\/wp-json\/wp\/v2\/termin_category?post=20330"},{"taxonomy":"cmcal_calendar","embeddable":true,"href":"https:\/\/www.ecotechnology.at\/en\/wp-json\/wp\/v2\/cmcal_calendar?post=20330"}],"curies":[{"name":"wp","href":"https:\/\/api.w.org\/{rel}","templated":true}]}}

<p>Unter dem Titel „Europe’s Transformation: Where People Matter“ findet am 14. und 15. November 2018 die 4. Internationale Wachstum im Wandel-Konferenz im Austria Center Vienna statt. Die Konferenz bildet ein breites Spektrum von Perspektiven aus Politik, Wirtschaft sowie der Zivilgesellschaft ab und lädt dazu ein, den gesellschaftlichen Wandel mitzugestalten. Thematischer Schwerpunkt ist die Umsetzung der nachhaltigen Entwicklungsziele (SDGs) und des Pariser Klimaabkommens.</p>
<p>Unter den Vortragenden sind u. a. Österreichs Ministerin für Nachhaltigkeit und Tourismus, Elisabeth Köstinger, der ehemalige Generalsekretär der Vereinten Nationen und Ko-Vorsitzender des Ban Ki-moon Centre for Global Citizens, Ban Ki-moon, die niederländische Staatssekretärin für Infrastruktur und Wassermanagement, Stientje van Veldhoven, der erste Vizevorsitzende der Europäischen Kommission, Frans Timmermans, der stv. Generaldirektor der GD Forschung und Innovation der Europäischen Kommission, Wolfgang Burtscher, die britische Ökonomin und Nachhaltigkeitsexpertin Kate Raworth, Tim Jackson, Professor für nachhaltige Entwicklung an der Universität Surrey und Autor von „Wohlstand ohne Wachstum“, Brenda King, ehemalige Präsidentin des Sustainable Development Observatory, Innovationsforscherin Emma Dewberry, Hans Bruyninckx, Vorsitzender der europäischen Umweltagentur, Michaela Moser, Sozialforscherin und Armutsexpertin, Christoph Badelt, Leiter des österreichischen Instituts für Wirtschaftsforschung und Willibald Cernko, Chief Risk Officer der Erste Group.</p>
<p>&nbsp;</p>

<!-- This site is optimized with the Yoast SEO plugin v26.9 - https://yoast.com/product/yoast-seo-wordpress/ -->
<title>Konferenz &quot;Wachstum im Wandel&quot; - ecotechnology</title>
<meta name="robots" content="index, follow, max-snippet:-1, max-image-preview:large, max-video-preview:-1" />
<link rel="canonical" href="https://www.ecotechnology.at/en/termine/konferenz-wachstum-im-wandel/" />
<meta property="og:locale" content="en_US" />
<meta property="og:type" content="article" />
<meta property="og:title" content="Konferenz &quot;Wachstum im Wandel&quot; - ecotechnology" />
<meta property="og:description" content="Unter dem Titel „Europe’s Transformation: Where People Matter“ findet am 14. und 15. November 2018 die 4. Internationale Wachstum im Wandel-Konferenz im Austria Center Vienna statt. Die Konferenz bildet ein breites Spektrum von Perspektiven aus Politik, Wirtschaft sowie der Zivilgesellschaft ab und lädt dazu ein, den gesellschaftlichen Wandel mitzugestalten. Thematischer Schwerpunkt ist die Umsetzung der [&hellip;]" />
<meta property="og:url" content="https://www.ecotechnology.at/en/termine/konferenz-wachstum-im-wandel/" />
<meta property="og:site_name" content="ecotechnology" />
<meta name="twitter:card" content="summary_large_image" />
<meta name="twitter:label1" content="Est. reading time" />
	<meta name="twitter:data1" content="1 minute" />
<script type="application/ld+json" class="yoast-schema-graph">{"@context":"https://schema.org","@graph":[{"@type":"WebPage","@id":"https://www.ecotechnology.at/en/termine/konferenz-wachstum-im-wandel/","url":"https://www.ecotechnology.at/en/termine/konferenz-wachstum-im-wandel/","name":"Konferenz \"Wachstum im Wandel\" - ecotechnology","isPartOf":{"@id":"https://www.ecotechnology.at/en/#website"},"datePublished":"2023-08-09T18:36:51+00:00","breadcrumb":{"@id":"https://www.ecotechnology.at/en/termine/konferenz-wachstum-im-wandel/#breadcrumb"},"inLanguage":"en-US","potentialAction":[{"@type":"ReadAction","target":["https://www.ecotechnology.at/en/termine/konferenz-wachstum-im-wandel/"]}]},{"@type":"BreadcrumbList","@id":"https://www.ecotechnology.at/en/termine/konferenz-wachstum-im-wandel/#breadcrumb","itemListElement":[{"@type":"ListItem","position":1,"name":"Home","item":"https://www.ecotechnology.at/en/"},{"@type":"ListItem","position":2,"name":"Termine","item":"https://www.ecotechnology.at/en/termine/"},{"@type":"ListItem","position":3,"name":"Konferenz &#8220;Wachstum im Wandel&#8221;"}]},{"@type":"WebSite","@id":"https://www.ecotechnology.at/en/#website","url":"https://www.ecotechnology.at/en/","name":"ecotechnology","description":"","publisher":{"@id":"https://www.ecotechnology.at/en/#organization"},"potentialAction":[{"@type":"SearchAction","target":{"@type":"EntryPoint","urlTemplate":"https://www.ecotechnology.at/en/?s={search_term_string}"},"query-input":{"@type":"PropertyValueSpecification","valueRequired":true,"valueName":"search_term_string"}}],"inLanguage":"en-US"},{"@type":"Organization","@id":"https://www.ecotechnology.at/en/#organization","name":"ecotechnology","url":"https://www.ecotechnology.at/en/","logo":{"@type":"ImageObject","inLanguage":"en-US","@id":"https://www.ecotechnology.at/en/#/schema/logo/image/","url":"https://www.ecotechnology.at/wp-content/uploads/2023/04/ecolinks_logo_0.png","contentUrl":"https://www.ecotechnology.at/wp-content/uploads/2023/04/ecolinks_logo_0.png","width":336,"height":128,"caption":"ecotechnology"},"image":{"@id":"https://www.ecotechnology.at/en/#/schema/logo/image/"}}]}</script>
<!-- / Yoast SEO plugin. -->

Unter dem Titel „Europe’s Transformation: Where People Matter“ findet am 14. und 15. November 2018 die 4. Internationale Wachstum im Wandel-Konferenz im Austria Center Vienna statt. Die Konferenz bildet ein breites Spektrum von Perspektiven aus Politik, Wirtschaft sowie der Zivilgesellschaft ab und lädt dazu ein, den gesellschaftlichen Wandel mitzugestalten. Thematischer Schwerpunkt ist die Umsetzung der [&hellip;]
