{"id":20321,"date":"2023-08-09T20:36:46","date_gmt":"2023-08-09T18:36:46","guid":{"rendered":"http:\/\/ecotechnology.wp.local\/termine\/berliner-klaerschlammkonferenz\/"},"modified":"2023-08-09T20:36:46","modified_gmt":"2023-08-09T18:36:46","slug":"berliner-klaerschlammkonferenz","status":"publish","type":"termine","link":"https:\/\/www.ecotechnology.at\/en\/termine\/berliner-klaerschlammkonferenz\/","title":{"rendered":"Berliner Kl\u00e4rschlammkonferenz"},"content":{"rendered":"<p>Die Berliner Kl\u00e4rschlammkonferenz findet am 5. und 6. November 2018 statt und soll die Tradition der anderen Berliner Konferenzen aus dem Bereich der Umwelttechnik und Abfallwirtschaft weiterf\u00fchren und erg\u00e4nzen, um den vielf\u00e4ltigen Entwicklungen im Zuge der novellierten AbfKl\u00e4rV gerecht zu werden.<\/p>\n<p>Daf\u00fcr werden anerkannte Referenten aus Wirtschaft, Politik, Wissenschaft und Technik aktuelle Themen vorstellen und mit den Teilnehmern diskutieren. Der Austausch von Erfahrungen, Ideen und Konzepten wird Impulse f\u00fcr Kooperationen und Projekte geben und soll die erforderlichen Entwicklungen im Zuge der ver\u00e4nderten Rechtslage vorantreiben.<\/p>\n<p>Am ersten Tag in einer Plenarveranstaltung stehen politische, rechtliche und strategische Themen sowie \u00dcbersichtsvortr\u00e4ge zu den technischen Grundlagen im Vordergrund. Am zweiten Tag soll es zwei Parallelveranstaltungen geben, bei denen rechtliche Grundlagen, Anlagenkonzepte, Projekte und technische Entwicklungen detaillierter vorgestellt werden sollen. Besonderes Augenmerk gilt dabei dem Thema Phosphorr\u00fcckgewinnung.<\/p>\n","protected":false},"template":"","termin_category":[],"cmcal_calendar":[],"class_list":["post-20321","termine","type-termine","status-publish","hentry"],"acf":[],"yoast_head":"<!-- This site is optimized with the Yoast SEO plugin v26.9 - https:\/\/yoast.com\/product\/yoast-seo-wordpress\/ -->\n<title>Berliner Kl\u00e4rschlammkonferenz - ecotechnology<\/title>\n<meta name=\"robots\" content=\"index, follow, max-snippet:-1, max-image-preview:large, max-video-preview:-1\" \/>\n<link rel=\"canonical\" href=\"https:\/\/www.ecotechnology.at\/en\/termine\/berliner-klaerschlammkonferenz\/\" \/>\n<meta property=\"og:locale\" content=\"en_US\" \/>\n<meta property=\"og:type\" content=\"article\" \/>\n<meta property=\"og:title\" content=\"Berliner Kl\u00e4rschlammkonferenz - ecotechnology\" \/>\n<meta property=\"og:description\" content=\"Die Berliner Kl\u00e4rschlammkonferenz findet am 5. und 6. November 2018 statt und soll die Tradition der anderen Berliner Konferenzen aus dem Bereich der Umwelttechnik und Abfallwirtschaft weiterf\u00fchren und erg\u00e4nzen, um den vielf\u00e4ltigen Entwicklungen im Zuge der novellierten AbfKl\u00e4rV gerecht zu werden. Daf\u00fcr werden anerkannte Referenten aus Wirtschaft, Politik, Wissenschaft und Technik aktuelle Themen vorstellen und [&hellip;]\" \/>\n<meta property=\"og:url\" content=\"https:\/\/www.ecotechnology.at\/en\/termine\/berliner-klaerschlammkonferenz\/\" \/>\n<meta property=\"og:site_name\" content=\"ecotechnology\" \/>\n<meta name=\"twitter:card\" content=\"summary_large_image\" \/>\n<meta name=\"twitter:label1\" content=\"Est. reading time\" \/>\n\t<meta name=\"twitter:data1\" content=\"1 minute\" \/>\n<script type=\"application\/ld+json\" class=\"yoast-schema-graph\">{\"@context\":\"https:\/\/schema.org\",\"@graph\":[{\"@type\":\"WebPage\",\"@id\":\"https:\/\/www.ecotechnology.at\/en\/termine\/berliner-klaerschlammkonferenz\/\",\"url\":\"https:\/\/www.ecotechnology.at\/en\/termine\/berliner-klaerschlammkonferenz\/\",\"name\":\"Berliner Kl\u00e4rschlammkonferenz - ecotechnology\",\"isPartOf\":{\"@id\":\"https:\/\/www.ecotechnology.at\/en\/#website\"},\"datePublished\":\"2023-08-09T18:36:46+00:00\",\"breadcrumb\":{\"@id\":\"https:\/\/www.ecotechnology.at\/en\/termine\/berliner-klaerschlammkonferenz\/#breadcrumb\"},\"inLanguage\":\"en-US\",\"potentialAction\":[{\"@type\":\"ReadAction\",\"target\":[\"https:\/\/www.ecotechnology.at\/en\/termine\/berliner-klaerschlammkonferenz\/\"]}]},{\"@type\":\"BreadcrumbList\",\"@id\":\"https:\/\/www.ecotechnology.at\/en\/termine\/berliner-klaerschlammkonferenz\/#breadcrumb\",\"itemListElement\":[{\"@type\":\"ListItem\",\"position\":1,\"name\":\"Home\",\"item\":\"https:\/\/www.ecotechnology.at\/en\/\"},{\"@type\":\"ListItem\",\"position\":2,\"name\":\"Termine\",\"item\":\"https:\/\/www.ecotechnology.at\/en\/termine\/\"},{\"@type\":\"ListItem\",\"position\":3,\"name\":\"Berliner Kl\u00e4rschlammkonferenz\"}]},{\"@type\":\"WebSite\",\"@id\":\"https:\/\/www.ecotechnology.at\/en\/#website\",\"url\":\"https:\/\/www.ecotechnology.at\/en\/\",\"name\":\"ecotechnology\",\"description\":\"\",\"publisher\":{\"@id\":\"https:\/\/www.ecotechnology.at\/en\/#organization\"},\"potentialAction\":[{\"@type\":\"SearchAction\",\"target\":{\"@type\":\"EntryPoint\",\"urlTemplate\":\"https:\/\/www.ecotechnology.at\/en\/?s={search_term_string}\"},\"query-input\":{\"@type\":\"PropertyValueSpecification\",\"valueRequired\":true,\"valueName\":\"search_term_string\"}}],\"inLanguage\":\"en-US\"},{\"@type\":\"Organization\",\"@id\":\"https:\/\/www.ecotechnology.at\/en\/#organization\",\"name\":\"ecotechnology\",\"url\":\"https:\/\/www.ecotechnology.at\/en\/\",\"logo\":{\"@type\":\"ImageObject\",\"inLanguage\":\"en-US\",\"@id\":\"https:\/\/www.ecotechnology.at\/en\/#\/schema\/logo\/image\/\",\"url\":\"https:\/\/www.ecotechnology.at\/wp-content\/uploads\/2023\/04\/ecolinks_logo_0.png\",\"contentUrl\":\"https:\/\/www.ecotechnology.at\/wp-content\/uploads\/2023\/04\/ecolinks_logo_0.png\",\"width\":336,\"height\":128,\"caption\":\"ecotechnology\"},\"image\":{\"@id\":\"https:\/\/www.ecotechnology.at\/en\/#\/schema\/logo\/image\/\"}}]}<\/script>\n<!-- \/ Yoast SEO plugin. -->","yoast_head_json":{"title":"Berliner Kl\u00e4rschlammkonferenz - ecotechnology","robots":{"index":"index","follow":"follow","max-snippet":"max-snippet:-1","max-image-preview":"max-image-preview:large","max-video-preview":"max-video-preview:-1"},"canonical":"https:\/\/www.ecotechnology.at\/en\/termine\/berliner-klaerschlammkonferenz\/","og_locale":"en_US","og_type":"article","og_title":"Berliner Kl\u00e4rschlammkonferenz - ecotechnology","og_description":"Die Berliner Kl\u00e4rschlammkonferenz findet am 5. und 6. November 2018 statt und soll die Tradition der anderen Berliner Konferenzen aus dem Bereich der Umwelttechnik und Abfallwirtschaft weiterf\u00fchren und erg\u00e4nzen, um den vielf\u00e4ltigen Entwicklungen im Zuge der novellierten AbfKl\u00e4rV gerecht zu werden. Daf\u00fcr werden anerkannte Referenten aus Wirtschaft, Politik, Wissenschaft und Technik aktuelle Themen vorstellen und [&hellip;]","og_url":"https:\/\/www.ecotechnology.at\/en\/termine\/berliner-klaerschlammkonferenz\/","og_site_name":"ecotechnology","twitter_card":"summary_large_image","twitter_misc":{"Est. reading time":"1 minute"},"schema":{"@context":"https:\/\/schema.org","@graph":[{"@type":"WebPage","@id":"https:\/\/www.ecotechnology.at\/en\/termine\/berliner-klaerschlammkonferenz\/","url":"https:\/\/www.ecotechnology.at\/en\/termine\/berliner-klaerschlammkonferenz\/","name":"Berliner Kl\u00e4rschlammkonferenz - ecotechnology","isPartOf":{"@id":"https:\/\/www.ecotechnology.at\/en\/#website"},"datePublished":"2023-08-09T18:36:46+00:00","breadcrumb":{"@id":"https:\/\/www.ecotechnology.at\/en\/termine\/berliner-klaerschlammkonferenz\/#breadcrumb"},"inLanguage":"en-US","potentialAction":[{"@type":"ReadAction","target":["https:\/\/www.ecotechnology.at\/en\/termine\/berliner-klaerschlammkonferenz\/"]}]},{"@type":"BreadcrumbList","@id":"https:\/\/www.ecotechnology.at\/en\/termine\/berliner-klaerschlammkonferenz\/#breadcrumb","itemListElement":[{"@type":"ListItem","position":1,"name":"Home","item":"https:\/\/www.ecotechnology.at\/en\/"},{"@type":"ListItem","position":2,"name":"Termine","item":"https:\/\/www.ecotechnology.at\/en\/termine\/"},{"@type":"ListItem","position":3,"name":"Berliner Kl\u00e4rschlammkonferenz"}]},{"@type":"WebSite","@id":"https:\/\/www.ecotechnology.at\/en\/#website","url":"https:\/\/www.ecotechnology.at\/en\/","name":"ecotechnology","description":"","publisher":{"@id":"https:\/\/www.ecotechnology.at\/en\/#organization"},"potentialAction":[{"@type":"SearchAction","target":{"@type":"EntryPoint","urlTemplate":"https:\/\/www.ecotechnology.at\/en\/?s={search_term_string}"},"query-input":{"@type":"PropertyValueSpecification","valueRequired":true,"valueName":"search_term_string"}}],"inLanguage":"en-US"},{"@type":"Organization","@id":"https:\/\/www.ecotechnology.at\/en\/#organization","name":"ecotechnology","url":"https:\/\/www.ecotechnology.at\/en\/","logo":{"@type":"ImageObject","inLanguage":"en-US","@id":"https:\/\/www.ecotechnology.at\/en\/#\/schema\/logo\/image\/","url":"https:\/\/www.ecotechnology.at\/wp-content\/uploads\/2023\/04\/ecolinks_logo_0.png","contentUrl":"https:\/\/www.ecotechnology.at\/wp-content\/uploads\/2023\/04\/ecolinks_logo_0.png","width":336,"height":128,"caption":"ecotechnology"},"image":{"@id":"https:\/\/www.ecotechnology.at\/en\/#\/schema\/logo\/image\/"}}]}},"_links":{"self":[{"href":"https:\/\/www.ecotechnology.at\/en\/wp-json\/wp\/v2\/termine\/20321","targetHints":{"allow":["GET"]}}],"collection":[{"href":"https:\/\/www.ecotechnology.at\/en\/wp-json\/wp\/v2\/termine"}],"about":[{"href":"https:\/\/www.ecotechnology.at\/en\/wp-json\/wp\/v2\/types\/termine"}],"version-history":[{"count":0,"href":"https:\/\/www.ecotechnology.at\/en\/wp-json\/wp\/v2\/termine\/20321\/revisions"}],"wp:attachment":[{"href":"https:\/\/www.ecotechnology.at\/en\/wp-json\/wp\/v2\/media?parent=20321"}],"wp:term":[{"taxonomy":"termin_category","embeddable":true,"href":"https:\/\/www.ecotechnology.at\/en\/wp-json\/wp\/v2\/termin_category?post=20321"},{"taxonomy":"cmcal_calendar","embeddable":true,"href":"https:\/\/www.ecotechnology.at\/en\/wp-json\/wp\/v2\/cmcal_calendar?post=20321"}],"curies":[{"name":"wp","href":"https:\/\/api.w.org\/{rel}","templated":true}]}}

Berliner Klärschlammkonferenz

<p>Die Berliner Klärschlammkonferenz findet am 5. und 6. November 2018 statt und soll die Tradition der anderen Berliner Konferenzen aus dem Bereich der Umwelttechnik und Abfallwirtschaft weiterführen und ergänzen, um den vielfältigen Entwicklungen im Zuge der novellierten AbfKlärV gerecht zu werden.</p>
<p>Dafür werden anerkannte Referenten aus Wirtschaft, Politik, Wissenschaft und Technik aktuelle Themen vorstellen und mit den Teilnehmern diskutieren. Der Austausch von Erfahrungen, Ideen und Konzepten wird Impulse für Kooperationen und Projekte geben und soll die erforderlichen Entwicklungen im Zuge der veränderten Rechtslage vorantreiben.</p>
<p>Am ersten Tag in einer Plenarveranstaltung stehen politische, rechtliche und strategische Themen sowie Übersichtsvorträge zu den technischen Grundlagen im Vordergrund. Am zweiten Tag soll es zwei Parallelveranstaltungen geben, bei denen rechtliche Grundlagen, Anlagenkonzepte, Projekte und technische Entwicklungen detaillierter vorgestellt werden sollen. Besonderes Augenmerk gilt dabei dem Thema Phosphorrückgewinnung.</p>

<!-- This site is optimized with the Yoast SEO plugin v26.9 - https://yoast.com/product/yoast-seo-wordpress/ -->
<title>Berliner Klärschlammkonferenz - ecotechnology</title>
<meta name="robots" content="index, follow, max-snippet:-1, max-image-preview:large, max-video-preview:-1" />
<link rel="canonical" href="https://www.ecotechnology.at/en/termine/berliner-klaerschlammkonferenz/" />
<meta property="og:locale" content="en_US" />
<meta property="og:type" content="article" />
<meta property="og:title" content="Berliner Klärschlammkonferenz - ecotechnology" />
<meta property="og:description" content="Die Berliner Klärschlammkonferenz findet am 5. und 6. November 2018 statt und soll die Tradition der anderen Berliner Konferenzen aus dem Bereich der Umwelttechnik und Abfallwirtschaft weiterführen und ergänzen, um den vielfältigen Entwicklungen im Zuge der novellierten AbfKlärV gerecht zu werden. Dafür werden anerkannte Referenten aus Wirtschaft, Politik, Wissenschaft und Technik aktuelle Themen vorstellen und [&hellip;]" />
<meta property="og:url" content="https://www.ecotechnology.at/en/termine/berliner-klaerschlammkonferenz/" />
<meta property="og:site_name" content="ecotechnology" />
<meta name="twitter:card" content="summary_large_image" />
<meta name="twitter:label1" content="Est. reading time" />
	<meta name="twitter:data1" content="1 minute" />
<script type="application/ld+json" class="yoast-schema-graph">{"@context":"https://schema.org","@graph":[{"@type":"WebPage","@id":"https://www.ecotechnology.at/en/termine/berliner-klaerschlammkonferenz/","url":"https://www.ecotechnology.at/en/termine/berliner-klaerschlammkonferenz/","name":"Berliner Klärschlammkonferenz - ecotechnology","isPartOf":{"@id":"https://www.ecotechnology.at/en/#website"},"datePublished":"2023-08-09T18:36:46+00:00","breadcrumb":{"@id":"https://www.ecotechnology.at/en/termine/berliner-klaerschlammkonferenz/#breadcrumb"},"inLanguage":"en-US","potentialAction":[{"@type":"ReadAction","target":["https://www.ecotechnology.at/en/termine/berliner-klaerschlammkonferenz/"]}]},{"@type":"BreadcrumbList","@id":"https://www.ecotechnology.at/en/termine/berliner-klaerschlammkonferenz/#breadcrumb","itemListElement":[{"@type":"ListItem","position":1,"name":"Home","item":"https://www.ecotechnology.at/en/"},{"@type":"ListItem","position":2,"name":"Termine","item":"https://www.ecotechnology.at/en/termine/"},{"@type":"ListItem","position":3,"name":"Berliner Klärschlammkonferenz"}]},{"@type":"WebSite","@id":"https://www.ecotechnology.at/en/#website","url":"https://www.ecotechnology.at/en/","name":"ecotechnology","description":"","publisher":{"@id":"https://www.ecotechnology.at/en/#organization"},"potentialAction":[{"@type":"SearchAction","target":{"@type":"EntryPoint","urlTemplate":"https://www.ecotechnology.at/en/?s={search_term_string}"},"query-input":{"@type":"PropertyValueSpecification","valueRequired":true,"valueName":"search_term_string"}}],"inLanguage":"en-US"},{"@type":"Organization","@id":"https://www.ecotechnology.at/en/#organization","name":"ecotechnology","url":"https://www.ecotechnology.at/en/","logo":{"@type":"ImageObject","inLanguage":"en-US","@id":"https://www.ecotechnology.at/en/#/schema/logo/image/","url":"https://www.ecotechnology.at/wp-content/uploads/2023/04/ecolinks_logo_0.png","contentUrl":"https://www.ecotechnology.at/wp-content/uploads/2023/04/ecolinks_logo_0.png","width":336,"height":128,"caption":"ecotechnology"},"image":{"@id":"https://www.ecotechnology.at/en/#/schema/logo/image/"}}]}</script>
<!-- / Yoast SEO plugin. -->

Berliner Klärschlammkonferenz - ecotechnology

Die Berliner Klärschlammkonferenz findet am 5. und 6. November 2018 statt und soll die Tradition der anderen Berliner Konferenzen aus dem Bereich der Umwelttechnik und Abfallwirtschaft weiterführen und ergänzen, um den vielfältigen Entwicklungen im Zuge der novellierten AbfKlärV gerecht zu werden. Dafür werden anerkannte Referenten aus Wirtschaft, Politik, Wissenschaft und Technik aktuelle Themen vorstellen und [&hellip;]
