{"id":20279,"date":"2023-08-09T20:36:40","date_gmt":"2023-08-09T18:36:40","guid":{"rendered":"http:\/\/ecotechnology.wp.local\/termine\/eu-wasserkonferenz-2018\/"},"modified":"2023-08-09T20:36:40","modified_gmt":"2023-08-09T18:36:40","slug":"eu-wasserkonferenz-2018","status":"publish","type":"termine","link":"https:\/\/www.ecotechnology.at\/en\/termine\/eu-wasserkonferenz-2018\/","title":{"rendered":"EU Wasserkonferenz 2018"},"content":{"rendered":"<p>Im Rahmen der EU-Ratspr\u00e4sidentschaft im 2. Halbjahr 2018 veranstaltet und organisiert das Bundesministerium f\u00fcr Nachhaltigkeit und Tourismus gemeinsam mit der Europ\u00e4ischen Kommission (DG ENV) am 20. und 21. September die 5. Europ\u00e4ische Wasserkonferenz in Wien.&nbsp;<\/p>\n<p>Schwerpunkt der Konferenz ist die Evaluierung der Umsetzung der Wasserrahmenrichtlinie und der Hochwasserrichtlinie. Es werden die Berichte der Kommission \u00fcber die Bewirtschaftungspl\u00e4ne und Hochwasserrisikomanagementpl\u00e4ne der Mitgliedsstaaten sowie der Bericht der Europ\u00e4ischen Umweltagentur \u00fcber den Zustand der Gew\u00e4sser vorgestellt und diskutiert.<\/p>\n<p>Weitere Themen sind die \u00dcberpr\u00fcfung der Wasserrahmenrichtlinie und Hochwasserrichtlinie (&#8220;Fitness Check&#8221;) und die Evaluierung der Kommunalen Abwasserrichtlinie. Die Ergebnisse der Konferenz werden direkt in die \u00f6ffentlichen Konsultationen zu diesem Prozess einflie\u00dfen.<\/p>\n<p>Die Konferenz findet im Museumsquartier\/Halle E statt und steht allen Interessierten im Bereich der Wasserwirtschaft offen, die Registrierung startet voraussichtlich Ende Februar 2018.<\/p>\n","protected":false},"template":"","termin_category":[],"cmcal_calendar":[],"class_list":["post-20279","termine","type-termine","status-publish","hentry"],"acf":[],"yoast_head":"<!-- This site is optimized with the Yoast SEO plugin v26.9 - https:\/\/yoast.com\/product\/yoast-seo-wordpress\/ -->\n<title>EU Wasserkonferenz 2018 - ecotechnology<\/title>\n<meta name=\"robots\" content=\"index, follow, max-snippet:-1, max-image-preview:large, max-video-preview:-1\" \/>\n<link rel=\"canonical\" href=\"https:\/\/www.ecotechnology.at\/en\/termine\/eu-wasserkonferenz-2018\/\" \/>\n<meta property=\"og:locale\" content=\"en_US\" \/>\n<meta property=\"og:type\" content=\"article\" \/>\n<meta property=\"og:title\" content=\"EU Wasserkonferenz 2018 - ecotechnology\" \/>\n<meta property=\"og:description\" content=\"Im Rahmen der EU-Ratspr\u00e4sidentschaft im 2. Halbjahr 2018 veranstaltet und organisiert das Bundesministerium f\u00fcr Nachhaltigkeit und Tourismus gemeinsam mit der Europ\u00e4ischen Kommission (DG ENV) am 20. und 21. September die 5. Europ\u00e4ische Wasserkonferenz in Wien.&nbsp; Schwerpunkt der Konferenz ist die Evaluierung der Umsetzung der Wasserrahmenrichtlinie und der Hochwasserrichtlinie. Es werden die Berichte der Kommission \u00fcber [&hellip;]\" \/>\n<meta property=\"og:url\" content=\"https:\/\/www.ecotechnology.at\/en\/termine\/eu-wasserkonferenz-2018\/\" \/>\n<meta property=\"og:site_name\" content=\"ecotechnology\" \/>\n<meta name=\"twitter:card\" content=\"summary_large_image\" \/>\n<meta name=\"twitter:label1\" content=\"Est. reading time\" \/>\n\t<meta name=\"twitter:data1\" content=\"1 minute\" \/>\n<script type=\"application\/ld+json\" class=\"yoast-schema-graph\">{\"@context\":\"https:\/\/schema.org\",\"@graph\":[{\"@type\":\"WebPage\",\"@id\":\"https:\/\/www.ecotechnology.at\/en\/termine\/eu-wasserkonferenz-2018\/\",\"url\":\"https:\/\/www.ecotechnology.at\/en\/termine\/eu-wasserkonferenz-2018\/\",\"name\":\"EU Wasserkonferenz 2018 - ecotechnology\",\"isPartOf\":{\"@id\":\"https:\/\/www.ecotechnology.at\/en\/#website\"},\"datePublished\":\"2023-08-09T18:36:40+00:00\",\"breadcrumb\":{\"@id\":\"https:\/\/www.ecotechnology.at\/en\/termine\/eu-wasserkonferenz-2018\/#breadcrumb\"},\"inLanguage\":\"en-US\",\"potentialAction\":[{\"@type\":\"ReadAction\",\"target\":[\"https:\/\/www.ecotechnology.at\/en\/termine\/eu-wasserkonferenz-2018\/\"]}]},{\"@type\":\"BreadcrumbList\",\"@id\":\"https:\/\/www.ecotechnology.at\/en\/termine\/eu-wasserkonferenz-2018\/#breadcrumb\",\"itemListElement\":[{\"@type\":\"ListItem\",\"position\":1,\"name\":\"Home\",\"item\":\"https:\/\/www.ecotechnology.at\/en\/\"},{\"@type\":\"ListItem\",\"position\":2,\"name\":\"Termine\",\"item\":\"https:\/\/www.ecotechnology.at\/en\/termine\/\"},{\"@type\":\"ListItem\",\"position\":3,\"name\":\"EU Wasserkonferenz 2018\"}]},{\"@type\":\"WebSite\",\"@id\":\"https:\/\/www.ecotechnology.at\/en\/#website\",\"url\":\"https:\/\/www.ecotechnology.at\/en\/\",\"name\":\"ecotechnology\",\"description\":\"\",\"publisher\":{\"@id\":\"https:\/\/www.ecotechnology.at\/en\/#organization\"},\"potentialAction\":[{\"@type\":\"SearchAction\",\"target\":{\"@type\":\"EntryPoint\",\"urlTemplate\":\"https:\/\/www.ecotechnology.at\/en\/?s={search_term_string}\"},\"query-input\":{\"@type\":\"PropertyValueSpecification\",\"valueRequired\":true,\"valueName\":\"search_term_string\"}}],\"inLanguage\":\"en-US\"},{\"@type\":\"Organization\",\"@id\":\"https:\/\/www.ecotechnology.at\/en\/#organization\",\"name\":\"ecotechnology\",\"url\":\"https:\/\/www.ecotechnology.at\/en\/\",\"logo\":{\"@type\":\"ImageObject\",\"inLanguage\":\"en-US\",\"@id\":\"https:\/\/www.ecotechnology.at\/en\/#\/schema\/logo\/image\/\",\"url\":\"https:\/\/www.ecotechnology.at\/wp-content\/uploads\/2023\/04\/ecolinks_logo_0.png\",\"contentUrl\":\"https:\/\/www.ecotechnology.at\/wp-content\/uploads\/2023\/04\/ecolinks_logo_0.png\",\"width\":336,\"height\":128,\"caption\":\"ecotechnology\"},\"image\":{\"@id\":\"https:\/\/www.ecotechnology.at\/en\/#\/schema\/logo\/image\/\"}}]}<\/script>\n<!-- \/ Yoast SEO plugin. -->","yoast_head_json":{"title":"EU Wasserkonferenz 2018 - ecotechnology","robots":{"index":"index","follow":"follow","max-snippet":"max-snippet:-1","max-image-preview":"max-image-preview:large","max-video-preview":"max-video-preview:-1"},"canonical":"https:\/\/www.ecotechnology.at\/en\/termine\/eu-wasserkonferenz-2018\/","og_locale":"en_US","og_type":"article","og_title":"EU Wasserkonferenz 2018 - ecotechnology","og_description":"Im Rahmen der EU-Ratspr\u00e4sidentschaft im 2. Halbjahr 2018 veranstaltet und organisiert das Bundesministerium f\u00fcr Nachhaltigkeit und Tourismus gemeinsam mit der Europ\u00e4ischen Kommission (DG ENV) am 20. und 21. September die 5. Europ\u00e4ische Wasserkonferenz in Wien.&nbsp; Schwerpunkt der Konferenz ist die Evaluierung der Umsetzung der Wasserrahmenrichtlinie und der Hochwasserrichtlinie. Es werden die Berichte der Kommission \u00fcber [&hellip;]","og_url":"https:\/\/www.ecotechnology.at\/en\/termine\/eu-wasserkonferenz-2018\/","og_site_name":"ecotechnology","twitter_card":"summary_large_image","twitter_misc":{"Est. reading time":"1 minute"},"schema":{"@context":"https:\/\/schema.org","@graph":[{"@type":"WebPage","@id":"https:\/\/www.ecotechnology.at\/en\/termine\/eu-wasserkonferenz-2018\/","url":"https:\/\/www.ecotechnology.at\/en\/termine\/eu-wasserkonferenz-2018\/","name":"EU Wasserkonferenz 2018 - ecotechnology","isPartOf":{"@id":"https:\/\/www.ecotechnology.at\/en\/#website"},"datePublished":"2023-08-09T18:36:40+00:00","breadcrumb":{"@id":"https:\/\/www.ecotechnology.at\/en\/termine\/eu-wasserkonferenz-2018\/#breadcrumb"},"inLanguage":"en-US","potentialAction":[{"@type":"ReadAction","target":["https:\/\/www.ecotechnology.at\/en\/termine\/eu-wasserkonferenz-2018\/"]}]},{"@type":"BreadcrumbList","@id":"https:\/\/www.ecotechnology.at\/en\/termine\/eu-wasserkonferenz-2018\/#breadcrumb","itemListElement":[{"@type":"ListItem","position":1,"name":"Home","item":"https:\/\/www.ecotechnology.at\/en\/"},{"@type":"ListItem","position":2,"name":"Termine","item":"https:\/\/www.ecotechnology.at\/en\/termine\/"},{"@type":"ListItem","position":3,"name":"EU Wasserkonferenz 2018"}]},{"@type":"WebSite","@id":"https:\/\/www.ecotechnology.at\/en\/#website","url":"https:\/\/www.ecotechnology.at\/en\/","name":"ecotechnology","description":"","publisher":{"@id":"https:\/\/www.ecotechnology.at\/en\/#organization"},"potentialAction":[{"@type":"SearchAction","target":{"@type":"EntryPoint","urlTemplate":"https:\/\/www.ecotechnology.at\/en\/?s={search_term_string}"},"query-input":{"@type":"PropertyValueSpecification","valueRequired":true,"valueName":"search_term_string"}}],"inLanguage":"en-US"},{"@type":"Organization","@id":"https:\/\/www.ecotechnology.at\/en\/#organization","name":"ecotechnology","url":"https:\/\/www.ecotechnology.at\/en\/","logo":{"@type":"ImageObject","inLanguage":"en-US","@id":"https:\/\/www.ecotechnology.at\/en\/#\/schema\/logo\/image\/","url":"https:\/\/www.ecotechnology.at\/wp-content\/uploads\/2023\/04\/ecolinks_logo_0.png","contentUrl":"https:\/\/www.ecotechnology.at\/wp-content\/uploads\/2023\/04\/ecolinks_logo_0.png","width":336,"height":128,"caption":"ecotechnology"},"image":{"@id":"https:\/\/www.ecotechnology.at\/en\/#\/schema\/logo\/image\/"}}]}},"_links":{"self":[{"href":"https:\/\/www.ecotechnology.at\/en\/wp-json\/wp\/v2\/termine\/20279","targetHints":{"allow":["GET"]}}],"collection":[{"href":"https:\/\/www.ecotechnology.at\/en\/wp-json\/wp\/v2\/termine"}],"about":[{"href":"https:\/\/www.ecotechnology.at\/en\/wp-json\/wp\/v2\/types\/termine"}],"version-history":[{"count":0,"href":"https:\/\/www.ecotechnology.at\/en\/wp-json\/wp\/v2\/termine\/20279\/revisions"}],"wp:attachment":[{"href":"https:\/\/www.ecotechnology.at\/en\/wp-json\/wp\/v2\/media?parent=20279"}],"wp:term":[{"taxonomy":"termin_category","embeddable":true,"href":"https:\/\/www.ecotechnology.at\/en\/wp-json\/wp\/v2\/termin_category?post=20279"},{"taxonomy":"cmcal_calendar","embeddable":true,"href":"https:\/\/www.ecotechnology.at\/en\/wp-json\/wp\/v2\/cmcal_calendar?post=20279"}],"curies":[{"name":"wp","href":"https:\/\/api.w.org\/{rel}","templated":true}]}}

<p>Im Rahmen der EU-Ratspräsidentschaft im 2. Halbjahr 2018 veranstaltet und organisiert das Bundesministerium für Nachhaltigkeit und Tourismus gemeinsam mit der Europäischen Kommission (DG ENV) am 20. und 21. September die 5. Europäische Wasserkonferenz in Wien.&nbsp;</p>
<p>Schwerpunkt der Konferenz ist die Evaluierung der Umsetzung der Wasserrahmenrichtlinie und der Hochwasserrichtlinie. Es werden die Berichte der Kommission über die Bewirtschaftungspläne und Hochwasserrisikomanagementpläne der Mitgliedsstaaten sowie der Bericht der Europäischen Umweltagentur über den Zustand der Gewässer vorgestellt und diskutiert.</p>
<p>Weitere Themen sind die Überprüfung der Wasserrahmenrichtlinie und Hochwasserrichtlinie (&#8220;Fitness Check&#8221;) und die Evaluierung der Kommunalen Abwasserrichtlinie. Die Ergebnisse der Konferenz werden direkt in die öffentlichen Konsultationen zu diesem Prozess einfließen.</p>
<p>Die Konferenz findet im Museumsquartier/Halle E statt und steht allen Interessierten im Bereich der Wasserwirtschaft offen, die Registrierung startet voraussichtlich Ende Februar 2018.</p>

<!-- This site is optimized with the Yoast SEO plugin v26.9 - https://yoast.com/product/yoast-seo-wordpress/ -->
<title>EU Wasserkonferenz 2018 - ecotechnology</title>
<meta name="robots" content="index, follow, max-snippet:-1, max-image-preview:large, max-video-preview:-1" />
<link rel="canonical" href="https://www.ecotechnology.at/en/termine/eu-wasserkonferenz-2018/" />
<meta property="og:locale" content="en_US" />
<meta property="og:type" content="article" />
<meta property="og:title" content="EU Wasserkonferenz 2018 - ecotechnology" />
<meta property="og:description" content="Im Rahmen der EU-Ratspräsidentschaft im 2. Halbjahr 2018 veranstaltet und organisiert das Bundesministerium für Nachhaltigkeit und Tourismus gemeinsam mit der Europäischen Kommission (DG ENV) am 20. und 21. September die 5. Europäische Wasserkonferenz in Wien.&nbsp; Schwerpunkt der Konferenz ist die Evaluierung der Umsetzung der Wasserrahmenrichtlinie und der Hochwasserrichtlinie. Es werden die Berichte der Kommission über [&hellip;]" />
<meta property="og:url" content="https://www.ecotechnology.at/en/termine/eu-wasserkonferenz-2018/" />
<meta property="og:site_name" content="ecotechnology" />
<meta name="twitter:card" content="summary_large_image" />
<meta name="twitter:label1" content="Est. reading time" />
	<meta name="twitter:data1" content="1 minute" />
<script type="application/ld+json" class="yoast-schema-graph">{"@context":"https://schema.org","@graph":[{"@type":"WebPage","@id":"https://www.ecotechnology.at/en/termine/eu-wasserkonferenz-2018/","url":"https://www.ecotechnology.at/en/termine/eu-wasserkonferenz-2018/","name":"EU Wasserkonferenz 2018 - ecotechnology","isPartOf":{"@id":"https://www.ecotechnology.at/en/#website"},"datePublished":"2023-08-09T18:36:40+00:00","breadcrumb":{"@id":"https://www.ecotechnology.at/en/termine/eu-wasserkonferenz-2018/#breadcrumb"},"inLanguage":"en-US","potentialAction":[{"@type":"ReadAction","target":["https://www.ecotechnology.at/en/termine/eu-wasserkonferenz-2018/"]}]},{"@type":"BreadcrumbList","@id":"https://www.ecotechnology.at/en/termine/eu-wasserkonferenz-2018/#breadcrumb","itemListElement":[{"@type":"ListItem","position":1,"name":"Home","item":"https://www.ecotechnology.at/en/"},{"@type":"ListItem","position":2,"name":"Termine","item":"https://www.ecotechnology.at/en/termine/"},{"@type":"ListItem","position":3,"name":"EU Wasserkonferenz 2018"}]},{"@type":"WebSite","@id":"https://www.ecotechnology.at/en/#website","url":"https://www.ecotechnology.at/en/","name":"ecotechnology","description":"","publisher":{"@id":"https://www.ecotechnology.at/en/#organization"},"potentialAction":[{"@type":"SearchAction","target":{"@type":"EntryPoint","urlTemplate":"https://www.ecotechnology.at/en/?s={search_term_string}"},"query-input":{"@type":"PropertyValueSpecification","valueRequired":true,"valueName":"search_term_string"}}],"inLanguage":"en-US"},{"@type":"Organization","@id":"https://www.ecotechnology.at/en/#organization","name":"ecotechnology","url":"https://www.ecotechnology.at/en/","logo":{"@type":"ImageObject","inLanguage":"en-US","@id":"https://www.ecotechnology.at/en/#/schema/logo/image/","url":"https://www.ecotechnology.at/wp-content/uploads/2023/04/ecolinks_logo_0.png","contentUrl":"https://www.ecotechnology.at/wp-content/uploads/2023/04/ecolinks_logo_0.png","width":336,"height":128,"caption":"ecotechnology"},"image":{"@id":"https://www.ecotechnology.at/en/#/schema/logo/image/"}}]}</script>
<!-- / Yoast SEO plugin. -->

Im Rahmen der EU-Ratspräsidentschaft im 2. Halbjahr 2018 veranstaltet und organisiert das Bundesministerium für Nachhaltigkeit und Tourismus gemeinsam mit der Europäischen Kommission (DG ENV) am 20. und 21. September die 5. Europäische Wasserkonferenz in Wien.&nbsp; Schwerpunkt der Konferenz ist die Evaluierung der Umsetzung der Wasserrahmenrichtlinie und der Hochwasserrichtlinie. Es werden die Berichte der Kommission über [&hellip;]
