{"id":20258,"date":"2023-08-09T20:36:37","date_gmt":"2023-08-09T18:36:37","guid":{"rendered":"http:\/\/ecotechnology.wp.local\/termine\/isenec-2018-integration-of-sustainable-energy-conference\/"},"modified":"2023-08-09T20:36:37","modified_gmt":"2023-08-09T18:36:37","slug":"isenec-2018-integration-of-sustainable-energy-conference","status":"publish","type":"termine","link":"https:\/\/www.ecotechnology.at\/en\/termine\/isenec-2018-integration-of-sustainable-energy-conference\/","title":{"rendered":"iSEnEC 2018: Integration of Sustainable Energy Conference"},"content":{"rendered":"<p>Der Beitrag der erneuerbaren Energien am Strom- und Energiesektor nimmt stetig zu. Die Herausforderung f\u00fcr die Zukunft: die intelligente Integration auf Systemebene. Die iSEnEC \u2013 Integration of Sustainable Energy Expo &amp; Conference in N\u00fcrnberg widmet sich schwerpunktm\u00e4\u00dfig diesen interdisziplin\u00e4ren Fragen und vernetzt Experten aus allen Sektoren der erneuerbaren Energiewirtschaft. Im Mittelpunkt der Konferenz steht der fachliche Dialog \u00fcber die Themenfelder Integration, St\u00e4dte, Geb\u00e4ude, Baustoffe, Wind, Solar, Kraft-W\u00e4rme-Kopplung, Smartgrid, Speicher, M\u00e4rkte, Simulation &amp; Modellierung, Green Production, Nachwachsende Rohstoffe, Start-Ups, Mobilit\u00e4t sowie Elektrolyse &amp; Brennstoffzelle. Durch eine gemeinsame Fachausstellung sowie Plenarvortr\u00e4ge werden die Themen miteinander verbunden.<\/p>\n<p>Im Rahmen der iSEnEC diskutieren am 17. und 18. Juli 2018 im Messezentrum N\u00fcrnberg Teilnehmer aus Wirtschaft, Wissenschaft und Politik zentrale Fragen der erneuerbaren Energiewirtschaft \u2013 von der Erzeugung \u00fcber Transport und Speicherung bis zur effizienten Nutzung. Die Metropolregion N\u00fcrnberg ist ein bedeutender Standort f\u00fcr die Energiewirtschaft in Europa und stellt namhafte strategische Partner der iSEnEC, wie den Energie Campus N\u00fcrnberg, die ENERGIEregion N\u00fcrnberg e.V. und die Friedrich-Alexander-Universit\u00e4t Erlangen-N\u00fcrnberg. Die diesj\u00e4hrigen Keynote-Speaker sind Dr. Yves Bock, Siemens AG, MdB Dr. Toni Hofreiter, Prof. Peter Dabrock, Vorsitzender des Deutschen Ethikrates und Prof. Dr. Robert Schl\u00f6gl, Fritz-Haber-Institut der Max-Planck-Gesellschaft. Die Anmeldung f\u00fcr den Kongress erfolgt unter: <a href=\"https:\/\/www.isenec.org\/teilnahme\" target=\"_blank\" rel=\"noopener\">www.isenec.org\/teilnahme<\/a><\/p>\n","protected":false},"template":"","termin_category":[],"cmcal_calendar":[],"class_list":["post-20258","termine","type-termine","status-publish","hentry"],"acf":[],"yoast_head":"<!-- This site is optimized with the Yoast SEO plugin v26.9 - https:\/\/yoast.com\/product\/yoast-seo-wordpress\/ -->\n<title>iSEnEC 2018: Integration of Sustainable Energy Conference - ecotechnology<\/title>\n<meta name=\"robots\" content=\"index, follow, max-snippet:-1, max-image-preview:large, max-video-preview:-1\" \/>\n<link rel=\"canonical\" href=\"https:\/\/www.ecotechnology.at\/en\/termine\/isenec-2018-integration-of-sustainable-energy-conference\/\" \/>\n<meta property=\"og:locale\" content=\"en_US\" \/>\n<meta property=\"og:type\" content=\"article\" \/>\n<meta property=\"og:title\" content=\"iSEnEC 2018: Integration of Sustainable Energy Conference - ecotechnology\" \/>\n<meta property=\"og:description\" content=\"Der Beitrag der erneuerbaren Energien am Strom- und Energiesektor nimmt stetig zu. Die Herausforderung f\u00fcr die Zukunft: die intelligente Integration auf Systemebene. Die iSEnEC \u2013 Integration of Sustainable Energy Expo &amp; Conference in N\u00fcrnberg widmet sich schwerpunktm\u00e4\u00dfig diesen interdisziplin\u00e4ren Fragen und vernetzt Experten aus allen Sektoren der erneuerbaren Energiewirtschaft. Im Mittelpunkt der Konferenz steht der [&hellip;]\" \/>\n<meta property=\"og:url\" content=\"https:\/\/www.ecotechnology.at\/en\/termine\/isenec-2018-integration-of-sustainable-energy-conference\/\" \/>\n<meta property=\"og:site_name\" content=\"ecotechnology\" \/>\n<meta name=\"twitter:card\" content=\"summary_large_image\" \/>\n<meta name=\"twitter:label1\" content=\"Est. reading time\" \/>\n\t<meta name=\"twitter:data1\" content=\"1 minute\" \/>\n<script type=\"application\/ld+json\" class=\"yoast-schema-graph\">{\"@context\":\"https:\/\/schema.org\",\"@graph\":[{\"@type\":\"WebPage\",\"@id\":\"https:\/\/www.ecotechnology.at\/en\/termine\/isenec-2018-integration-of-sustainable-energy-conference\/\",\"url\":\"https:\/\/www.ecotechnology.at\/en\/termine\/isenec-2018-integration-of-sustainable-energy-conference\/\",\"name\":\"iSEnEC 2018: Integration of Sustainable Energy Conference - ecotechnology\",\"isPartOf\":{\"@id\":\"https:\/\/www.ecotechnology.at\/en\/#website\"},\"datePublished\":\"2023-08-09T18:36:37+00:00\",\"breadcrumb\":{\"@id\":\"https:\/\/www.ecotechnology.at\/en\/termine\/isenec-2018-integration-of-sustainable-energy-conference\/#breadcrumb\"},\"inLanguage\":\"en-US\",\"potentialAction\":[{\"@type\":\"ReadAction\",\"target\":[\"https:\/\/www.ecotechnology.at\/en\/termine\/isenec-2018-integration-of-sustainable-energy-conference\/\"]}]},{\"@type\":\"BreadcrumbList\",\"@id\":\"https:\/\/www.ecotechnology.at\/en\/termine\/isenec-2018-integration-of-sustainable-energy-conference\/#breadcrumb\",\"itemListElement\":[{\"@type\":\"ListItem\",\"position\":1,\"name\":\"Home\",\"item\":\"https:\/\/www.ecotechnology.at\/en\/\"},{\"@type\":\"ListItem\",\"position\":2,\"name\":\"Termine\",\"item\":\"https:\/\/www.ecotechnology.at\/en\/termine\/\"},{\"@type\":\"ListItem\",\"position\":3,\"name\":\"iSEnEC 2018: Integration of Sustainable Energy Conference\"}]},{\"@type\":\"WebSite\",\"@id\":\"https:\/\/www.ecotechnology.at\/en\/#website\",\"url\":\"https:\/\/www.ecotechnology.at\/en\/\",\"name\":\"ecotechnology\",\"description\":\"\",\"publisher\":{\"@id\":\"https:\/\/www.ecotechnology.at\/en\/#organization\"},\"potentialAction\":[{\"@type\":\"SearchAction\",\"target\":{\"@type\":\"EntryPoint\",\"urlTemplate\":\"https:\/\/www.ecotechnology.at\/en\/?s={search_term_string}\"},\"query-input\":{\"@type\":\"PropertyValueSpecification\",\"valueRequired\":true,\"valueName\":\"search_term_string\"}}],\"inLanguage\":\"en-US\"},{\"@type\":\"Organization\",\"@id\":\"https:\/\/www.ecotechnology.at\/en\/#organization\",\"name\":\"ecotechnology\",\"url\":\"https:\/\/www.ecotechnology.at\/en\/\",\"logo\":{\"@type\":\"ImageObject\",\"inLanguage\":\"en-US\",\"@id\":\"https:\/\/www.ecotechnology.at\/en\/#\/schema\/logo\/image\/\",\"url\":\"https:\/\/www.ecotechnology.at\/wp-content\/uploads\/2023\/04\/ecolinks_logo_0.png\",\"contentUrl\":\"https:\/\/www.ecotechnology.at\/wp-content\/uploads\/2023\/04\/ecolinks_logo_0.png\",\"width\":336,\"height\":128,\"caption\":\"ecotechnology\"},\"image\":{\"@id\":\"https:\/\/www.ecotechnology.at\/en\/#\/schema\/logo\/image\/\"}}]}<\/script>\n<!-- \/ Yoast SEO plugin. -->","yoast_head_json":{"title":"iSEnEC 2018: Integration of Sustainable Energy Conference - ecotechnology","robots":{"index":"index","follow":"follow","max-snippet":"max-snippet:-1","max-image-preview":"max-image-preview:large","max-video-preview":"max-video-preview:-1"},"canonical":"https:\/\/www.ecotechnology.at\/en\/termine\/isenec-2018-integration-of-sustainable-energy-conference\/","og_locale":"en_US","og_type":"article","og_title":"iSEnEC 2018: Integration of Sustainable Energy Conference - ecotechnology","og_description":"Der Beitrag der erneuerbaren Energien am Strom- und Energiesektor nimmt stetig zu. Die Herausforderung f\u00fcr die Zukunft: die intelligente Integration auf Systemebene. Die iSEnEC \u2013 Integration of Sustainable Energy Expo &amp; Conference in N\u00fcrnberg widmet sich schwerpunktm\u00e4\u00dfig diesen interdisziplin\u00e4ren Fragen und vernetzt Experten aus allen Sektoren der erneuerbaren Energiewirtschaft. Im Mittelpunkt der Konferenz steht der [&hellip;]","og_url":"https:\/\/www.ecotechnology.at\/en\/termine\/isenec-2018-integration-of-sustainable-energy-conference\/","og_site_name":"ecotechnology","twitter_card":"summary_large_image","twitter_misc":{"Est. reading time":"1 minute"},"schema":{"@context":"https:\/\/schema.org","@graph":[{"@type":"WebPage","@id":"https:\/\/www.ecotechnology.at\/en\/termine\/isenec-2018-integration-of-sustainable-energy-conference\/","url":"https:\/\/www.ecotechnology.at\/en\/termine\/isenec-2018-integration-of-sustainable-energy-conference\/","name":"iSEnEC 2018: Integration of Sustainable Energy Conference - ecotechnology","isPartOf":{"@id":"https:\/\/www.ecotechnology.at\/en\/#website"},"datePublished":"2023-08-09T18:36:37+00:00","breadcrumb":{"@id":"https:\/\/www.ecotechnology.at\/en\/termine\/isenec-2018-integration-of-sustainable-energy-conference\/#breadcrumb"},"inLanguage":"en-US","potentialAction":[{"@type":"ReadAction","target":["https:\/\/www.ecotechnology.at\/en\/termine\/isenec-2018-integration-of-sustainable-energy-conference\/"]}]},{"@type":"BreadcrumbList","@id":"https:\/\/www.ecotechnology.at\/en\/termine\/isenec-2018-integration-of-sustainable-energy-conference\/#breadcrumb","itemListElement":[{"@type":"ListItem","position":1,"name":"Home","item":"https:\/\/www.ecotechnology.at\/en\/"},{"@type":"ListItem","position":2,"name":"Termine","item":"https:\/\/www.ecotechnology.at\/en\/termine\/"},{"@type":"ListItem","position":3,"name":"iSEnEC 2018: Integration of Sustainable Energy Conference"}]},{"@type":"WebSite","@id":"https:\/\/www.ecotechnology.at\/en\/#website","url":"https:\/\/www.ecotechnology.at\/en\/","name":"ecotechnology","description":"","publisher":{"@id":"https:\/\/www.ecotechnology.at\/en\/#organization"},"potentialAction":[{"@type":"SearchAction","target":{"@type":"EntryPoint","urlTemplate":"https:\/\/www.ecotechnology.at\/en\/?s={search_term_string}"},"query-input":{"@type":"PropertyValueSpecification","valueRequired":true,"valueName":"search_term_string"}}],"inLanguage":"en-US"},{"@type":"Organization","@id":"https:\/\/www.ecotechnology.at\/en\/#organization","name":"ecotechnology","url":"https:\/\/www.ecotechnology.at\/en\/","logo":{"@type":"ImageObject","inLanguage":"en-US","@id":"https:\/\/www.ecotechnology.at\/en\/#\/schema\/logo\/image\/","url":"https:\/\/www.ecotechnology.at\/wp-content\/uploads\/2023\/04\/ecolinks_logo_0.png","contentUrl":"https:\/\/www.ecotechnology.at\/wp-content\/uploads\/2023\/04\/ecolinks_logo_0.png","width":336,"height":128,"caption":"ecotechnology"},"image":{"@id":"https:\/\/www.ecotechnology.at\/en\/#\/schema\/logo\/image\/"}}]}},"_links":{"self":[{"href":"https:\/\/www.ecotechnology.at\/en\/wp-json\/wp\/v2\/termine\/20258","targetHints":{"allow":["GET"]}}],"collection":[{"href":"https:\/\/www.ecotechnology.at\/en\/wp-json\/wp\/v2\/termine"}],"about":[{"href":"https:\/\/www.ecotechnology.at\/en\/wp-json\/wp\/v2\/types\/termine"}],"version-history":[{"count":0,"href":"https:\/\/www.ecotechnology.at\/en\/wp-json\/wp\/v2\/termine\/20258\/revisions"}],"wp:attachment":[{"href":"https:\/\/www.ecotechnology.at\/en\/wp-json\/wp\/v2\/media?parent=20258"}],"wp:term":[{"taxonomy":"termin_category","embeddable":true,"href":"https:\/\/www.ecotechnology.at\/en\/wp-json\/wp\/v2\/termin_category?post=20258"},{"taxonomy":"cmcal_calendar","embeddable":true,"href":"https:\/\/www.ecotechnology.at\/en\/wp-json\/wp\/v2\/cmcal_calendar?post=20258"}],"curies":[{"name":"wp","href":"https:\/\/api.w.org\/{rel}","templated":true}]}}

<p>Der Beitrag der erneuerbaren Energien am Strom- und Energiesektor nimmt stetig zu. Die Herausforderung für die Zukunft: die intelligente Integration auf Systemebene. Die iSEnEC – Integration of Sustainable Energy Expo &amp; Conference in Nürnberg widmet sich schwerpunktmäßig diesen interdisziplinären Fragen und vernetzt Experten aus allen Sektoren der erneuerbaren Energiewirtschaft. Im Mittelpunkt der Konferenz steht der fachliche Dialog über die Themenfelder Integration, Städte, Gebäude, Baustoffe, Wind, Solar, Kraft-Wärme-Kopplung, Smartgrid, Speicher, Märkte, Simulation &amp; Modellierung, Green Production, Nachwachsende Rohstoffe, Start-Ups, Mobilität sowie Elektrolyse &amp; Brennstoffzelle. Durch eine gemeinsame Fachausstellung sowie Plenarvorträge werden die Themen miteinander verbunden.</p>
<p>Im Rahmen der iSEnEC diskutieren am 17. und 18. Juli 2018 im Messezentrum Nürnberg Teilnehmer aus Wirtschaft, Wissenschaft und Politik zentrale Fragen der erneuerbaren Energiewirtschaft – von der Erzeugung über Transport und Speicherung bis zur effizienten Nutzung. Die Metropolregion Nürnberg ist ein bedeutender Standort für die Energiewirtschaft in Europa und stellt namhafte strategische Partner der iSEnEC, wie den Energie Campus Nürnberg, die ENERGIEregion Nürnberg e.V. und die Friedrich-Alexander-Universität Erlangen-Nürnberg. Die diesjährigen Keynote-Speaker sind Dr. Yves Bock, Siemens AG, MdB Dr. Toni Hofreiter, Prof. Peter Dabrock, Vorsitzender des Deutschen Ethikrates und Prof. Dr. Robert Schlögl, Fritz-Haber-Institut der Max-Planck-Gesellschaft. Die Anmeldung für den Kongress erfolgt unter: <a href="https://www.isenec.org/teilnahme" target="_blank" rel="noopener">www.isenec.org/teilnahme</a></p>

<!-- This site is optimized with the Yoast SEO plugin v26.9 - https://yoast.com/product/yoast-seo-wordpress/ -->
<title>iSEnEC 2018: Integration of Sustainable Energy Conference - ecotechnology</title>
<meta name="robots" content="index, follow, max-snippet:-1, max-image-preview:large, max-video-preview:-1" />
<link rel="canonical" href="https://www.ecotechnology.at/en/termine/isenec-2018-integration-of-sustainable-energy-conference/" />
<meta property="og:locale" content="en_US" />
<meta property="og:type" content="article" />
<meta property="og:title" content="iSEnEC 2018: Integration of Sustainable Energy Conference - ecotechnology" />
<meta property="og:description" content="Der Beitrag der erneuerbaren Energien am Strom- und Energiesektor nimmt stetig zu. Die Herausforderung für die Zukunft: die intelligente Integration auf Systemebene. Die iSEnEC – Integration of Sustainable Energy Expo &amp; Conference in Nürnberg widmet sich schwerpunktmäßig diesen interdisziplinären Fragen und vernetzt Experten aus allen Sektoren der erneuerbaren Energiewirtschaft. Im Mittelpunkt der Konferenz steht der [&hellip;]" />
<meta property="og:url" content="https://www.ecotechnology.at/en/termine/isenec-2018-integration-of-sustainable-energy-conference/" />
<meta property="og:site_name" content="ecotechnology" />
<meta name="twitter:card" content="summary_large_image" />
<meta name="twitter:label1" content="Est. reading time" />
	<meta name="twitter:data1" content="1 minute" />
<script type="application/ld+json" class="yoast-schema-graph">{"@context":"https://schema.org","@graph":[{"@type":"WebPage","@id":"https://www.ecotechnology.at/en/termine/isenec-2018-integration-of-sustainable-energy-conference/","url":"https://www.ecotechnology.at/en/termine/isenec-2018-integration-of-sustainable-energy-conference/","name":"iSEnEC 2018: Integration of Sustainable Energy Conference - ecotechnology","isPartOf":{"@id":"https://www.ecotechnology.at/en/#website"},"datePublished":"2023-08-09T18:36:37+00:00","breadcrumb":{"@id":"https://www.ecotechnology.at/en/termine/isenec-2018-integration-of-sustainable-energy-conference/#breadcrumb"},"inLanguage":"en-US","potentialAction":[{"@type":"ReadAction","target":["https://www.ecotechnology.at/en/termine/isenec-2018-integration-of-sustainable-energy-conference/"]}]},{"@type":"BreadcrumbList","@id":"https://www.ecotechnology.at/en/termine/isenec-2018-integration-of-sustainable-energy-conference/#breadcrumb","itemListElement":[{"@type":"ListItem","position":1,"name":"Home","item":"https://www.ecotechnology.at/en/"},{"@type":"ListItem","position":2,"name":"Termine","item":"https://www.ecotechnology.at/en/termine/"},{"@type":"ListItem","position":3,"name":"iSEnEC 2018: Integration of Sustainable Energy Conference"}]},{"@type":"WebSite","@id":"https://www.ecotechnology.at/en/#website","url":"https://www.ecotechnology.at/en/","name":"ecotechnology","description":"","publisher":{"@id":"https://www.ecotechnology.at/en/#organization"},"potentialAction":[{"@type":"SearchAction","target":{"@type":"EntryPoint","urlTemplate":"https://www.ecotechnology.at/en/?s={search_term_string}"},"query-input":{"@type":"PropertyValueSpecification","valueRequired":true,"valueName":"search_term_string"}}],"inLanguage":"en-US"},{"@type":"Organization","@id":"https://www.ecotechnology.at/en/#organization","name":"ecotechnology","url":"https://www.ecotechnology.at/en/","logo":{"@type":"ImageObject","inLanguage":"en-US","@id":"https://www.ecotechnology.at/en/#/schema/logo/image/","url":"https://www.ecotechnology.at/wp-content/uploads/2023/04/ecolinks_logo_0.png","contentUrl":"https://www.ecotechnology.at/wp-content/uploads/2023/04/ecolinks_logo_0.png","width":336,"height":128,"caption":"ecotechnology"},"image":{"@id":"https://www.ecotechnology.at/en/#/schema/logo/image/"}}]}</script>
<!-- / Yoast SEO plugin. -->

Der Beitrag der erneuerbaren Energien am Strom- und Energiesektor nimmt stetig zu. Die Herausforderung für die Zukunft: die intelligente Integration auf Systemebene. Die iSEnEC – Integration of Sustainable Energy Expo &amp; Conference in Nürnberg widmet sich schwerpunktmäßig diesen interdisziplinären Fragen und vernetzt Experten aus allen Sektoren der erneuerbaren Energiewirtschaft. Im Mittelpunkt der Konferenz steht der [&hellip;]
