{"id":20253,"date":"2023-08-09T20:36:36","date_gmt":"2023-08-09T18:36:36","guid":{"rendered":"http:\/\/ecotechnology.wp.local\/termine\/intersolar-europe\/"},"modified":"2023-08-09T20:36:36","modified_gmt":"2023-08-09T18:36:36","slug":"intersolar-europe","status":"publish","type":"termine","link":"https:\/\/www.ecotechnology.at\/en\/termine\/intersolar-europe\/","title":{"rendered":"Intersolar Europe"},"content":{"rendered":"<p>Als internationale Drehscheibe f\u00fcr Solartechnik spiegelt die Intersolar Europe in M\u00fcnchen die dynamische Entwicklung entlang der gesamten Wertsch\u00f6pfungskette in den Bereichen Photovoltaik und Solarthermie wider. Fachbesucher aus Industrie, Handel und Handwerk, Zulieferer und Institutionen erwartet ein umfangreicheres Rahmenprogramm mit Konferenzen, Seminaren, Workshops und Vortr\u00e4gen zu den neuesten Branchentrends und Vermittlung von praktischem Know-How. Die Intersolar Europe als Weltleitmesse erm\u00f6glicht dadurch einen gezielten, pers\u00f6nlichen Austausch von wertvollen Informationen zu Produkten, M\u00e4rkten und Dienstleistungen.&nbsp;<\/p>\n<p>&nbsp;<\/p>\n","protected":false},"template":"","termin_category":[],"cmcal_calendar":[],"class_list":["post-20253","termine","type-termine","status-publish","hentry"],"acf":[],"yoast_head":"<!-- This site is optimized with the Yoast SEO plugin v26.9 - https:\/\/yoast.com\/product\/yoast-seo-wordpress\/ -->\n<title>Intersolar Europe - ecotechnology<\/title>\n<meta name=\"robots\" content=\"index, follow, max-snippet:-1, max-image-preview:large, max-video-preview:-1\" \/>\n<link rel=\"canonical\" href=\"https:\/\/www.ecotechnology.at\/en\/termine\/intersolar-europe\/\" \/>\n<meta property=\"og:locale\" content=\"en_US\" \/>\n<meta property=\"og:type\" content=\"article\" \/>\n<meta property=\"og:title\" content=\"Intersolar Europe - ecotechnology\" \/>\n<meta property=\"og:description\" content=\"Als internationale Drehscheibe f\u00fcr Solartechnik spiegelt die Intersolar Europe in M\u00fcnchen die dynamische Entwicklung entlang der gesamten Wertsch\u00f6pfungskette in den Bereichen Photovoltaik und Solarthermie wider. Fachbesucher aus Industrie, Handel und Handwerk, Zulieferer und Institutionen erwartet ein umfangreicheres Rahmenprogramm mit Konferenzen, Seminaren, Workshops und Vortr\u00e4gen zu den neuesten Branchentrends und Vermittlung von praktischem Know-How. Die Intersolar [&hellip;]\" \/>\n<meta property=\"og:url\" content=\"https:\/\/www.ecotechnology.at\/en\/termine\/intersolar-europe\/\" \/>\n<meta property=\"og:site_name\" content=\"ecotechnology\" \/>\n<meta name=\"twitter:card\" content=\"summary_large_image\" \/>\n<script type=\"application\/ld+json\" class=\"yoast-schema-graph\">{\"@context\":\"https:\/\/schema.org\",\"@graph\":[{\"@type\":\"WebPage\",\"@id\":\"https:\/\/www.ecotechnology.at\/en\/termine\/intersolar-europe\/\",\"url\":\"https:\/\/www.ecotechnology.at\/en\/termine\/intersolar-europe\/\",\"name\":\"Intersolar Europe - ecotechnology\",\"isPartOf\":{\"@id\":\"https:\/\/www.ecotechnology.at\/en\/#website\"},\"datePublished\":\"2023-08-09T18:36:36+00:00\",\"breadcrumb\":{\"@id\":\"https:\/\/www.ecotechnology.at\/en\/termine\/intersolar-europe\/#breadcrumb\"},\"inLanguage\":\"en-US\",\"potentialAction\":[{\"@type\":\"ReadAction\",\"target\":[\"https:\/\/www.ecotechnology.at\/en\/termine\/intersolar-europe\/\"]}]},{\"@type\":\"BreadcrumbList\",\"@id\":\"https:\/\/www.ecotechnology.at\/en\/termine\/intersolar-europe\/#breadcrumb\",\"itemListElement\":[{\"@type\":\"ListItem\",\"position\":1,\"name\":\"Home\",\"item\":\"https:\/\/www.ecotechnology.at\/en\/\"},{\"@type\":\"ListItem\",\"position\":2,\"name\":\"Termine\",\"item\":\"https:\/\/www.ecotechnology.at\/en\/termine\/\"},{\"@type\":\"ListItem\",\"position\":3,\"name\":\"Intersolar Europe\"}]},{\"@type\":\"WebSite\",\"@id\":\"https:\/\/www.ecotechnology.at\/en\/#website\",\"url\":\"https:\/\/www.ecotechnology.at\/en\/\",\"name\":\"ecotechnology\",\"description\":\"\",\"publisher\":{\"@id\":\"https:\/\/www.ecotechnology.at\/en\/#organization\"},\"potentialAction\":[{\"@type\":\"SearchAction\",\"target\":{\"@type\":\"EntryPoint\",\"urlTemplate\":\"https:\/\/www.ecotechnology.at\/en\/?s={search_term_string}\"},\"query-input\":{\"@type\":\"PropertyValueSpecification\",\"valueRequired\":true,\"valueName\":\"search_term_string\"}}],\"inLanguage\":\"en-US\"},{\"@type\":\"Organization\",\"@id\":\"https:\/\/www.ecotechnology.at\/en\/#organization\",\"name\":\"ecotechnology\",\"url\":\"https:\/\/www.ecotechnology.at\/en\/\",\"logo\":{\"@type\":\"ImageObject\",\"inLanguage\":\"en-US\",\"@id\":\"https:\/\/www.ecotechnology.at\/en\/#\/schema\/logo\/image\/\",\"url\":\"https:\/\/www.ecotechnology.at\/wp-content\/uploads\/2023\/04\/ecolinks_logo_0.png\",\"contentUrl\":\"https:\/\/www.ecotechnology.at\/wp-content\/uploads\/2023\/04\/ecolinks_logo_0.png\",\"width\":336,\"height\":128,\"caption\":\"ecotechnology\"},\"image\":{\"@id\":\"https:\/\/www.ecotechnology.at\/en\/#\/schema\/logo\/image\/\"}}]}<\/script>\n<!-- \/ Yoast SEO plugin. -->","yoast_head_json":{"title":"Intersolar Europe - ecotechnology","robots":{"index":"index","follow":"follow","max-snippet":"max-snippet:-1","max-image-preview":"max-image-preview:large","max-video-preview":"max-video-preview:-1"},"canonical":"https:\/\/www.ecotechnology.at\/en\/termine\/intersolar-europe\/","og_locale":"en_US","og_type":"article","og_title":"Intersolar Europe - ecotechnology","og_description":"Als internationale Drehscheibe f\u00fcr Solartechnik spiegelt die Intersolar Europe in M\u00fcnchen die dynamische Entwicklung entlang der gesamten Wertsch\u00f6pfungskette in den Bereichen Photovoltaik und Solarthermie wider. Fachbesucher aus Industrie, Handel und Handwerk, Zulieferer und Institutionen erwartet ein umfangreicheres Rahmenprogramm mit Konferenzen, Seminaren, Workshops und Vortr\u00e4gen zu den neuesten Branchentrends und Vermittlung von praktischem Know-How. Die Intersolar [&hellip;]","og_url":"https:\/\/www.ecotechnology.at\/en\/termine\/intersolar-europe\/","og_site_name":"ecotechnology","twitter_card":"summary_large_image","schema":{"@context":"https:\/\/schema.org","@graph":[{"@type":"WebPage","@id":"https:\/\/www.ecotechnology.at\/en\/termine\/intersolar-europe\/","url":"https:\/\/www.ecotechnology.at\/en\/termine\/intersolar-europe\/","name":"Intersolar Europe - ecotechnology","isPartOf":{"@id":"https:\/\/www.ecotechnology.at\/en\/#website"},"datePublished":"2023-08-09T18:36:36+00:00","breadcrumb":{"@id":"https:\/\/www.ecotechnology.at\/en\/termine\/intersolar-europe\/#breadcrumb"},"inLanguage":"en-US","potentialAction":[{"@type":"ReadAction","target":["https:\/\/www.ecotechnology.at\/en\/termine\/intersolar-europe\/"]}]},{"@type":"BreadcrumbList","@id":"https:\/\/www.ecotechnology.at\/en\/termine\/intersolar-europe\/#breadcrumb","itemListElement":[{"@type":"ListItem","position":1,"name":"Home","item":"https:\/\/www.ecotechnology.at\/en\/"},{"@type":"ListItem","position":2,"name":"Termine","item":"https:\/\/www.ecotechnology.at\/en\/termine\/"},{"@type":"ListItem","position":3,"name":"Intersolar Europe"}]},{"@type":"WebSite","@id":"https:\/\/www.ecotechnology.at\/en\/#website","url":"https:\/\/www.ecotechnology.at\/en\/","name":"ecotechnology","description":"","publisher":{"@id":"https:\/\/www.ecotechnology.at\/en\/#organization"},"potentialAction":[{"@type":"SearchAction","target":{"@type":"EntryPoint","urlTemplate":"https:\/\/www.ecotechnology.at\/en\/?s={search_term_string}"},"query-input":{"@type":"PropertyValueSpecification","valueRequired":true,"valueName":"search_term_string"}}],"inLanguage":"en-US"},{"@type":"Organization","@id":"https:\/\/www.ecotechnology.at\/en\/#organization","name":"ecotechnology","url":"https:\/\/www.ecotechnology.at\/en\/","logo":{"@type":"ImageObject","inLanguage":"en-US","@id":"https:\/\/www.ecotechnology.at\/en\/#\/schema\/logo\/image\/","url":"https:\/\/www.ecotechnology.at\/wp-content\/uploads\/2023\/04\/ecolinks_logo_0.png","contentUrl":"https:\/\/www.ecotechnology.at\/wp-content\/uploads\/2023\/04\/ecolinks_logo_0.png","width":336,"height":128,"caption":"ecotechnology"},"image":{"@id":"https:\/\/www.ecotechnology.at\/en\/#\/schema\/logo\/image\/"}}]}},"_links":{"self":[{"href":"https:\/\/www.ecotechnology.at\/en\/wp-json\/wp\/v2\/termine\/20253","targetHints":{"allow":["GET"]}}],"collection":[{"href":"https:\/\/www.ecotechnology.at\/en\/wp-json\/wp\/v2\/termine"}],"about":[{"href":"https:\/\/www.ecotechnology.at\/en\/wp-json\/wp\/v2\/types\/termine"}],"version-history":[{"count":0,"href":"https:\/\/www.ecotechnology.at\/en\/wp-json\/wp\/v2\/termine\/20253\/revisions"}],"wp:attachment":[{"href":"https:\/\/www.ecotechnology.at\/en\/wp-json\/wp\/v2\/media?parent=20253"}],"wp:term":[{"taxonomy":"termin_category","embeddable":true,"href":"https:\/\/www.ecotechnology.at\/en\/wp-json\/wp\/v2\/termin_category?post=20253"},{"taxonomy":"cmcal_calendar","embeddable":true,"href":"https:\/\/www.ecotechnology.at\/en\/wp-json\/wp\/v2\/cmcal_calendar?post=20253"}],"curies":[{"name":"wp","href":"https:\/\/api.w.org\/{rel}","templated":true}]}}

<p>Als internationale Drehscheibe für Solartechnik spiegelt die Intersolar Europe in München die dynamische Entwicklung entlang der gesamten Wertschöpfungskette in den Bereichen Photovoltaik und Solarthermie wider. Fachbesucher aus Industrie, Handel und Handwerk, Zulieferer und Institutionen erwartet ein umfangreicheres Rahmenprogramm mit Konferenzen, Seminaren, Workshops und Vorträgen zu den neuesten Branchentrends und Vermittlung von praktischem Know-How. Die Intersolar Europe als Weltleitmesse ermöglicht dadurch einen gezielten, persönlichen Austausch von wertvollen Informationen zu Produkten, Märkten und Dienstleistungen.&nbsp;</p>
<p>&nbsp;</p>

<!-- This site is optimized with the Yoast SEO plugin v26.9 - https://yoast.com/product/yoast-seo-wordpress/ -->
<title>Intersolar Europe - ecotechnology</title>
<meta name="robots" content="index, follow, max-snippet:-1, max-image-preview:large, max-video-preview:-1" />
<link rel="canonical" href="https://www.ecotechnology.at/en/termine/intersolar-europe/" />
<meta property="og:locale" content="en_US" />
<meta property="og:type" content="article" />
<meta property="og:title" content="Intersolar Europe - ecotechnology" />
<meta property="og:description" content="Als internationale Drehscheibe für Solartechnik spiegelt die Intersolar Europe in München die dynamische Entwicklung entlang der gesamten Wertschöpfungskette in den Bereichen Photovoltaik und Solarthermie wider. Fachbesucher aus Industrie, Handel und Handwerk, Zulieferer und Institutionen erwartet ein umfangreicheres Rahmenprogramm mit Konferenzen, Seminaren, Workshops und Vorträgen zu den neuesten Branchentrends und Vermittlung von praktischem Know-How. Die Intersolar [&hellip;]" />
<meta property="og:url" content="https://www.ecotechnology.at/en/termine/intersolar-europe/" />
<meta property="og:site_name" content="ecotechnology" />
<meta name="twitter:card" content="summary_large_image" />
<script type="application/ld+json" class="yoast-schema-graph">{"@context":"https://schema.org","@graph":[{"@type":"WebPage","@id":"https://www.ecotechnology.at/en/termine/intersolar-europe/","url":"https://www.ecotechnology.at/en/termine/intersolar-europe/","name":"Intersolar Europe - ecotechnology","isPartOf":{"@id":"https://www.ecotechnology.at/en/#website"},"datePublished":"2023-08-09T18:36:36+00:00","breadcrumb":{"@id":"https://www.ecotechnology.at/en/termine/intersolar-europe/#breadcrumb"},"inLanguage":"en-US","potentialAction":[{"@type":"ReadAction","target":["https://www.ecotechnology.at/en/termine/intersolar-europe/"]}]},{"@type":"BreadcrumbList","@id":"https://www.ecotechnology.at/en/termine/intersolar-europe/#breadcrumb","itemListElement":[{"@type":"ListItem","position":1,"name":"Home","item":"https://www.ecotechnology.at/en/"},{"@type":"ListItem","position":2,"name":"Termine","item":"https://www.ecotechnology.at/en/termine/"},{"@type":"ListItem","position":3,"name":"Intersolar Europe"}]},{"@type":"WebSite","@id":"https://www.ecotechnology.at/en/#website","url":"https://www.ecotechnology.at/en/","name":"ecotechnology","description":"","publisher":{"@id":"https://www.ecotechnology.at/en/#organization"},"potentialAction":[{"@type":"SearchAction","target":{"@type":"EntryPoint","urlTemplate":"https://www.ecotechnology.at/en/?s={search_term_string}"},"query-input":{"@type":"PropertyValueSpecification","valueRequired":true,"valueName":"search_term_string"}}],"inLanguage":"en-US"},{"@type":"Organization","@id":"https://www.ecotechnology.at/en/#organization","name":"ecotechnology","url":"https://www.ecotechnology.at/en/","logo":{"@type":"ImageObject","inLanguage":"en-US","@id":"https://www.ecotechnology.at/en/#/schema/logo/image/","url":"https://www.ecotechnology.at/wp-content/uploads/2023/04/ecolinks_logo_0.png","contentUrl":"https://www.ecotechnology.at/wp-content/uploads/2023/04/ecolinks_logo_0.png","width":336,"height":128,"caption":"ecotechnology"},"image":{"@id":"https://www.ecotechnology.at/en/#/schema/logo/image/"}}]}</script>
<!-- / Yoast SEO plugin. -->

Als internationale Drehscheibe für Solartechnik spiegelt die Intersolar Europe in München die dynamische Entwicklung entlang der gesamten Wertschöpfungskette in den Bereichen Photovoltaik und Solarthermie wider. Fachbesucher aus Industrie, Handel und Handwerk, Zulieferer und Institutionen erwartet ein umfangreicheres Rahmenprogramm mit Konferenzen, Seminaren, Workshops und Vorträgen zu den neuesten Branchentrends und Vermittlung von praktischem Know-How. Die Intersolar [&hellip;]
