{"id":15982,"date":"2023-07-23T14:04:35","date_gmt":"2023-07-23T12:04:35","guid":{"rendered":"http:\/\/ecotechnology.wp.local\/termine\/jahresveranstaltung-vorzeigeregion-energie\/"},"modified":"2023-08-09T20:40:42","modified_gmt":"2023-08-09T18:40:42","slug":"jahresveranstaltung-vorzeigeregion-energie","status":"publish","type":"termine","link":"https:\/\/www.ecotechnology.at\/en\/termine\/jahresveranstaltung-vorzeigeregion-energie\/","title":{"rendered":"Jahresveranstaltung Vorzeigeregion Energie"},"content":{"rendered":"<p>\u201eVorzeigeregion Energie 2022 \u2013 Innovator:innen f\u00fcr die Energiewende&#8221; lautet das Motto der Jahresveranstaltung, die am 11. Oktober 2022 in Salzburg stattfindet. Dieses Jahr geh\u00f6rt die B\u00fchne den Frauen, die in den Vorzeigeregionen aktiv sind. Nach der Begr\u00fc\u00dfung mit Bundesministerin Leonore Gewessler berichten Forscher:innen &amp; Unternehmer:innen \u00fcber aktuelle Entwicklungen und Projekterfolge der Vorzeigeregionen mit anschlie\u00dfenden Q&amp;A Sessions mit dem Publikum.&nbsp;<\/p>\n","protected":false},"template":"","termin_category":[],"cmcal_calendar":[],"class_list":["post-15982","termine","type-termine","status-publish","hentry"],"acf":[],"yoast_head":"<!-- This site is optimized with the Yoast SEO plugin v26.9 - https:\/\/yoast.com\/product\/yoast-seo-wordpress\/ -->\n<title>Jahresveranstaltung Vorzeigeregion Energie - ecotechnology<\/title>\n<meta name=\"robots\" content=\"index, follow, max-snippet:-1, max-image-preview:large, max-video-preview:-1\" \/>\n<link rel=\"canonical\" href=\"https:\/\/www.ecotechnology.at\/en\/termine\/jahresveranstaltung-vorzeigeregion-energie\/\" \/>\n<meta property=\"og:locale\" content=\"en_US\" \/>\n<meta property=\"og:type\" content=\"article\" \/>\n<meta property=\"og:title\" content=\"Jahresveranstaltung Vorzeigeregion Energie - ecotechnology\" \/>\n<meta property=\"og:description\" content=\"\u201eVorzeigeregion Energie 2022 \u2013 Innovator:innen f\u00fcr die Energiewende&#8221; lautet das Motto der Jahresveranstaltung, die am 11. Oktober 2022 in Salzburg stattfindet. Dieses Jahr geh\u00f6rt die B\u00fchne den Frauen, die in den Vorzeigeregionen aktiv sind. Nach der Begr\u00fc\u00dfung mit Bundesministerin Leonore Gewessler berichten Forscher:innen &amp; Unternehmer:innen \u00fcber aktuelle Entwicklungen und Projekterfolge der Vorzeigeregionen mit anschlie\u00dfenden Q&amp;A [&hellip;]\" \/>\n<meta property=\"og:url\" content=\"https:\/\/www.ecotechnology.at\/en\/termine\/jahresveranstaltung-vorzeigeregion-energie\/\" \/>\n<meta property=\"og:site_name\" content=\"ecotechnology\" \/>\n<meta property=\"article:modified_time\" content=\"2023-08-09T18:40:42+00:00\" \/>\n<meta name=\"twitter:card\" content=\"summary_large_image\" \/>\n<script type=\"application\/ld+json\" class=\"yoast-schema-graph\">{\"@context\":\"https:\/\/schema.org\",\"@graph\":[{\"@type\":\"WebPage\",\"@id\":\"https:\/\/www.ecotechnology.at\/en\/termine\/jahresveranstaltung-vorzeigeregion-energie\/\",\"url\":\"https:\/\/www.ecotechnology.at\/en\/termine\/jahresveranstaltung-vorzeigeregion-energie\/\",\"name\":\"Jahresveranstaltung Vorzeigeregion Energie - ecotechnology\",\"isPartOf\":{\"@id\":\"https:\/\/www.ecotechnology.at\/en\/#website\"},\"datePublished\":\"2023-07-23T12:04:35+00:00\",\"dateModified\":\"2023-08-09T18:40:42+00:00\",\"breadcrumb\":{\"@id\":\"https:\/\/www.ecotechnology.at\/en\/termine\/jahresveranstaltung-vorzeigeregion-energie\/#breadcrumb\"},\"inLanguage\":\"en-US\",\"potentialAction\":[{\"@type\":\"ReadAction\",\"target\":[\"https:\/\/www.ecotechnology.at\/en\/termine\/jahresveranstaltung-vorzeigeregion-energie\/\"]}]},{\"@type\":\"BreadcrumbList\",\"@id\":\"https:\/\/www.ecotechnology.at\/en\/termine\/jahresveranstaltung-vorzeigeregion-energie\/#breadcrumb\",\"itemListElement\":[{\"@type\":\"ListItem\",\"position\":1,\"name\":\"Home\",\"item\":\"https:\/\/www.ecotechnology.at\/en\/\"},{\"@type\":\"ListItem\",\"position\":2,\"name\":\"Termine\",\"item\":\"https:\/\/www.ecotechnology.at\/en\/termine\/\"},{\"@type\":\"ListItem\",\"position\":3,\"name\":\"Jahresveranstaltung Vorzeigeregion Energie\"}]},{\"@type\":\"WebSite\",\"@id\":\"https:\/\/www.ecotechnology.at\/en\/#website\",\"url\":\"https:\/\/www.ecotechnology.at\/en\/\",\"name\":\"ecotechnology\",\"description\":\"\",\"publisher\":{\"@id\":\"https:\/\/www.ecotechnology.at\/en\/#organization\"},\"potentialAction\":[{\"@type\":\"SearchAction\",\"target\":{\"@type\":\"EntryPoint\",\"urlTemplate\":\"https:\/\/www.ecotechnology.at\/en\/?s={search_term_string}\"},\"query-input\":{\"@type\":\"PropertyValueSpecification\",\"valueRequired\":true,\"valueName\":\"search_term_string\"}}],\"inLanguage\":\"en-US\"},{\"@type\":\"Organization\",\"@id\":\"https:\/\/www.ecotechnology.at\/en\/#organization\",\"name\":\"ecotechnology\",\"url\":\"https:\/\/www.ecotechnology.at\/en\/\",\"logo\":{\"@type\":\"ImageObject\",\"inLanguage\":\"en-US\",\"@id\":\"https:\/\/www.ecotechnology.at\/en\/#\/schema\/logo\/image\/\",\"url\":\"https:\/\/www.ecotechnology.at\/wp-content\/uploads\/2023\/04\/ecolinks_logo_0.png\",\"contentUrl\":\"https:\/\/www.ecotechnology.at\/wp-content\/uploads\/2023\/04\/ecolinks_logo_0.png\",\"width\":336,\"height\":128,\"caption\":\"ecotechnology\"},\"image\":{\"@id\":\"https:\/\/www.ecotechnology.at\/en\/#\/schema\/logo\/image\/\"}}]}<\/script>\n<!-- \/ Yoast SEO plugin. -->","yoast_head_json":{"title":"Jahresveranstaltung Vorzeigeregion Energie - ecotechnology","robots":{"index":"index","follow":"follow","max-snippet":"max-snippet:-1","max-image-preview":"max-image-preview:large","max-video-preview":"max-video-preview:-1"},"canonical":"https:\/\/www.ecotechnology.at\/en\/termine\/jahresveranstaltung-vorzeigeregion-energie\/","og_locale":"en_US","og_type":"article","og_title":"Jahresveranstaltung Vorzeigeregion Energie - ecotechnology","og_description":"\u201eVorzeigeregion Energie 2022 \u2013 Innovator:innen f\u00fcr die Energiewende&#8221; lautet das Motto der Jahresveranstaltung, die am 11. Oktober 2022 in Salzburg stattfindet. Dieses Jahr geh\u00f6rt die B\u00fchne den Frauen, die in den Vorzeigeregionen aktiv sind. Nach der Begr\u00fc\u00dfung mit Bundesministerin Leonore Gewessler berichten Forscher:innen &amp; Unternehmer:innen \u00fcber aktuelle Entwicklungen und Projekterfolge der Vorzeigeregionen mit anschlie\u00dfenden Q&amp;A [&hellip;]","og_url":"https:\/\/www.ecotechnology.at\/en\/termine\/jahresveranstaltung-vorzeigeregion-energie\/","og_site_name":"ecotechnology","article_modified_time":"2023-08-09T18:40:42+00:00","twitter_card":"summary_large_image","schema":{"@context":"https:\/\/schema.org","@graph":[{"@type":"WebPage","@id":"https:\/\/www.ecotechnology.at\/en\/termine\/jahresveranstaltung-vorzeigeregion-energie\/","url":"https:\/\/www.ecotechnology.at\/en\/termine\/jahresveranstaltung-vorzeigeregion-energie\/","name":"Jahresveranstaltung Vorzeigeregion Energie - ecotechnology","isPartOf":{"@id":"https:\/\/www.ecotechnology.at\/en\/#website"},"datePublished":"2023-07-23T12:04:35+00:00","dateModified":"2023-08-09T18:40:42+00:00","breadcrumb":{"@id":"https:\/\/www.ecotechnology.at\/en\/termine\/jahresveranstaltung-vorzeigeregion-energie\/#breadcrumb"},"inLanguage":"en-US","potentialAction":[{"@type":"ReadAction","target":["https:\/\/www.ecotechnology.at\/en\/termine\/jahresveranstaltung-vorzeigeregion-energie\/"]}]},{"@type":"BreadcrumbList","@id":"https:\/\/www.ecotechnology.at\/en\/termine\/jahresveranstaltung-vorzeigeregion-energie\/#breadcrumb","itemListElement":[{"@type":"ListItem","position":1,"name":"Home","item":"https:\/\/www.ecotechnology.at\/en\/"},{"@type":"ListItem","position":2,"name":"Termine","item":"https:\/\/www.ecotechnology.at\/en\/termine\/"},{"@type":"ListItem","position":3,"name":"Jahresveranstaltung Vorzeigeregion Energie"}]},{"@type":"WebSite","@id":"https:\/\/www.ecotechnology.at\/en\/#website","url":"https:\/\/www.ecotechnology.at\/en\/","name":"ecotechnology","description":"","publisher":{"@id":"https:\/\/www.ecotechnology.at\/en\/#organization"},"potentialAction":[{"@type":"SearchAction","target":{"@type":"EntryPoint","urlTemplate":"https:\/\/www.ecotechnology.at\/en\/?s={search_term_string}"},"query-input":{"@type":"PropertyValueSpecification","valueRequired":true,"valueName":"search_term_string"}}],"inLanguage":"en-US"},{"@type":"Organization","@id":"https:\/\/www.ecotechnology.at\/en\/#organization","name":"ecotechnology","url":"https:\/\/www.ecotechnology.at\/en\/","logo":{"@type":"ImageObject","inLanguage":"en-US","@id":"https:\/\/www.ecotechnology.at\/en\/#\/schema\/logo\/image\/","url":"https:\/\/www.ecotechnology.at\/wp-content\/uploads\/2023\/04\/ecolinks_logo_0.png","contentUrl":"https:\/\/www.ecotechnology.at\/wp-content\/uploads\/2023\/04\/ecolinks_logo_0.png","width":336,"height":128,"caption":"ecotechnology"},"image":{"@id":"https:\/\/www.ecotechnology.at\/en\/#\/schema\/logo\/image\/"}}]}},"_links":{"self":[{"href":"https:\/\/www.ecotechnology.at\/en\/wp-json\/wp\/v2\/termine\/15982","targetHints":{"allow":["GET"]}}],"collection":[{"href":"https:\/\/www.ecotechnology.at\/en\/wp-json\/wp\/v2\/termine"}],"about":[{"href":"https:\/\/www.ecotechnology.at\/en\/wp-json\/wp\/v2\/types\/termine"}],"version-history":[{"count":1,"href":"https:\/\/www.ecotechnology.at\/en\/wp-json\/wp\/v2\/termine\/15982\/revisions"}],"predecessor-version":[{"id":20951,"href":"https:\/\/www.ecotechnology.at\/en\/wp-json\/wp\/v2\/termine\/15982\/revisions\/20951"}],"wp:attachment":[{"href":"https:\/\/www.ecotechnology.at\/en\/wp-json\/wp\/v2\/media?parent=15982"}],"wp:term":[{"taxonomy":"termin_category","embeddable":true,"href":"https:\/\/www.ecotechnology.at\/en\/wp-json\/wp\/v2\/termin_category?post=15982"},{"taxonomy":"cmcal_calendar","embeddable":true,"href":"https:\/\/www.ecotechnology.at\/en\/wp-json\/wp\/v2\/cmcal_calendar?post=15982"}],"curies":[{"name":"wp","href":"https:\/\/api.w.org\/{rel}","templated":true}]}}

<p>„Vorzeigeregion Energie 2022 – Innovator:innen für die Energiewende&#8221; lautet das Motto der Jahresveranstaltung, die am 11. Oktober 2022 in Salzburg stattfindet. Dieses Jahr gehört die Bühne den Frauen, die in den Vorzeigeregionen aktiv sind. Nach der Begrüßung mit Bundesministerin Leonore Gewessler berichten Forscher:innen &amp; Unternehmer:innen über aktuelle Entwicklungen und Projekterfolge der Vorzeigeregionen mit anschließenden Q&amp;A Sessions mit dem Publikum.&nbsp;</p>

<!-- This site is optimized with the Yoast SEO plugin v26.9 - https://yoast.com/product/yoast-seo-wordpress/ -->
<title>Jahresveranstaltung Vorzeigeregion Energie - ecotechnology</title>
<meta name="robots" content="index, follow, max-snippet:-1, max-image-preview:large, max-video-preview:-1" />
<link rel="canonical" href="https://www.ecotechnology.at/en/termine/jahresveranstaltung-vorzeigeregion-energie/" />
<meta property="og:locale" content="en_US" />
<meta property="og:type" content="article" />
<meta property="og:title" content="Jahresveranstaltung Vorzeigeregion Energie - ecotechnology" />
<meta property="og:description" content="„Vorzeigeregion Energie 2022 – Innovator:innen für die Energiewende&#8221; lautet das Motto der Jahresveranstaltung, die am 11. Oktober 2022 in Salzburg stattfindet. Dieses Jahr gehört die Bühne den Frauen, die in den Vorzeigeregionen aktiv sind. Nach der Begrüßung mit Bundesministerin Leonore Gewessler berichten Forscher:innen &amp; Unternehmer:innen über aktuelle Entwicklungen und Projekterfolge der Vorzeigeregionen mit anschließenden Q&amp;A [&hellip;]" />
<meta property="og:url" content="https://www.ecotechnology.at/en/termine/jahresveranstaltung-vorzeigeregion-energie/" />
<meta property="og:site_name" content="ecotechnology" />
<meta property="article:modified_time" content="2023-08-09T18:40:42+00:00" />
<meta name="twitter:card" content="summary_large_image" />
<script type="application/ld+json" class="yoast-schema-graph">{"@context":"https://schema.org","@graph":[{"@type":"WebPage","@id":"https://www.ecotechnology.at/en/termine/jahresveranstaltung-vorzeigeregion-energie/","url":"https://www.ecotechnology.at/en/termine/jahresveranstaltung-vorzeigeregion-energie/","name":"Jahresveranstaltung Vorzeigeregion Energie - ecotechnology","isPartOf":{"@id":"https://www.ecotechnology.at/en/#website"},"datePublished":"2023-07-23T12:04:35+00:00","dateModified":"2023-08-09T18:40:42+00:00","breadcrumb":{"@id":"https://www.ecotechnology.at/en/termine/jahresveranstaltung-vorzeigeregion-energie/#breadcrumb"},"inLanguage":"en-US","potentialAction":[{"@type":"ReadAction","target":["https://www.ecotechnology.at/en/termine/jahresveranstaltung-vorzeigeregion-energie/"]}]},{"@type":"BreadcrumbList","@id":"https://www.ecotechnology.at/en/termine/jahresveranstaltung-vorzeigeregion-energie/#breadcrumb","itemListElement":[{"@type":"ListItem","position":1,"name":"Home","item":"https://www.ecotechnology.at/en/"},{"@type":"ListItem","position":2,"name":"Termine","item":"https://www.ecotechnology.at/en/termine/"},{"@type":"ListItem","position":3,"name":"Jahresveranstaltung Vorzeigeregion Energie"}]},{"@type":"WebSite","@id":"https://www.ecotechnology.at/en/#website","url":"https://www.ecotechnology.at/en/","name":"ecotechnology","description":"","publisher":{"@id":"https://www.ecotechnology.at/en/#organization"},"potentialAction":[{"@type":"SearchAction","target":{"@type":"EntryPoint","urlTemplate":"https://www.ecotechnology.at/en/?s={search_term_string}"},"query-input":{"@type":"PropertyValueSpecification","valueRequired":true,"valueName":"search_term_string"}}],"inLanguage":"en-US"},{"@type":"Organization","@id":"https://www.ecotechnology.at/en/#organization","name":"ecotechnology","url":"https://www.ecotechnology.at/en/","logo":{"@type":"ImageObject","inLanguage":"en-US","@id":"https://www.ecotechnology.at/en/#/schema/logo/image/","url":"https://www.ecotechnology.at/wp-content/uploads/2023/04/ecolinks_logo_0.png","contentUrl":"https://www.ecotechnology.at/wp-content/uploads/2023/04/ecolinks_logo_0.png","width":336,"height":128,"caption":"ecotechnology"},"image":{"@id":"https://www.ecotechnology.at/en/#/schema/logo/image/"}}]}</script>
<!-- / Yoast SEO plugin. -->

„Vorzeigeregion Energie 2022 – Innovator:innen für die Energiewende&#8221; lautet das Motto der Jahresveranstaltung, die am 11. Oktober 2022 in Salzburg stattfindet. Dieses Jahr gehört die Bühne den Frauen, die in den Vorzeigeregionen aktiv sind. Nach der Begrüßung mit Bundesministerin Leonore Gewessler berichten Forscher:innen &amp; Unternehmer:innen über aktuelle Entwicklungen und Projekterfolge der Vorzeigeregionen mit anschließenden Q&amp;A [&hellip;]
