{"id":15980,"date":"2023-07-23T14:04:34","date_gmt":"2023-07-23T12:04:34","guid":{"rendered":"http:\/\/ecotechnology.wp.local\/termine\/umweltmanagement-konferenz-2022\/"},"modified":"2023-08-09T20:40:41","modified_gmt":"2023-08-09T18:40:41","slug":"umweltmanagement-konferenz-2022","status":"publish","type":"termine","link":"https:\/\/www.ecotechnology.at\/en\/termine\/umweltmanagement-konferenz-2022\/","title":{"rendered":"Umweltmanagement-Konferenz 2022"},"content":{"rendered":"<p>Titel der Konferenz: &#8220;Mit aktivem Umweltmanagement zur Klimaneutralit\u00e4t&#8221;<\/p>\n<p>Am Dienstag, den 11. Oktober 2022 findet die Umweltmanagement-Konferenz in der Gro\u00dfen Universit\u00e4tssaula (Mozartaula) am Max-Reinhardt-Platz, 5020 Salzburg statt. Im Rahmen dieser Konferenz \u00fcberreichen Frau Bundesministerin Gewessler und Herr Staatssekret\u00e4r Tidow aus dem deutschen Bundesministerium f\u00fcr Umwelt, Naturschutz, nukleare Sicherheit und Verbraucherschutz die Troph\u00e4en an die Gewinnerinnen und Gewinner des Umweltmanagement-Preises 2022.&nbsp;<\/p>\n","protected":false},"template":"","termin_category":[],"cmcal_calendar":[],"class_list":["post-15980","termine","type-termine","status-publish","hentry"],"acf":[],"yoast_head":"<!-- This site is optimized with the Yoast SEO plugin v26.9 - https:\/\/yoast.com\/product\/yoast-seo-wordpress\/ -->\n<title>Umweltmanagement-Konferenz 2022 - ecotechnology<\/title>\n<meta name=\"robots\" content=\"index, follow, max-snippet:-1, max-image-preview:large, max-video-preview:-1\" \/>\n<link rel=\"canonical\" href=\"https:\/\/www.ecotechnology.at\/en\/termine\/umweltmanagement-konferenz-2022\/\" \/>\n<meta property=\"og:locale\" content=\"en_US\" \/>\n<meta property=\"og:type\" content=\"article\" \/>\n<meta property=\"og:title\" content=\"Umweltmanagement-Konferenz 2022 - ecotechnology\" \/>\n<meta property=\"og:description\" content=\"Titel der Konferenz: &#8220;Mit aktivem Umweltmanagement zur Klimaneutralit\u00e4t&#8221; Am Dienstag, den 11. Oktober 2022 findet die Umweltmanagement-Konferenz in der Gro\u00dfen Universit\u00e4tssaula (Mozartaula) am Max-Reinhardt-Platz, 5020 Salzburg statt. Im Rahmen dieser Konferenz \u00fcberreichen Frau Bundesministerin Gewessler und Herr Staatssekret\u00e4r Tidow aus dem deutschen Bundesministerium f\u00fcr Umwelt, Naturschutz, nukleare Sicherheit und Verbraucherschutz die Troph\u00e4en an die Gewinnerinnen [&hellip;]\" \/>\n<meta property=\"og:url\" content=\"https:\/\/www.ecotechnology.at\/en\/termine\/umweltmanagement-konferenz-2022\/\" \/>\n<meta property=\"og:site_name\" content=\"ecotechnology\" \/>\n<meta property=\"article:modified_time\" content=\"2023-08-09T18:40:41+00:00\" \/>\n<meta name=\"twitter:card\" content=\"summary_large_image\" \/>\n<script type=\"application\/ld+json\" class=\"yoast-schema-graph\">{\"@context\":\"https:\/\/schema.org\",\"@graph\":[{\"@type\":\"WebPage\",\"@id\":\"https:\/\/www.ecotechnology.at\/en\/termine\/umweltmanagement-konferenz-2022\/\",\"url\":\"https:\/\/www.ecotechnology.at\/en\/termine\/umweltmanagement-konferenz-2022\/\",\"name\":\"Umweltmanagement-Konferenz 2022 - ecotechnology\",\"isPartOf\":{\"@id\":\"https:\/\/www.ecotechnology.at\/en\/#website\"},\"datePublished\":\"2023-07-23T12:04:34+00:00\",\"dateModified\":\"2023-08-09T18:40:41+00:00\",\"breadcrumb\":{\"@id\":\"https:\/\/www.ecotechnology.at\/en\/termine\/umweltmanagement-konferenz-2022\/#breadcrumb\"},\"inLanguage\":\"en-US\",\"potentialAction\":[{\"@type\":\"ReadAction\",\"target\":[\"https:\/\/www.ecotechnology.at\/en\/termine\/umweltmanagement-konferenz-2022\/\"]}]},{\"@type\":\"BreadcrumbList\",\"@id\":\"https:\/\/www.ecotechnology.at\/en\/termine\/umweltmanagement-konferenz-2022\/#breadcrumb\",\"itemListElement\":[{\"@type\":\"ListItem\",\"position\":1,\"name\":\"Home\",\"item\":\"https:\/\/www.ecotechnology.at\/en\/\"},{\"@type\":\"ListItem\",\"position\":2,\"name\":\"Termine\",\"item\":\"https:\/\/www.ecotechnology.at\/en\/termine\/\"},{\"@type\":\"ListItem\",\"position\":3,\"name\":\"Umweltmanagement-Konferenz 2022\"}]},{\"@type\":\"WebSite\",\"@id\":\"https:\/\/www.ecotechnology.at\/en\/#website\",\"url\":\"https:\/\/www.ecotechnology.at\/en\/\",\"name\":\"ecotechnology\",\"description\":\"\",\"publisher\":{\"@id\":\"https:\/\/www.ecotechnology.at\/en\/#organization\"},\"potentialAction\":[{\"@type\":\"SearchAction\",\"target\":{\"@type\":\"EntryPoint\",\"urlTemplate\":\"https:\/\/www.ecotechnology.at\/en\/?s={search_term_string}\"},\"query-input\":{\"@type\":\"PropertyValueSpecification\",\"valueRequired\":true,\"valueName\":\"search_term_string\"}}],\"inLanguage\":\"en-US\"},{\"@type\":\"Organization\",\"@id\":\"https:\/\/www.ecotechnology.at\/en\/#organization\",\"name\":\"ecotechnology\",\"url\":\"https:\/\/www.ecotechnology.at\/en\/\",\"logo\":{\"@type\":\"ImageObject\",\"inLanguage\":\"en-US\",\"@id\":\"https:\/\/www.ecotechnology.at\/en\/#\/schema\/logo\/image\/\",\"url\":\"https:\/\/www.ecotechnology.at\/wp-content\/uploads\/2023\/04\/ecolinks_logo_0.png\",\"contentUrl\":\"https:\/\/www.ecotechnology.at\/wp-content\/uploads\/2023\/04\/ecolinks_logo_0.png\",\"width\":336,\"height\":128,\"caption\":\"ecotechnology\"},\"image\":{\"@id\":\"https:\/\/www.ecotechnology.at\/en\/#\/schema\/logo\/image\/\"}}]}<\/script>\n<!-- \/ Yoast SEO plugin. -->","yoast_head_json":{"title":"Umweltmanagement-Konferenz 2022 - ecotechnology","robots":{"index":"index","follow":"follow","max-snippet":"max-snippet:-1","max-image-preview":"max-image-preview:large","max-video-preview":"max-video-preview:-1"},"canonical":"https:\/\/www.ecotechnology.at\/en\/termine\/umweltmanagement-konferenz-2022\/","og_locale":"en_US","og_type":"article","og_title":"Umweltmanagement-Konferenz 2022 - ecotechnology","og_description":"Titel der Konferenz: &#8220;Mit aktivem Umweltmanagement zur Klimaneutralit\u00e4t&#8221; Am Dienstag, den 11. Oktober 2022 findet die Umweltmanagement-Konferenz in der Gro\u00dfen Universit\u00e4tssaula (Mozartaula) am Max-Reinhardt-Platz, 5020 Salzburg statt. Im Rahmen dieser Konferenz \u00fcberreichen Frau Bundesministerin Gewessler und Herr Staatssekret\u00e4r Tidow aus dem deutschen Bundesministerium f\u00fcr Umwelt, Naturschutz, nukleare Sicherheit und Verbraucherschutz die Troph\u00e4en an die Gewinnerinnen [&hellip;]","og_url":"https:\/\/www.ecotechnology.at\/en\/termine\/umweltmanagement-konferenz-2022\/","og_site_name":"ecotechnology","article_modified_time":"2023-08-09T18:40:41+00:00","twitter_card":"summary_large_image","schema":{"@context":"https:\/\/schema.org","@graph":[{"@type":"WebPage","@id":"https:\/\/www.ecotechnology.at\/en\/termine\/umweltmanagement-konferenz-2022\/","url":"https:\/\/www.ecotechnology.at\/en\/termine\/umweltmanagement-konferenz-2022\/","name":"Umweltmanagement-Konferenz 2022 - ecotechnology","isPartOf":{"@id":"https:\/\/www.ecotechnology.at\/en\/#website"},"datePublished":"2023-07-23T12:04:34+00:00","dateModified":"2023-08-09T18:40:41+00:00","breadcrumb":{"@id":"https:\/\/www.ecotechnology.at\/en\/termine\/umweltmanagement-konferenz-2022\/#breadcrumb"},"inLanguage":"en-US","potentialAction":[{"@type":"ReadAction","target":["https:\/\/www.ecotechnology.at\/en\/termine\/umweltmanagement-konferenz-2022\/"]}]},{"@type":"BreadcrumbList","@id":"https:\/\/www.ecotechnology.at\/en\/termine\/umweltmanagement-konferenz-2022\/#breadcrumb","itemListElement":[{"@type":"ListItem","position":1,"name":"Home","item":"https:\/\/www.ecotechnology.at\/en\/"},{"@type":"ListItem","position":2,"name":"Termine","item":"https:\/\/www.ecotechnology.at\/en\/termine\/"},{"@type":"ListItem","position":3,"name":"Umweltmanagement-Konferenz 2022"}]},{"@type":"WebSite","@id":"https:\/\/www.ecotechnology.at\/en\/#website","url":"https:\/\/www.ecotechnology.at\/en\/","name":"ecotechnology","description":"","publisher":{"@id":"https:\/\/www.ecotechnology.at\/en\/#organization"},"potentialAction":[{"@type":"SearchAction","target":{"@type":"EntryPoint","urlTemplate":"https:\/\/www.ecotechnology.at\/en\/?s={search_term_string}"},"query-input":{"@type":"PropertyValueSpecification","valueRequired":true,"valueName":"search_term_string"}}],"inLanguage":"en-US"},{"@type":"Organization","@id":"https:\/\/www.ecotechnology.at\/en\/#organization","name":"ecotechnology","url":"https:\/\/www.ecotechnology.at\/en\/","logo":{"@type":"ImageObject","inLanguage":"en-US","@id":"https:\/\/www.ecotechnology.at\/en\/#\/schema\/logo\/image\/","url":"https:\/\/www.ecotechnology.at\/wp-content\/uploads\/2023\/04\/ecolinks_logo_0.png","contentUrl":"https:\/\/www.ecotechnology.at\/wp-content\/uploads\/2023\/04\/ecolinks_logo_0.png","width":336,"height":128,"caption":"ecotechnology"},"image":{"@id":"https:\/\/www.ecotechnology.at\/en\/#\/schema\/logo\/image\/"}}]}},"_links":{"self":[{"href":"https:\/\/www.ecotechnology.at\/en\/wp-json\/wp\/v2\/termine\/15980","targetHints":{"allow":["GET"]}}],"collection":[{"href":"https:\/\/www.ecotechnology.at\/en\/wp-json\/wp\/v2\/termine"}],"about":[{"href":"https:\/\/www.ecotechnology.at\/en\/wp-json\/wp\/v2\/types\/termine"}],"version-history":[{"count":1,"href":"https:\/\/www.ecotechnology.at\/en\/wp-json\/wp\/v2\/termine\/15980\/revisions"}],"predecessor-version":[{"id":20949,"href":"https:\/\/www.ecotechnology.at\/en\/wp-json\/wp\/v2\/termine\/15980\/revisions\/20949"}],"wp:attachment":[{"href":"https:\/\/www.ecotechnology.at\/en\/wp-json\/wp\/v2\/media?parent=15980"}],"wp:term":[{"taxonomy":"termin_category","embeddable":true,"href":"https:\/\/www.ecotechnology.at\/en\/wp-json\/wp\/v2\/termin_category?post=15980"},{"taxonomy":"cmcal_calendar","embeddable":true,"href":"https:\/\/www.ecotechnology.at\/en\/wp-json\/wp\/v2\/cmcal_calendar?post=15980"}],"curies":[{"name":"wp","href":"https:\/\/api.w.org\/{rel}","templated":true}]}}

<p>Titel der Konferenz: &#8220;Mit aktivem Umweltmanagement zur Klimaneutralität&#8221;</p>
<p>Am Dienstag, den 11. Oktober 2022 findet die Umweltmanagement-Konferenz in der Großen Universitätssaula (Mozartaula) am Max-Reinhardt-Platz, 5020 Salzburg statt. Im Rahmen dieser Konferenz überreichen Frau Bundesministerin Gewessler und Herr Staatssekretär Tidow aus dem deutschen Bundesministerium für Umwelt, Naturschutz, nukleare Sicherheit und Verbraucherschutz die Trophäen an die Gewinnerinnen und Gewinner des Umweltmanagement-Preises 2022.&nbsp;</p>

<!-- This site is optimized with the Yoast SEO plugin v26.9 - https://yoast.com/product/yoast-seo-wordpress/ -->
<title>Umweltmanagement-Konferenz 2022 - ecotechnology</title>
<meta name="robots" content="index, follow, max-snippet:-1, max-image-preview:large, max-video-preview:-1" />
<link rel="canonical" href="https://www.ecotechnology.at/en/termine/umweltmanagement-konferenz-2022/" />
<meta property="og:locale" content="en_US" />
<meta property="og:type" content="article" />
<meta property="og:title" content="Umweltmanagement-Konferenz 2022 - ecotechnology" />
<meta property="og:description" content="Titel der Konferenz: &#8220;Mit aktivem Umweltmanagement zur Klimaneutralität&#8221; Am Dienstag, den 11. Oktober 2022 findet die Umweltmanagement-Konferenz in der Großen Universitätssaula (Mozartaula) am Max-Reinhardt-Platz, 5020 Salzburg statt. Im Rahmen dieser Konferenz überreichen Frau Bundesministerin Gewessler und Herr Staatssekretär Tidow aus dem deutschen Bundesministerium für Umwelt, Naturschutz, nukleare Sicherheit und Verbraucherschutz die Trophäen an die Gewinnerinnen [&hellip;]" />
<meta property="og:url" content="https://www.ecotechnology.at/en/termine/umweltmanagement-konferenz-2022/" />
<meta property="og:site_name" content="ecotechnology" />
<meta property="article:modified_time" content="2023-08-09T18:40:41+00:00" />
<meta name="twitter:card" content="summary_large_image" />
<script type="application/ld+json" class="yoast-schema-graph">{"@context":"https://schema.org","@graph":[{"@type":"WebPage","@id":"https://www.ecotechnology.at/en/termine/umweltmanagement-konferenz-2022/","url":"https://www.ecotechnology.at/en/termine/umweltmanagement-konferenz-2022/","name":"Umweltmanagement-Konferenz 2022 - ecotechnology","isPartOf":{"@id":"https://www.ecotechnology.at/en/#website"},"datePublished":"2023-07-23T12:04:34+00:00","dateModified":"2023-08-09T18:40:41+00:00","breadcrumb":{"@id":"https://www.ecotechnology.at/en/termine/umweltmanagement-konferenz-2022/#breadcrumb"},"inLanguage":"en-US","potentialAction":[{"@type":"ReadAction","target":["https://www.ecotechnology.at/en/termine/umweltmanagement-konferenz-2022/"]}]},{"@type":"BreadcrumbList","@id":"https://www.ecotechnology.at/en/termine/umweltmanagement-konferenz-2022/#breadcrumb","itemListElement":[{"@type":"ListItem","position":1,"name":"Home","item":"https://www.ecotechnology.at/en/"},{"@type":"ListItem","position":2,"name":"Termine","item":"https://www.ecotechnology.at/en/termine/"},{"@type":"ListItem","position":3,"name":"Umweltmanagement-Konferenz 2022"}]},{"@type":"WebSite","@id":"https://www.ecotechnology.at/en/#website","url":"https://www.ecotechnology.at/en/","name":"ecotechnology","description":"","publisher":{"@id":"https://www.ecotechnology.at/en/#organization"},"potentialAction":[{"@type":"SearchAction","target":{"@type":"EntryPoint","urlTemplate":"https://www.ecotechnology.at/en/?s={search_term_string}"},"query-input":{"@type":"PropertyValueSpecification","valueRequired":true,"valueName":"search_term_string"}}],"inLanguage":"en-US"},{"@type":"Organization","@id":"https://www.ecotechnology.at/en/#organization","name":"ecotechnology","url":"https://www.ecotechnology.at/en/","logo":{"@type":"ImageObject","inLanguage":"en-US","@id":"https://www.ecotechnology.at/en/#/schema/logo/image/","url":"https://www.ecotechnology.at/wp-content/uploads/2023/04/ecolinks_logo_0.png","contentUrl":"https://www.ecotechnology.at/wp-content/uploads/2023/04/ecolinks_logo_0.png","width":336,"height":128,"caption":"ecotechnology"},"image":{"@id":"https://www.ecotechnology.at/en/#/schema/logo/image/"}}]}</script>
<!-- / Yoast SEO plugin. -->

Titel der Konferenz: &#8220;Mit aktivem Umweltmanagement zur Klimaneutralität&#8221; Am Dienstag, den 11. Oktober 2022 findet die Umweltmanagement-Konferenz in der Großen Universitätssaula (Mozartaula) am Max-Reinhardt-Platz, 5020 Salzburg statt. Im Rahmen dieser Konferenz überreichen Frau Bundesministerin Gewessler und Herr Staatssekretär Tidow aus dem deutschen Bundesministerium für Umwelt, Naturschutz, nukleare Sicherheit und Verbraucherschutz die Trophäen an die Gewinnerinnen [&hellip;]
