{"id":15950,"date":"2023-07-23T14:04:11","date_gmt":"2023-07-23T12:04:11","guid":{"rendered":"http:\/\/ecotechnology.wp.local\/termine\/alpbacher-technologiegespraeche-2022\/"},"modified":"2023-08-09T20:40:36","modified_gmt":"2023-08-09T18:40:36","slug":"alpbacher-technologiegespraeche-2022","status":"publish","type":"termine","link":"https:\/\/www.ecotechnology.at\/en\/termine\/alpbacher-technologiegespraeche-2022\/","title":{"rendered":"Alpbacher Technologiegespr\u00e4che 2022"},"content":{"rendered":"<p>Die Technologie-Community trifft sich von Donnerstag, 25. August, bis Samstag, 27. August, um \u00fcber aktuelle und brennende Zukunftsfragen zu debattieren.<\/p>\n<p>Die Plenary und Content Partner Sessions bewegen sich entlang der vier thematischen \u201etracks\u201c des Europ\u00e4ischen Forums Alpbach:<\/p>\n<p>&#8211; Securing Europe\u2019s Future in a Globalised World<\/p>\n<p>&#8211; The Climate Opportunity<\/p>\n<p>&#8211; The Financing of Europe\u2019s Future<\/p>\n<p>&#8211; The Future of Democracy and the Rule of Law in Europe<\/p>\n<p>Die Themenpalette reicht von \u201eInfo Wars\u201c \u00fcber die Energiewende und Gesundheitstechnologien bis hin zur Sicherung globaler Wertsch\u00f6pfungsketten. Erg\u00e4nzt wird das Programm durch zahlreiche Networking und Community Events. Organisiert wird das Forum Alpbach TEC in bew\u00e4hrter Weise vom AIT Austrian Institute of Technology und ORF Radio \u00d61.<\/p>\n<p>Detailinformationen und Anmeldung auf <a href=\"http:\/\/www.alpbach.org\">www.alpbach.org<\/a><\/p>\n","protected":false},"template":"","termin_category":[],"cmcal_calendar":[],"class_list":["post-15950","termine","type-termine","status-publish","hentry"],"acf":[],"yoast_head":"<!-- This site is optimized with the Yoast SEO plugin v26.9 - https:\/\/yoast.com\/product\/yoast-seo-wordpress\/ -->\n<title>Alpbacher Technologiegespr\u00e4che 2022 - ecotechnology<\/title>\n<meta name=\"robots\" content=\"index, follow, max-snippet:-1, max-image-preview:large, max-video-preview:-1\" \/>\n<link rel=\"canonical\" href=\"https:\/\/www.ecotechnology.at\/en\/termine\/alpbacher-technologiegespraeche-2022\/\" \/>\n<meta property=\"og:locale\" content=\"en_US\" \/>\n<meta property=\"og:type\" content=\"article\" \/>\n<meta property=\"og:title\" content=\"Alpbacher Technologiegespr\u00e4che 2022 - ecotechnology\" \/>\n<meta property=\"og:description\" content=\"Die Technologie-Community trifft sich von Donnerstag, 25. August, bis Samstag, 27. August, um \u00fcber aktuelle und brennende Zukunftsfragen zu debattieren. Die Plenary und Content Partner Sessions bewegen sich entlang der vier thematischen \u201etracks\u201c des Europ\u00e4ischen Forums Alpbach: &#8211; Securing Europe\u2019s Future in a Globalised World &#8211; The Climate Opportunity &#8211; The Financing of Europe\u2019s Future [&hellip;]\" \/>\n<meta property=\"og:url\" content=\"https:\/\/www.ecotechnology.at\/en\/termine\/alpbacher-technologiegespraeche-2022\/\" \/>\n<meta property=\"og:site_name\" content=\"ecotechnology\" \/>\n<meta property=\"article:modified_time\" content=\"2023-08-09T18:40:36+00:00\" \/>\n<meta name=\"twitter:card\" content=\"summary_large_image\" \/>\n<meta name=\"twitter:label1\" content=\"Est. reading time\" \/>\n\t<meta name=\"twitter:data1\" content=\"1 minute\" \/>\n<script type=\"application\/ld+json\" class=\"yoast-schema-graph\">{\"@context\":\"https:\/\/schema.org\",\"@graph\":[{\"@type\":\"WebPage\",\"@id\":\"https:\/\/www.ecotechnology.at\/en\/termine\/alpbacher-technologiegespraeche-2022\/\",\"url\":\"https:\/\/www.ecotechnology.at\/en\/termine\/alpbacher-technologiegespraeche-2022\/\",\"name\":\"Alpbacher Technologiegespr\u00e4che 2022 - ecotechnology\",\"isPartOf\":{\"@id\":\"https:\/\/www.ecotechnology.at\/en\/#website\"},\"datePublished\":\"2023-07-23T12:04:11+00:00\",\"dateModified\":\"2023-08-09T18:40:36+00:00\",\"breadcrumb\":{\"@id\":\"https:\/\/www.ecotechnology.at\/en\/termine\/alpbacher-technologiegespraeche-2022\/#breadcrumb\"},\"inLanguage\":\"en-US\",\"potentialAction\":[{\"@type\":\"ReadAction\",\"target\":[\"https:\/\/www.ecotechnology.at\/en\/termine\/alpbacher-technologiegespraeche-2022\/\"]}]},{\"@type\":\"BreadcrumbList\",\"@id\":\"https:\/\/www.ecotechnology.at\/en\/termine\/alpbacher-technologiegespraeche-2022\/#breadcrumb\",\"itemListElement\":[{\"@type\":\"ListItem\",\"position\":1,\"name\":\"Home\",\"item\":\"https:\/\/www.ecotechnology.at\/en\/\"},{\"@type\":\"ListItem\",\"position\":2,\"name\":\"Termine\",\"item\":\"https:\/\/www.ecotechnology.at\/en\/termine\/\"},{\"@type\":\"ListItem\",\"position\":3,\"name\":\"Alpbacher Technologiegespr\u00e4che 2022\"}]},{\"@type\":\"WebSite\",\"@id\":\"https:\/\/www.ecotechnology.at\/en\/#website\",\"url\":\"https:\/\/www.ecotechnology.at\/en\/\",\"name\":\"ecotechnology\",\"description\":\"\",\"publisher\":{\"@id\":\"https:\/\/www.ecotechnology.at\/en\/#organization\"},\"potentialAction\":[{\"@type\":\"SearchAction\",\"target\":{\"@type\":\"EntryPoint\",\"urlTemplate\":\"https:\/\/www.ecotechnology.at\/en\/?s={search_term_string}\"},\"query-input\":{\"@type\":\"PropertyValueSpecification\",\"valueRequired\":true,\"valueName\":\"search_term_string\"}}],\"inLanguage\":\"en-US\"},{\"@type\":\"Organization\",\"@id\":\"https:\/\/www.ecotechnology.at\/en\/#organization\",\"name\":\"ecotechnology\",\"url\":\"https:\/\/www.ecotechnology.at\/en\/\",\"logo\":{\"@type\":\"ImageObject\",\"inLanguage\":\"en-US\",\"@id\":\"https:\/\/www.ecotechnology.at\/en\/#\/schema\/logo\/image\/\",\"url\":\"https:\/\/www.ecotechnology.at\/wp-content\/uploads\/2023\/04\/ecolinks_logo_0.png\",\"contentUrl\":\"https:\/\/www.ecotechnology.at\/wp-content\/uploads\/2023\/04\/ecolinks_logo_0.png\",\"width\":336,\"height\":128,\"caption\":\"ecotechnology\"},\"image\":{\"@id\":\"https:\/\/www.ecotechnology.at\/en\/#\/schema\/logo\/image\/\"}}]}<\/script>\n<!-- \/ Yoast SEO plugin. -->","yoast_head_json":{"title":"Alpbacher Technologiegespr\u00e4che 2022 - ecotechnology","robots":{"index":"index","follow":"follow","max-snippet":"max-snippet:-1","max-image-preview":"max-image-preview:large","max-video-preview":"max-video-preview:-1"},"canonical":"https:\/\/www.ecotechnology.at\/en\/termine\/alpbacher-technologiegespraeche-2022\/","og_locale":"en_US","og_type":"article","og_title":"Alpbacher Technologiegespr\u00e4che 2022 - ecotechnology","og_description":"Die Technologie-Community trifft sich von Donnerstag, 25. August, bis Samstag, 27. August, um \u00fcber aktuelle und brennende Zukunftsfragen zu debattieren. Die Plenary und Content Partner Sessions bewegen sich entlang der vier thematischen \u201etracks\u201c des Europ\u00e4ischen Forums Alpbach: &#8211; Securing Europe\u2019s Future in a Globalised World &#8211; The Climate Opportunity &#8211; The Financing of Europe\u2019s Future [&hellip;]","og_url":"https:\/\/www.ecotechnology.at\/en\/termine\/alpbacher-technologiegespraeche-2022\/","og_site_name":"ecotechnology","article_modified_time":"2023-08-09T18:40:36+00:00","twitter_card":"summary_large_image","twitter_misc":{"Est. reading time":"1 minute"},"schema":{"@context":"https:\/\/schema.org","@graph":[{"@type":"WebPage","@id":"https:\/\/www.ecotechnology.at\/en\/termine\/alpbacher-technologiegespraeche-2022\/","url":"https:\/\/www.ecotechnology.at\/en\/termine\/alpbacher-technologiegespraeche-2022\/","name":"Alpbacher Technologiegespr\u00e4che 2022 - ecotechnology","isPartOf":{"@id":"https:\/\/www.ecotechnology.at\/en\/#website"},"datePublished":"2023-07-23T12:04:11+00:00","dateModified":"2023-08-09T18:40:36+00:00","breadcrumb":{"@id":"https:\/\/www.ecotechnology.at\/en\/termine\/alpbacher-technologiegespraeche-2022\/#breadcrumb"},"inLanguage":"en-US","potentialAction":[{"@type":"ReadAction","target":["https:\/\/www.ecotechnology.at\/en\/termine\/alpbacher-technologiegespraeche-2022\/"]}]},{"@type":"BreadcrumbList","@id":"https:\/\/www.ecotechnology.at\/en\/termine\/alpbacher-technologiegespraeche-2022\/#breadcrumb","itemListElement":[{"@type":"ListItem","position":1,"name":"Home","item":"https:\/\/www.ecotechnology.at\/en\/"},{"@type":"ListItem","position":2,"name":"Termine","item":"https:\/\/www.ecotechnology.at\/en\/termine\/"},{"@type":"ListItem","position":3,"name":"Alpbacher Technologiegespr\u00e4che 2022"}]},{"@type":"WebSite","@id":"https:\/\/www.ecotechnology.at\/en\/#website","url":"https:\/\/www.ecotechnology.at\/en\/","name":"ecotechnology","description":"","publisher":{"@id":"https:\/\/www.ecotechnology.at\/en\/#organization"},"potentialAction":[{"@type":"SearchAction","target":{"@type":"EntryPoint","urlTemplate":"https:\/\/www.ecotechnology.at\/en\/?s={search_term_string}"},"query-input":{"@type":"PropertyValueSpecification","valueRequired":true,"valueName":"search_term_string"}}],"inLanguage":"en-US"},{"@type":"Organization","@id":"https:\/\/www.ecotechnology.at\/en\/#organization","name":"ecotechnology","url":"https:\/\/www.ecotechnology.at\/en\/","logo":{"@type":"ImageObject","inLanguage":"en-US","@id":"https:\/\/www.ecotechnology.at\/en\/#\/schema\/logo\/image\/","url":"https:\/\/www.ecotechnology.at\/wp-content\/uploads\/2023\/04\/ecolinks_logo_0.png","contentUrl":"https:\/\/www.ecotechnology.at\/wp-content\/uploads\/2023\/04\/ecolinks_logo_0.png","width":336,"height":128,"caption":"ecotechnology"},"image":{"@id":"https:\/\/www.ecotechnology.at\/en\/#\/schema\/logo\/image\/"}}]}},"_links":{"self":[{"href":"https:\/\/www.ecotechnology.at\/en\/wp-json\/wp\/v2\/termine\/15950","targetHints":{"allow":["GET"]}}],"collection":[{"href":"https:\/\/www.ecotechnology.at\/en\/wp-json\/wp\/v2\/termine"}],"about":[{"href":"https:\/\/www.ecotechnology.at\/en\/wp-json\/wp\/v2\/types\/termine"}],"version-history":[{"count":1,"href":"https:\/\/www.ecotechnology.at\/en\/wp-json\/wp\/v2\/termine\/15950\/revisions"}],"predecessor-version":[{"id":20919,"href":"https:\/\/www.ecotechnology.at\/en\/wp-json\/wp\/v2\/termine\/15950\/revisions\/20919"}],"wp:attachment":[{"href":"https:\/\/www.ecotechnology.at\/en\/wp-json\/wp\/v2\/media?parent=15950"}],"wp:term":[{"taxonomy":"termin_category","embeddable":true,"href":"https:\/\/www.ecotechnology.at\/en\/wp-json\/wp\/v2\/termin_category?post=15950"},{"taxonomy":"cmcal_calendar","embeddable":true,"href":"https:\/\/www.ecotechnology.at\/en\/wp-json\/wp\/v2\/cmcal_calendar?post=15950"}],"curies":[{"name":"wp","href":"https:\/\/api.w.org\/{rel}","templated":true}]}}

Alpbacher Technologiegespräche 2022

<p>Die Technologie-Community trifft sich von Donnerstag, 25. August, bis Samstag, 27. August, um über aktuelle und brennende Zukunftsfragen zu debattieren.</p>
<p>Die Plenary und Content Partner Sessions bewegen sich entlang der vier thematischen „tracks“ des Europäischen Forums Alpbach:</p>
<p>&#8211; Securing Europe’s Future in a Globalised World</p>
<p>&#8211; The Climate Opportunity</p>
<p>&#8211; The Financing of Europe’s Future</p>
<p>&#8211; The Future of Democracy and the Rule of Law in Europe</p>
<p>Die Themenpalette reicht von „Info Wars“ über die Energiewende und Gesundheitstechnologien bis hin zur Sicherung globaler Wertschöpfungsketten. Ergänzt wird das Programm durch zahlreiche Networking und Community Events. Organisiert wird das Forum Alpbach TEC in bewährter Weise vom AIT Austrian Institute of Technology und ORF Radio Ö1.</p>
<p>Detailinformationen und Anmeldung auf <a href="http://www.alpbach.org">www.alpbach.org</a></p>

<!-- This site is optimized with the Yoast SEO plugin v26.9 - https://yoast.com/product/yoast-seo-wordpress/ -->
<title>Alpbacher Technologiegespräche 2022 - ecotechnology</title>
<meta name="robots" content="index, follow, max-snippet:-1, max-image-preview:large, max-video-preview:-1" />
<link rel="canonical" href="https://www.ecotechnology.at/en/termine/alpbacher-technologiegespraeche-2022/" />
<meta property="og:locale" content="en_US" />
<meta property="og:type" content="article" />
<meta property="og:title" content="Alpbacher Technologiegespräche 2022 - ecotechnology" />
<meta property="og:description" content="Die Technologie-Community trifft sich von Donnerstag, 25. August, bis Samstag, 27. August, um über aktuelle und brennende Zukunftsfragen zu debattieren. Die Plenary und Content Partner Sessions bewegen sich entlang der vier thematischen „tracks“ des Europäischen Forums Alpbach: &#8211; Securing Europe’s Future in a Globalised World &#8211; The Climate Opportunity &#8211; The Financing of Europe’s Future [&hellip;]" />
<meta property="og:url" content="https://www.ecotechnology.at/en/termine/alpbacher-technologiegespraeche-2022/" />
<meta property="og:site_name" content="ecotechnology" />
<meta property="article:modified_time" content="2023-08-09T18:40:36+00:00" />
<meta name="twitter:card" content="summary_large_image" />
<meta name="twitter:label1" content="Est. reading time" />
	<meta name="twitter:data1" content="1 minute" />
<script type="application/ld+json" class="yoast-schema-graph">{"@context":"https://schema.org","@graph":[{"@type":"WebPage","@id":"https://www.ecotechnology.at/en/termine/alpbacher-technologiegespraeche-2022/","url":"https://www.ecotechnology.at/en/termine/alpbacher-technologiegespraeche-2022/","name":"Alpbacher Technologiegespräche 2022 - ecotechnology","isPartOf":{"@id":"https://www.ecotechnology.at/en/#website"},"datePublished":"2023-07-23T12:04:11+00:00","dateModified":"2023-08-09T18:40:36+00:00","breadcrumb":{"@id":"https://www.ecotechnology.at/en/termine/alpbacher-technologiegespraeche-2022/#breadcrumb"},"inLanguage":"en-US","potentialAction":[{"@type":"ReadAction","target":["https://www.ecotechnology.at/en/termine/alpbacher-technologiegespraeche-2022/"]}]},{"@type":"BreadcrumbList","@id":"https://www.ecotechnology.at/en/termine/alpbacher-technologiegespraeche-2022/#breadcrumb","itemListElement":[{"@type":"ListItem","position":1,"name":"Home","item":"https://www.ecotechnology.at/en/"},{"@type":"ListItem","position":2,"name":"Termine","item":"https://www.ecotechnology.at/en/termine/"},{"@type":"ListItem","position":3,"name":"Alpbacher Technologiegespräche 2022"}]},{"@type":"WebSite","@id":"https://www.ecotechnology.at/en/#website","url":"https://www.ecotechnology.at/en/","name":"ecotechnology","description":"","publisher":{"@id":"https://www.ecotechnology.at/en/#organization"},"potentialAction":[{"@type":"SearchAction","target":{"@type":"EntryPoint","urlTemplate":"https://www.ecotechnology.at/en/?s={search_term_string}"},"query-input":{"@type":"PropertyValueSpecification","valueRequired":true,"valueName":"search_term_string"}}],"inLanguage":"en-US"},{"@type":"Organization","@id":"https://www.ecotechnology.at/en/#organization","name":"ecotechnology","url":"https://www.ecotechnology.at/en/","logo":{"@type":"ImageObject","inLanguage":"en-US","@id":"https://www.ecotechnology.at/en/#/schema/logo/image/","url":"https://www.ecotechnology.at/wp-content/uploads/2023/04/ecolinks_logo_0.png","contentUrl":"https://www.ecotechnology.at/wp-content/uploads/2023/04/ecolinks_logo_0.png","width":336,"height":128,"caption":"ecotechnology"},"image":{"@id":"https://www.ecotechnology.at/en/#/schema/logo/image/"}}]}</script>
<!-- / Yoast SEO plugin. -->

Alpbacher Technologiegespräche 2022 - ecotechnology

Die Technologie-Community trifft sich von Donnerstag, 25. August, bis Samstag, 27. August, um über aktuelle und brennende Zukunftsfragen zu debattieren. Die Plenary und Content Partner Sessions bewegen sich entlang der vier thematischen „tracks“ des Europäischen Forums Alpbach: &#8211; Securing Europe’s Future in a Globalised World &#8211; The Climate Opportunity &#8211; The Financing of Europe’s Future [&hellip;]
